This is the mail archive of the gcc-testresults@gcc.gnu.org mailing list for the GCC project.


Index Nav: [Date Index] [Subject Index] [Author Index] [Thread Index]
Message Nav: [Date Prev] [Date Next] [Thread Prev] [Thread Next]
Other format: [Raw text]

Results for 3.2.3 testsuite on i686-pc-linux-gnu


Red Hat Linux 9 (Shrike) ia32 dual pentium III i686:

binutils-2.13.90.0.18-9
bison-1.35-6
dejagnu-1.4.2-10
expect-5.38.0-88
gcc-3.2.2-5
glibc-2.3.2-27.9
glibc-kernheaders-2.4-8.10
kernel-smp-2.4.20-9
tcl-8.3.5-88

LAST_UPDATED: 
Native configuration is i686-pc-linux-gnu

		=== g77 tests ===


Running target unix

		=== g77 Summary ===

# of expected passes		1474
/usr/local/src/branch/objdir/gcc/testsuite/../g77 version 3.2.3

		=== gcc tests ===


Running target unix

		=== gcc Summary ===

# of expected passes		18767
# of expected failures		68
# of unsupported tests		49
/usr/local/src/branch/objdir/gcc/xgcc version 3.2.3

		=== g++ tests ===


Running target unix
XPASS: g++.other/init5.C  Execution test

		=== g++ Summary ===

# of expected passes		7378
# of unexpected successes	1
# of expected failures		88
# of untested testcases		9
# of unsupported tests		3
/usr/local/src/branch/objdir/gcc/testsuite/../g++ version 3.2.3

		=== objc tests ===


Running target unix

		=== objc Summary ===

# of expected passes		1035
# of expected failures		6
/usr/local/src/branch/objdir/gcc/xgcc version 3.2.3

		=== libjava tests ===


Running target unix

		=== libjava Summary ===

# of expected passes		2061
# of expected failures		18
# of untested testcases		14
		=== libstdc++-v3 tests ===


Running target unix
XPASS: 22_locale/collate_byname.cc execution test
XPASS: 22_locale/collate_members_char.cc execution test
XPASS: 22_locale/collate_members_wchar_t.cc execution test
XPASS: 22_locale/ctype_is_char.cc execution test
XPASS: 22_locale/ctype_is_wchar_t.cc execution test
XPASS: 22_locale/members.cc execution test
XPASS: 22_locale/messages_byname.cc execution test
XPASS: 22_locale/messages_members_char.cc execution test
XPASS: 22_locale/money_get_members_char.cc execution test
XPASS: 22_locale/money_get_members_wchar_t.cc execution test
XPASS: 22_locale/money_put_members_char.cc execution test
XPASS: 22_locale/money_put_members_wchar_t.cc execution test
XPASS: 22_locale/moneypunct_byname.cc execution test
XPASS: 22_locale/moneypunct_members_char.cc execution test
XPASS: 22_locale/moneypunct_members_wchar_t.cc execution test
XPASS: 22_locale/num_get_members_char.cc execution test
XPASS: 22_locale/num_get_members_wchar_t.cc execution test
XPASS: 22_locale/num_put_members_char.cc execution test
XPASS: 22_locale/num_put_members_wchar_t.cc execution test
XPASS: 22_locale/numpunct_byname.cc execution test
XPASS: 22_locale/numpunct_members_char.cc execution test
XPASS: 22_locale/numpunct_members_wchar_t.cc execution test
XPASS: 22_locale/time_get_members_char.cc execution test
XPASS: 22_locale/time_get_members_wchar_t.cc execution test
XPASS: 22_locale/time_put_members_char.cc execution test
XPASS: 22_locale/time_put_members_wchar_t.cc execution test
FAIL: 26_numerics/c99_classification_macros_c.cc (test for excess errors)
WARNING: program timed out.
FAIL: thread/pthread4.cc execution test

		=== libstdc++-v3 Summary ===

# of expected passes		431
# of unexpected failures	2
# of unexpected successes	26

Compiler version: 3.2.3 
Platform: i686-pc-linux-gnu
configure flags: --host=i686-linux --prefix=/usr/local/gccbinutils --enable-__cxa_atexit --enable-shared --enable-threads=posix --enable-languages=c,c++,f77,java,objc
Counting all warnings,
there are 387 warnings in stage0 of this bootstrap.

Number of warnings per file:
    192	libiberty/md5.c
    148	libiberty/regex.c
      6	fastjar/jartool.c
      4	libjava/java/lang/strtod.c
      4	libjava/java/lang/dtoa.c
      4	include/xregex2.h
      4	cc1
      3	include/gc.h
      3	gcc/unwind-pe.h
      2	monetary_members.cc
      2	include/i686-linux/bits/time_members.h
      2	include/i686-linux/bits/messages_members.h
      1	libsupc++/eh_terminate.cc
      1	libjava/verify.cc
      1	libjava/posix-threads.cc
      1	libjava/java/lang/natObject.cc
      1	libjava/java/lang/e_log.c
      1	libjava/java/lang/e_exp.c
      1	libjava/gnu/gcj/runtime/natSharedLibLoader.cc
      1	libjava/gnu/gcj/io/shs.cc
      1	libjava/boehm.cc
      1	libf2c/libI77/open.c
      1	gcc/boehm-gc/mark_rts.c
      1	cxa_demangle.c
      1	config.h

Number of warning types:
    128	traditional C rejects string concatenation
     64	function-like macro \`FI' must be used with arguments in traditional C
     64	function-like macro \`FH' must be used with arguments in traditional C
     64	function-like macro \`FG' must be used with arguments in traditional C
     16	signed and unsigned type in conditional expression
      9	\`???' might be used uninitialized in this function
      6	unused parameter \`???'
      5	unused
      4	this is the location of the previous definition
      4	pointer targets in passing arg ??? of \`???' differ in signedness
      4	ISO C89 does not support \`static' or type qualifiers in parameter array declarators
      3	\`GC_LINUX_THREADS' redefined
      2	string length \`???' is greater than the length \`???' ISO C89 compilers are required to support
      2	(it is valid for C++ but not the selected language)
      2	ignoring command line option '-fno-implicit-templates'
      2	control reaches end of 
      1	\`_XOPEN_SOURCE' redefined
      1	\`void 
      1	unused parameter \`
      1	\`noreturn'
      1	function returns address of local variable
      1	division: function singularity
      1	\`???' defined but not used
      1	\`???' 
Counting all warnings,
there are 55 warnings in stage3 of this bootstrap.

Number of warnings per file:
     23	gcc/combine.c
     10	gcc/regclass.c
      4	gcc/gcc.c
      2	gcc/fold-const.c
      2	gcc/emit-rtl.c
      2	gcc/crtstuff.c
      1	gcc/sched-deps.c
      1	gcc/reload.c
      1	gcc/profile.c
      1	gcc/objc/lang-specs.h
      1	gcc/java/jvspec.c
      1	gcc/function.c
      1	gcc/expr.c
      1	gcc/cp/lang-specs.h
      1	gcc/cp/init.c
      1	gcc/cp/class.c
      1	gcc/config/i386/i386.c
      1	gcc/calls.c

Number of warning types:
     36	comparison between signed and unsigned
      7	string length \`???' is greater than the length \`???' ISO C89 compilers are required to support
      4	signed and unsigned type in conditional expression
      3	unused variable \`???'
      2	\`???' defined but not used
      1	unused parameter \`???'
      1	pointer targets in passing arg ??? of \`???' differ in signedness
      1	function declaration isn't a prototype


Index Nav: [Date Index] [Subject Index] [Author Index] [Thread Index]
Message Nav: [Date Prev] [Date Next] [Thread Prev] [Thread Next]