This is the mail archive of the gcc-testresults@gcc.gnu.org mailing list for the GCC project.


Index Nav: [Date Index] [Subject Index] [Author Index] [Thread Index]
Message Nav: [Date Prev] [Date Next] [Thread Prev] [Thread Next]
Other format: [Raw text]

Results for 3.3 20030421 (prerelease) testsuite on mips-unknown-linux-gnu


LAST_UPDATED: 2003-04-23

Native configuration is mips-unknown-linux-gnu

		=== g++ tests ===


Running target unix
FAIL: g++.dg/compat/break/bitfield7 y_tst.o compile
UNRESOLVED: g++.dg/compat/break/bitfield7 x_tst.o-y_tst.o link 
UNRESOLVED: g++.dg/compat/break/bitfield7 x_tst.o-y_tst.o execute 
WARNING: program timed out.
FAIL: g++.dg/eh/cleanup1.C (test for excess errors)
ERROR: tcl error sourcing /home/agx/gcc/gcc-gcc_latest_snapshot-cvs/gcc/testsuite/g++.dg/dg.exp.
ERROR: unmatched open brace in list
XPASS: g++.law/profile1.C (test for excess errors)
XPASS: g++.law/profile1.C  Execution test
FAIL: g++.other/decl5.C caused compiler crash

		=== g++ Summary ===

# of expected passes		7485
# of unexpected failures	3
# of unexpected successes	2
# of expected failures		86
# of unresolved testcases	2
# of untested testcases		23
# of unsupported tests		16
/import/gcc/gcc-gcc_latest_snapshot-cvs-build/gcc/testsuite/../g++ version 3.3 20030421 (prerelease)

		=== g77 tests ===


Running target unix

		=== g77 Summary ===

# of expected passes		1686
# of unsupported tests		8
/import/gcc/gcc-gcc_latest_snapshot-cvs-build/gcc/testsuite/../g77 version 3.3 20030421 (prerelease)

		=== gcc tests ===


Running target unix
WARNING: program timed out.
FAIL: gcc.c-torture/compile/20001226-1.c,  -O1  
WARNING: program timed out.
FAIL: gcc.c-torture/compile/20001226-1.c,  -O2  
WARNING: program timed out.
FAIL: gcc.c-torture/compile/20001226-1.c,  -O3 -fomit-frame-pointer  
WARNING: program timed out.
FAIL: gcc.c-torture/compile/20001226-1.c,  -O3 -g  
WARNING: program timed out.
FAIL: gcc.c-torture/compile/20001226-1.c,  -Os  
FAIL: gcc.c-torture/execute/20020412-1.c execution,  -O0 
FAIL: gcc.c-torture/execute/20020412-1.c execution,  -O1 
FAIL: gcc.c-torture/execute/20020412-1.c execution,  -O2 
FAIL: gcc.c-torture/execute/20020412-1.c execution,  -O3 -fomit-frame-pointer 
FAIL: gcc.c-torture/execute/20020412-1.c execution,  -O3 -fomit-frame-pointer -funroll-loops 
FAIL: gcc.c-torture/execute/20020412-1.c execution,  -O3 -fomit-frame-pointer -funroll-all-loops -finline-functions 
FAIL: gcc.c-torture/execute/20020412-1.c execution,  -O3 -g 
FAIL: gcc.c-torture/execute/20020412-1.c execution,  -Os 
FAIL: gcc.dg/duff-2.c (test for excess errors)
FAIL: gcc.dg/format/c90-printf-1.c C90 bad use of %l (test for warnings, line 92)
FAIL: gcc.dg/format/c90-printf-1.c C90 bad use of %l (test for warnings, line 93)
FAIL: gcc.dg/format/c90-printf-1.c C90 bad use of %l (test for warnings, line 92)
FAIL: gcc.dg/format/c90-printf-1.c C90 bad use of %l (test for warnings, line 93)
FAIL: gcc.dg/format/c90-scanf-1.c bad use of %l (test for warnings, line 64)
FAIL: gcc.dg/format/c90-scanf-1.c bad use of %l (test for warnings, line 65)
FAIL: gcc.dg/format/c90-scanf-1.c bad use of %l (test for warnings, line 66)
FAIL: gcc.dg/format/c90-scanf-1.c bad use of %l (test for warnings, line 64)
FAIL: gcc.dg/format/c90-scanf-1.c bad use of %l (test for warnings, line 65)
FAIL: gcc.dg/format/c90-scanf-1.c bad use of %l (test for warnings, line 66)
FAIL: gcc.dg/format/c99-printf-1.c bogus %j warning (test for bogus messages, line 65)
FAIL: gcc.dg/format/c99-printf-1.c bogus %j warning (test for bogus messages, line 66)
FAIL: gcc.dg/format/c99-printf-1.c (test for excess errors)
FAIL: gcc.dg/format/c99-printf-1.c bogus %j warning (test for bogus messages, line 65)
FAIL: gcc.dg/format/c99-printf-1.c bogus %j warning (test for bogus messages, line 66)
FAIL: gcc.dg/format/c99-printf-1.c (test for excess errors)
FAIL: gcc.dg/format/c99-scanf-1.c bogus %j warning (test for bogus messages, line 85)
FAIL: gcc.dg/format/c99-scanf-1.c (test for excess errors)
FAIL: gcc.dg/format/c99-scanf-1.c bogus %j warning (test for bogus messages, line 85)
FAIL: gcc.dg/format/c99-scanf-1.c (test for excess errors)
FAIL: gcc.dg/format/c99-strftime-1.c (test for excess errors)
FAIL: gcc.dg/format/c99-strftime-1.c (test for excess errors)
FAIL: gcc.dg/special/gcsec-1.c (test for excess errors)
FAIL: mips-abi 64

		=== gcc Summary ===

# of expected passes		21168
# of unexpected failures	38
# of expected failures		93
# of unsupported tests		169
/import/gcc/gcc-gcc_latest_snapshot-cvs-build/gcc/xgcc version 3.3 20030421 (prerelease)

		=== libstdc++-v3 tests ===


Running target unix
WARNING: program timed out.
FAIL: 23_containers/deque_ctor.cc (test for excess errors)
WARNING: 23_containers/deque_ctor.cc compilation failed to produce executable
WARNING: program timed out.
FAIL: 26_numerics/complex_inserters_extractors.cc (test for excess errors)
WARNING: 26_numerics/complex_inserters_extractors.cc compilation failed to produce executable
WARNING: program timed out.
FAIL: thread/pthread2.cc execution test
WARNING: program timed out.
FAIL: thread/pthread3.cc execution test
WARNING: program timed out.
FAIL: thread/pthread4.cc execution test

		=== libstdc++-v3 Summary ===

# of expected passes		446
# of unexpected failures	5
# of expected failures		28

Compiler version: 3.3 20030421 (prerelease) 
Platform: mips-unknown-linux-gnu
configure flags: --host=mips-unknown-linux-gnu --prefix=/home/agx/gcc//gcc-gcc_latest_snapshot-inst --program-suffix=-cvs --enable-shared --enable-threads --enable-checking --enable-languages=c,c++,f77


Index Nav: [Date Index] [Subject Index] [Author Index] [Thread Index]
Message Nav: [Date Prev] [Date Next] [Thread Prev] [Thread Next]