This is the mail archive of the gcc-testresults@gcc.gnu.org mailing list for the GCC project.


Index Nav: [Date Index] [Subject Index] [Author Index] [Thread Index]
Message Nav: [Date Prev] [Date Next] [Thread Prev] [Thread Next]
Other format: [Raw text]

Results for 3.4 20030424 (experimental) testsuite on powerpc-unknown-linux-gnu


LAST_UPDATED: 
Native configuration is powerpc-unknown-linux-gnu

		=== g++ tests ===


Running target unix
FAIL: g++.dg/compat/break/bitfield7 y_tst.o compile
UNRESOLVED: g++.dg/compat/break/bitfield7 x_tst.o-y_tst.o link 
UNRESOLVED: g++.dg/compat/break/bitfield7 x_tst.o-y_tst.o execute 
XPASS: g++.dg/other/packed1.C execution test

		=== g++ Summary ===

# of expected passes		8440
# of unexpected failures	1
# of unexpected successes	1
# of expected failures		69
# of unresolved testcases	2
# of untested testcases		23
# of unsupported tests		20
/home/toon/compilers/snapshots/obj/gcc/testsuite/../g++ version 3.4 20030424 (experimental)

		=== g77 tests ===


Running target unix
FAIL: g77.f-torture/execute/980520-1.f compilation,  -O0 

		=== g77 Summary ===

# of expected passes		1690
# of unexpected failures	1
# of untested testcases		1
# of unsupported tests		8
/home/toon/compilers/snapshots/obj/gcc/testsuite/../g77 version 3.4 20030424 (experimental)

		=== gcc tests ===


Running target unix
FAIL: gcc.c-torture/execute/20030125-1.c execution,  -O1 
FAIL: gcc.c-torture/execute/20030125-1.c execution,  -O2 
FAIL: gcc.c-torture/execute/20030125-1.c execution,  -O3 -fomit-frame-pointer 
FAIL: gcc.c-torture/execute/20030125-1.c execution,  -O3 -g 
FAIL: gcc.c-torture/execute/20030125-1.c execution,  -Os 
FAIL: gcc.dg/debug/debug-1.c scan-assembler xyzzy
FAIL: gcc.dg/debug/debug-1.c scan-assembler xyzzy
FAIL: gcc.dg/debug/debug-1.c scan-assembler xyzzy
FAIL: gcc.dg/debug/debug-1.c scan-assembler xyzzy
FAIL: gcc.dg/debug/debug-2.c scan-assembler xyzzy
FAIL: gcc.dg/debug/debug-2.c scan-assembler xyzzy
FAIL: gcc.dg/debug/debug-2.c scan-assembler xyzzy
FAIL: gcc.dg/debug/debug-2.c scan-assembler xyzzy
FAIL: gcc.dg/20020103-1.c scan-assembler-not LC
FAIL: gcc.dg/20020118-1.c execution test
FAIL: gcc.dg/altivec-5.c (test for excess errors)
FAIL: gcc.dg/builtins-10.c (test for excess errors)
FAIL: gcc.dg/duff-2.c (test for excess errors)
FAIL: gcc.dg/ppc-sdata-1.c scan-assembler sdat at sdarel\\(13\\)
FAIL: gcc.dg/ppc-sdata-1.c scan-assembler sdat2 at sda21\\(2\\)
FAIL: gcc.dg/pch/system-1.c -O0 -g assembly comparison
FAIL: gcc.dg/pch/system-1.c  -O3 -g  assembly comparison

		=== gcc Summary ===

# of expected passes		22274
# of unexpected failures	22
# of expected failures		73
# of unsupported tests		184
/home/toon/compilers/snapshots/obj/gcc/xgcc version 3.4 20030424 (experimental)

		=== objc tests ===


Running target unix

		=== objc Summary ===

# of expected passes		1156
/home/toon/compilers/snapshots/obj/gcc/xgcc version 3.4 20030424 (experimental)

		=== libjava tests ===


Running target unix
FAIL: Array_3 -O execution - source compiled test
WARNING: program timed out.
FAIL: SyncTest execution - gij test
FAIL: SyncTest execution - bytecode->native test
WARNING: program timed out.
FAIL: SyncTest execution - gij test
FAIL: /home/toon/compilers/snapshots/obj/powerpc-unknown-linux-gnu/libjava/testsuite/TestEarlyGC.exe output - /home/toon/compilers/snapshots/obj/powerpc-unknown-linux-gnu/libjava/testsuite/TestEarlyGC.exe
FAIL: /home/toon/compilers/snapshots/obj/powerpc-unknown-linux-gnu/libjava/testsuite/TestLeak.exe execution - /home/toon/compilers/snapshots/obj/powerpc-unknown-linux-gnu/libjava/testsuite/TestLeak.exe

		=== libjava Summary ===

# of expected passes		2960
# of unexpected failures	6
# of expected failures		16
# of untested testcases		17
		=== libstdc++-v3 tests ===


Running target unix
XPASS: 26_numerics/c99_classification_macros_c.cc (test for excess errors)
WARNING: program timed out.
FAIL: thread/pthread4.cc execution test

		=== libstdc++-v3 Summary ===

# of expected passes		1761
# of unexpected failures	1
# of unexpected successes	1
# of expected failures		1

Compiler version: 3.4 20030424 (experimental) 
Platform: powerpc-unknown-linux-gnu
configure flags: --prefix=/usr/snp --disable-nls --disable-multilib


Index Nav: [Date Index] [Subject Index] [Author Index] [Thread Index]
Message Nav: [Date Prev] [Date Next] [Thread Prev] [Thread Next]