This is the mail archive of the
gcc-testresults@gcc.gnu.org
mailing list for the GCC project.
Results for 3.3 20030423 (prerelease) testsuite on i686-pc-cygwin
- From: David dot Billinghurst at riotinto dot com
- To: gcc-testresults at gcc dot gnu dot org
- Subject: Results for 3.3 20030423 (prerelease) testsuite on i686-pc-cygwin
CYGWIN_NT-5.0 crw50 1.3.22(0.78/3/2) 2003-03-18 09:20 i686 unknown unknown Cygwin
Windows 2000 Professional Ver 5.0 Build 2195 Service Pack 3
PROCESSOR_IDENTIFIER = \`x86 Family 15 Model 0 Stepping 10, GenuineIntel'
LAST_UPDATED: Wed Apr 23 00:45:44 GMT 2003
Native configuration is i686-pc-cygwin
=== g++ tests ===
Running target unix
FAIL: g++.dg/abi/bitfield3.C execution test
FAIL: g++.dg/eh/forced1.C (test for excess errors)
WARNING: g++.dg/eh/forced1.C compilation failed to produce executable
FAIL: g++.dg/eh/forced2.C (test for excess errors)
WARNING: g++.dg/eh/forced2.C compilation failed to produce executable
FAIL: g++.dg/ext/dllimport1.C (test for excess errors)
FAIL: g++.dg/ext/instantiate3.C scan-assembler-not
FAIL: g++.dg/opt/vt1.C scan-assembler-not section[^
ERROR: tcl error sourcing /usr/local/src/gcc-3.3/gcc/testsuite/g++.dg/dg.exp.
ERROR: unmatched open brace in list
FAIL: g++.dg/special/initp1.C execution test
FAIL: g++.benjamin/typedef01.C .* (test for errors, line 46)
FAIL: g++.eh/badalloc1.C Execution test
XPASS: g++.ext/attrib5.C Execution test
XPASS: g++.jason/template18.C Execution test
FAIL: g++.law/profile1.C (test for excess errors)
FAIL: g++.other/elab1.C T is a template type parameter (test for errors, line 8)
FAIL: g++.pt/instantiate4.C (test for excess errors)
FAIL: g++.pt/instantiate6.C (test for excess errors)
FAIL: g++.pt/repo1.C (test for excess errors)
FAIL: g++.pt/repo2.C (test for excess errors)
FAIL: g++.pt/repo4.C (test for excess errors)
=== g++ Summary ===
# of expected passes 7524
# of unexpected failures 16
# of unexpected successes 2
# of expected failures 91
# of untested testcases 15
# of unsupported tests 1
gcc version 3.3 20030423 (prerelease)
=== g77 tests ===
Running target unix
=== g77 Summary ===
# of expected passes 1702
gcc version 3.3 20030423 (prerelease)
=== gcc tests ===
Running target unix
FAIL: gcc.c-torture/execute/20010904-1.c execution, -O0
FAIL: gcc.c-torture/execute/20010904-1.c execution, -O1
FAIL: gcc.c-torture/execute/20010904-1.c execution, -O2
FAIL: gcc.c-torture/execute/20010904-1.c execution, -O3 -fomit-frame-pointer
FAIL: gcc.c-torture/execute/20010904-1.c execution, -O3 -g
FAIL: gcc.c-torture/execute/20010904-1.c execution, -Os
FAIL: gcc.c-torture/execute/20010904-2.c execution, -O0
FAIL: gcc.c-torture/execute/20010904-2.c execution, -O1
FAIL: gcc.c-torture/execute/20010904-2.c execution, -O2
FAIL: gcc.c-torture/execute/20010904-2.c execution, -O3 -fomit-frame-pointer
FAIL: gcc.c-torture/execute/20010904-2.c execution, -O3 -g
FAIL: gcc.c-torture/execute/20010904-2.c execution, -Os
FAIL: gcc.dg/20021014-1.c (test for excess errors)
WARNING: gcc.dg/20021014-1.c compilation failed to produce executable
FAIL: gcc.dg/duff-2.c (test for excess errors)
FAIL: gcc.dg/i386-bitfield1.c execution test
FAIL: gcc.dg/nest.c (test for excess errors)
WARNING: gcc.dg/nest.c compilation failed to produce executable
FAIL: gcc.dg/uninit-C.c (test for excess errors)
=== gcc Summary ===
# of expected passes 21330
# of unexpected failures 17
# of expected failures 68
# of unsupported tests 89
gcc version 3.3 20030423 (prerelease)
=== objc tests ===
Running target unix
=== objc Summary ===
# of expected passes 1153
gcc version 3.3 20030423 (prerelease)
=== libstdc++-v3 tests ===
Running target unix
FAIL: 26_numerics/c99_classification_macros_c.cc (test for excess errors)
FAIL: 27_io/filebuf_members.cc execution test
FAIL: 27_io/filebuf_virtuals.cc execution test
FAIL: 27_io/istream_extractor_arith/12.cc execution test
=== libstdc++-v3 Summary ===
# of expected passes 426
# of unexpected failures 4
# of expected failures 17
Compiler version: 3.3 20030423 (prerelease)
Platform: i686-pc-cygwin
configure flags: --host=i686-pc-cygwin --prefix=/usr/local/gcc-3_3 --enable-threads=posix --disable-libgcj --enable-sjlj-exceptions --with-system-zlib --enable-nls --enable-version-specific-runtime-libs --without-included-gettext --disable-shared