This is the mail archive of the
gcc-testresults@gcc.gnu.org
mailing list for the GCC project.
Results for 3.2.3 20030416 (prerelease) testsuite on i686-pc-cygwin
- From: Tim Prince <timothyprince at sbcglobal dot net>
- To: gcc-testresults at gcc dot gnu dot org
- Date: Tue, 22 Apr 2003 05:49:16 -0700
- Subject: Results for 3.2.3 20030416 (prerelease) testsuite on i686-pc-cygwin
- Reply-to: tprince at computer dot org
configuration of libf2c is no good; tests use previous installed libg2c
Native configuration is i686-pc-cygwin
=== g++ tests ===
Running target unix
FAIL: g++.dg/abi/rtti1.C scan-assembler-dem-not \\ntypeinfo for A[: \\t\\n]
FAIL: g++.dg/ext/instantiate3.C scan-assembler-not
FAIL: g++.dg/special/initp1.C execution test
FAIL: g++.eh/badalloc1.C Execution test
XPASS: g++.ext/attrib5.C Execution test
XPASS: g++.jason/template18.C (test for excess errors)
XPASS: g++.jason/template18.C Execution test
=== g++ Summary ===
# of expected passes 7364
# of unexpected failures 4
# of unexpected successes 3
# of expected failures 88
# of untested testcases 15
# of unsupported tests 3
/cygdrive/c/gnu/gcc-3.2.3-20030416/w2k/gcc/testsuite/../g++ version 3.2.3
20030416 (prerelease)
=== g77 tests ===
Running target unix
=== g77 Summary ===
# of expected passes 1474
/cygdrive/c/gnu/gcc-3.2.3-20030416/w2k/gcc/testsuite/../g77 version 3.2.3
20030416 (prerelease)
=== gcc tests ===
Running target unix
XPASS: gcc.c-torture/execute/loop-2e.c execution, -Os
FAIL: gcc.dg/20021014-1.c (test for excess errors)
WARNING: gcc.dg/20021014-1.c compilation failed to produce executable
FAIL: gcc.dg/typeof-2.c (test for excess errors)
FAIL: gcc.dg/weak-9.c (test for excess errors)
=== gcc Summary ===
# of expected passes 18958
# of unexpected failures 3
# of unexpected successes 1
# of expected failures 74
# of unsupported tests 55
/cygdrive/c/gnu/gcc-3.2.3-20030416/w2k/gcc/xgcc version 3.2.3 20030416
(prerelease)
=== libstdc++-v3 tests ===
Running target unix
XPASS: 22_locale/collate_members_wchar_t.cc execution test
XPASS: 22_locale/ctype_is_wchar_t.cc execution test
XPASS: 22_locale/money_get_members_wchar_t.cc execution test
XPASS: 22_locale/money_put_members_wchar_t.cc execution test
XPASS: 22_locale/moneypunct_members_wchar_t.cc execution test
XPASS: 22_locale/num_get_members_wchar_t.cc execution test
XPASS: 22_locale/num_put_members_wchar_t.cc execution test
XPASS: 22_locale/numpunct_members_wchar_t.cc execution test
XPASS: 22_locale/time_get_members_wchar_t.cc execution test
XPASS: 22_locale/time_put_members_wchar_t.cc execution test
FAIL: 26_numerics/c99_classification_macros_c.cc (test for excess errors)
FAIL: 27_io/filebuf_members.cc execution test
FAIL: 27_io/istream_extractor_arith/12.cc execution test
WARNING: program timed out.
FAIL: thread/pthread4.cc execution test
=== libstdc++-v3 Summary ===
# of expected passes 429
# of unexpected failures 4
# of unexpected successes 10
# of expected failures 16
Compiler version: 3.2.3 20030416 (prerelease)
Platform: i686-pc-cygwin
configure flags: --host=i686-pc-cygwin --enable-threads=posix
--disable-shared --enable-sjlj-exceptions
BOOT_CFLAGS=-O2 -march=pentium3 -mfpmath=sse -pipe
--
Tim Prince