This is the mail archive of the
gcc-testresults@gcc.gnu.org
mailing list for the GCC project.
Results for 3.2.3 20030416 (prerelease) testsuite on alpha-unknown-linux-gnu
- From: Richard Henderson <rth at dorothy dot sfbay dot redhat dot com>
- To: gcc-testresults at gcc dot gnu dot org
- Date: Fri, 18 Apr 2003 15:46:30 -0700
- Subject: Results for 3.2.3 20030416 (prerelease) testsuite on alpha-unknown-linux-gnu
LAST_UPDATED:
Native configuration is alpha-unknown-linux-gnu
=== libjava tests ===
Running target unix
FAIL: StringBuffer_1 execution from source compiled test
FAIL: StringBuffer_1 execution from bytecode->native test
FAIL: StringBuffer_1 -O execution from source compiled test
FAIL: StringBuffer_1 -O execution from bytecode->native test
=== libjava Summary ===
# of expected passes 2053
# of unexpected failures 4
# of expected failures 18
# of untested testcases 18
=== libstdc++-v3 tests ===
Running target unix
XPASS: 22_locale/ctype_is_char.cc execution test
XPASS: 22_locale/ctype_is_wchar_t.cc execution test
XPASS: 22_locale/members.cc execution test
XPASS: 22_locale/messages_byname.cc execution test
XPASS: 22_locale/messages_members_char.cc execution test
XPASS: 22_locale/money_get_members_char.cc execution test
XPASS: 22_locale/money_get_members_wchar_t.cc execution test
XPASS: 22_locale/money_put_members_char.cc execution test
XPASS: 22_locale/money_put_members_wchar_t.cc execution test
XPASS: 22_locale/moneypunct_byname.cc execution test
XPASS: 22_locale/moneypunct_members_char.cc execution test
XPASS: 22_locale/moneypunct_members_wchar_t.cc execution test
XPASS: 22_locale/num_get_members_char.cc execution test
XPASS: 22_locale/num_get_members_wchar_t.cc execution test
XPASS: 22_locale/num_put_members_char.cc execution test
XPASS: 22_locale/num_put_members_wchar_t.cc execution test
XPASS: 22_locale/numpunct_byname.cc execution test
XPASS: 22_locale/numpunct_members_char.cc execution test
XPASS: 22_locale/numpunct_members_wchar_t.cc execution test
XPASS: 22_locale/time_get_members_char.cc execution test
XPASS: 22_locale/time_get_members_wchar_t.cc execution test
XPASS: 22_locale/time_put_members_char.cc execution test
XPASS: 22_locale/time_put_members_wchar_t.cc execution test
FAIL: 26_numerics/c99_classification_macros_c.cc (test for excess errors)
=== libstdc++-v3 Summary ===
# of expected passes 432
# of unexpected failures 1
# of unexpected successes 23
# of expected failures 3
=== g++ tests ===
Running target unix
=== g++ Summary ===
# of expected passes 7351
# of expected failures 89
# of untested testcases 22
# of unsupported tests 6
/dorothy/rth/gcc/build/323/gcc/testsuite/../g++ version 3.2.3 20030416 (prerelease)
=== g77 tests ===
Running target unix
=== g77 Summary ===
# of expected passes 1458
# of unsupported tests 8
/dorothy/rth/gcc/build/323/gcc/testsuite/../g77 version 3.2.3 20030416 (prerelease)
=== gcc tests ===
Running target unix
XPASS: gcc.dg/c99-intconst-1.c (test for excess errors)
=== gcc Summary ===
# of expected passes 18846
# of unexpected successes 1
# of expected failures 75
# of unsupported tests 124
/dorothy/rth/gcc/build/323/gcc/xgcc version 3.2.3 20030416 (prerelease)
=== objc tests ===
Running target unix
=== objc Summary ===
# of expected passes 1035
# of expected failures 6
/dorothy/rth/gcc/build/323/gcc/xgcc version 3.2.3 20030416 (prerelease)
Compiler version: 3.2.3 20030416 (prerelease)
Platform: alpha-unknown-linux-gnu
configure flags: --host=alpha-unknown-linux-gnu --prefix=/dorothy/H-alpha-linux-gnu --enable-threads