This is the mail archive of the
gcc-testresults@gcc.gnu.org
mailing list for the GCC project.
Results for 3.4 20030323 (experimental) testsuite on ia64-unknown-linux-gnu
- From: Richard Henderson <rth at sherman dot devel dot redhat dot com>
- To: gcc-testresults at gcc dot gnu dot org
- Date: Sun, 23 Mar 2003 15:03:11 -0500
- Subject: Results for 3.4 20030323 (experimental) testsuite on ia64-unknown-linux-gnu
LAST_UPDATED: Sat Mar 22 18:32:42 UTC 2003
Native configuration is ia64-unknown-linux-gnu
=== g++ tests ===
Running target unix
FAIL: pch/system-1.C -g assembly comparison
FAIL: pch/system-1.C -O2 -g assembly comparison
FAIL: g++.pt/repo3.C (test for excess errors)
=== g++ Summary ===
# of expected passes 8155
# of unexpected failures 3
# of expected failures 69
# of untested testcases 23
# of unsupported tests 18
/scratch/rth/build/ia64/gcc/testsuite/../g++ version 3.4 20030323 (experimental)
=== g77 tests ===
Running target unix
FAIL: g77.f-torture/execute/980520-1.f compilation, -O0
=== g77 Summary ===
# of expected passes 1660
# of unexpected failures 1
# of untested testcases 1
# of unsupported tests 8
/scratch/rth/build/ia64/gcc/testsuite/../g77 version 3.4 20030323 (experimental)
=== gcc tests ===
Running target unix
XPASS: gcc.c-torture/compile/920625-1.c, -O2
XPASS: gcc.c-torture/compile/920625-1.c, -O3 -fomit-frame-pointer
XPASS: gcc.c-torture/compile/920625-1.c, -O3 -fomit-frame-pointer -funroll-loops
XPASS: gcc.c-torture/compile/920625-1.c, -O3 -fomit-frame-pointer -funroll-all-loops -finline-functions
XPASS: gcc.c-torture/compile/920625-1.c, -O3 -g
FAIL: gcc.c-torture/compile/930117-1.c, -O1
XPASS: gcc.c-torture/compile/981223-1.c, -O2
XPASS: gcc.c-torture/compile/981223-1.c, -O3 -fomit-frame-pointer
XPASS: gcc.c-torture/compile/981223-1.c, -O3 -g
XPASS: gcc.c-torture/compile/981223-1.c, -Os
XPASS: gcc.c-torture/execute/990208-1.c execution, -O3 -fomit-frame-pointer
XPASS: gcc.c-torture/execute/990208-1.c execution, -O3 -g
FAIL: gcc.dg/Wreturn-type.c (test for excess errors)
FAIL: gcc.dg/duff-2.c (test for excess errors)
FAIL: gcc.dg/warn-1.c (test for warnings, line 8)
FAIL: gcc.dg/warn-1.c (test for warnings, line 15)
FAIL: gcc.dg/pch/inline-1.c (test for excess errors)
=== gcc Summary ===
# of expected passes 21083
# of unexpected failures 6
# of unexpected successes 11
# of expected failures 78
# of untested testcases 1
# of unsupported tests 185
/scratch/rth/build/ia64/gcc/xgcc version 3.4 20030323 (experimental)
=== objc tests ===
Running target unix
=== objc Summary ===
# of expected passes 1153
/scratch/rth/build/ia64/gcc/xgcc version 3.4 20030323 (experimental)
=== libjava tests ===
Running target unix
=== libjava Summary ===
# of expected passes 2971
# of expected failures 16
# of untested testcases 12
=== libstdc++-v3 tests ===
Running target unix
FAIL: 21_strings/basic_string/cons/wchar_t/2.cc (test for excess errors)
WARNING: 21_strings/basic_string/cons/wchar_t/2.cc compilation failed to produce executable
FAIL: 25_algorithms/min_max.cc (test for excess errors)
=== libstdc++-v3 Summary ===
# of expected passes 1328
# of unexpected failures 2
# of expected failures 2
Compiler version: 3.4 20030323 (experimental)
Platform: ia64-unknown-linux-gnu
configure flags: --prefix=/home/rth/work/run --enable-threads --enable-languages=c,c++,objc,java,f77