This is the mail archive of the gcc-testresults@gcc.gnu.org mailing list for the GCC project.


Index Nav: [Date Index] [Subject Index] [Author Index] [Thread Index]
Message Nav: [Date Prev] [Date Next] [Thread Prev] [Thread Next]
Other format: [Raw text]

Results for 3.4 20030415 (experimental) testsuite on powerpc-unknown-linux-gnu


Debian GNU/Linux 3.0
Linux 2.4.18-powerpc
binutils Version: 2.12.90.0.15-1
glibc Version: 2.2.5-15

Test results for libjava include the results of the Mauve testsuite
(see http://sources.redhat.com/mauve/)

LAST_UPDATED: Tue Apr 15 19:36:15 UTC 2003

Native configuration is powerpc-unknown-linux-gnu

		=== g++ tests ===


Running target unix
FAIL: g++.dg/compat/break/bitfield7 y_tst.o compile
UNRESOLVED: g++.dg/compat/break/bitfield7 x_tst.o-y_tst.o link 
UNRESOLVED: g++.dg/compat/break/bitfield7 x_tst.o-y_tst.o execute 
FAIL: g++.dg/pch/system-1.C -g assembly comparison
FAIL: g++.dg/pch/system-1.C -O2 -g assembly comparison
FAIL: g++.dg/pch/system-2.C -g assembly comparison
FAIL: g++.dg/pch/system-2.C -O2 -g assembly comparison
FAIL: g++.robertl/eb42.C (test for excess errors)

		=== g++ Summary ===

# of expected passes		8426
# of unexpected failures	6
# of expected failures		69
# of unresolved testcases	2
# of untested testcases		23
# of unsupported tests		20
/home/mark/src/gcc34/obj/gcc/testsuite/../g++ version 3.4 20030415 (experimental)

		=== gcc tests ===


Running target unix
WARNING: program timed out.
FAIL: gcc.c-torture/compile/20001226-1.c,  -O3 -fomit-frame-pointer  
WARNING: program timed out.
FAIL: gcc.c-torture/compile/20001226-1.c,  -O3 -g  
WARNING: program timed out.
FAIL: gcc.c-torture/compile/20001226-1.c,  -Os  
FAIL: gcc.c-torture/compile/990107-1.c,  -O1  
FAIL: gcc.c-torture/compile/990203-1.c,  -O1  
FAIL: gcc.c-torture/execute/20030125-1.c execution,  -O1 
FAIL: gcc.c-torture/execute/20030125-1.c execution,  -O2 
FAIL: gcc.c-torture/execute/20030125-1.c execution,  -O3 -fomit-frame-pointer 
FAIL: gcc.c-torture/execute/20030125-1.c execution,  -O3 -g 
FAIL: gcc.c-torture/execute/20030125-1.c execution,  -Os 
UNRESOLVED: gcc.c-torture/execute/builtin-noret-2.c execution,  -O1 
UNRESOLVED: gcc.c-torture/execute/builtin-noret-2.c execution,  -O2 
UNRESOLVED: gcc.c-torture/execute/builtin-noret-2.c execution,  -O3 -fomit-frame-pointer 
UNRESOLVED: gcc.c-torture/execute/builtin-noret-2.c execution,  -O3 -g 
UNRESOLVED: gcc.c-torture/execute/builtin-noret-2.c execution,  -Os 
FAIL: gcc.c-torture/execute/simd-2.c compilation,  -O3 -fomit-frame-pointer 
UNRESOLVED: gcc.c-torture/execute/simd-2.c execution,  -O3 -fomit-frame-pointer 
FAIL: gcc.c-torture/execute/simd-2.c compilation,  -O3 -g 
UNRESOLVED: gcc.c-torture/execute/simd-2.c execution,  -O3 -g 
FAIL: gcc.dg/20020103-1.c scan-assembler-not LC
FAIL: gcc.dg/20020118-1.c execution test
FAIL: gcc.dg/altivec-5.c (test for excess errors)
FAIL: gcc.dg/builtins-10.c (test for excess errors)
FAIL: gcc.dg/duff-2.c (test for excess errors)
FAIL: gcc.dg/ppc-sdata-1.c scan-assembler sdat at sdarel\\(13\\)
FAIL: gcc.dg/ppc-sdata-1.c scan-assembler sdat2 at sda21\\(2\\)
FAIL: gcc.dg/warn-1.c  (test for warnings, line 8)
FAIL: gcc.dg/warn-1.c  (test for warnings, line 15)
FAIL: gcc.dg/pch/inline-1.c (test for excess errors)
FAIL: gcc.dg/pch/static-1.c -O0 -g assembly comparison
FAIL: gcc.dg/pch/static-2.c -O0 -g assembly comparison
FAIL: gcc.dg/pch/static-3.c -O0 -g assembly comparison
FAIL: gcc.dg/pch/system-1.c -O0 -g assembly comparison
FAIL: gcc.dg/pch/system-1.c  -O3 -g  assembly comparison

		=== gcc Summary ===

# of expected passes		21745
# of unexpected failures	27
# of expected failures		78
# of unresolved testcases	7
# of untested testcases		1
# of unsupported tests		183
/home/mark/src/gcc34/obj/gcc/xgcc version 3.4 20030415 (experimental)

		=== libjava tests ===


Running target unix
FAIL: 5.1.3-dtl-1
FAIL: 5.1.3-dtl-2
FAIL: 5.1.3-ftl-1
FAIL: 5.1.3-ftl-2
XPASS: 3.10.2-round-6
XPASS: 14.19.2-runtime-try-1
FAIL: Array_3 -O execution - source compiled test
WARNING: program timed out.
FAIL: SyncTest execution - gij test
WARNING: program timed out.
FAIL: SyncTest execution - gij test
FAIL: Thread_Interrupt output - bytecode->native test
FAIL: /home/mark/src/gcc34/obj/powerpc-unknown-linux-gnu/libjava/testsuite/TestEarlyGC.exe output - /home/mark/src/gcc34/obj/powerpc-unknown-linux-gnu/libjava/testsuite/TestEarlyGC.exe
FAIL: /home/mark/src/gcc34/obj/powerpc-unknown-linux-gnu/libjava/testsuite/TestLeak.exe execution - /home/mark/src/gcc34/obj/powerpc-unknown-linux-gnu/libjava/testsuite/TestLeak.exe
FAIL: gnu.testlet.java.beans.DescriptorTest (number 5)
FAIL: gnu.testlet.java.beans.PropertyDescriptorTest: new PropertyDescriptor(prop1, getProp1, setProp1) (should succeed) (number 1)
FAIL: gnu.testlet.java.beans.PropertyDescriptorTest: new PropertyDescriptor(prop2, getProp2, setProp2) (should succeed) (number 1)
FAIL: gnu.testlet.java.beans.PropertyDescriptorTest: new PropertyDescriptor(prop3, isProp3, setProp3) (should succeed) (number 1)
FAIL: gnu.testlet.java.beans.PropertyDescriptorTest: new PropertyDescriptor(prop4, isProp4, setProp4) (should succeed) (number 1)
FAIL: gnu.testlet.java.io.ObjectInputOutput.InputTest: gnu.testlet.java.io.ObjectInputOutput.Test\$NoCallDefault (number 1)
FAIL: gnu.testlet.java.io.ObjectInputOutput.InputTest: gnu.testlet.java.io.ObjectInputOutput.Test\$GetPutField (number 1)
FAIL: gnu.testlet.java.io.ObjectInputOutput.OutputTest: Serializable: gnu.testlet.java.io.ObjectInputOutput.Test\$CallDefault (x = 0, y = 0.0, s = null) (number 2)
FAIL: gnu.testlet.java.io.ObjectInputOutput.OutputTest: Serializable: gnu.testlet.java.io.ObjectInputOutput.Test\$Extern () (number 2)
FAIL: gnu.testlet.java.io.ObjectInputOutput.OutputTest: Serializable: gnu.testlet.java.io.ObjectInputOutput.Test\$NoCallDefault (x = 0, s = null, b = false) (number 2)
FAIL: gnu.testlet.java.io.ObjectInputOutput.OutputTest: Serializable: gnu.testlet.java.io.ObjectInputOutput.Test\$HairyGraph (A = A, B = B, C = C, D = D) (number 2)
FAIL: gnu.testlet.java.io.ObjectInputOutput.OutputTest: Serializable: test(str=null, x=0) (number 2)
FAIL: gnu.testlet.java.io.ObjectInputOutput.OutputTest: Unserializable: gnu.testlet.java.io.ObjectInputOutput.Test\$BadField (x = 0, y = 0, o = null) (number 1)
FAIL: gnu.testlet.java.io.ObjectInputOutput.SerTest (number 1)
FAIL: gnu.testlet.java.io.ObjectInputOutput.SerTest (number 2)
FAIL: gnu.testlet.java.io.ObjectStreamClass.ProxyTest: uncaught exception at  number 1: java.lang.InternalError: Unexpected: java.lang.NoSuchMethodException: defineClass
FAIL: gnu.testlet.java.io.ObjectStreamClass.Test: getSerialVersionUID (number 4)
FAIL: gnu.testlet.java.lang.Class.reflect: getMethod (number 5)
FAIL: gnu.testlet.java.lang.Class.reflect: getMethod with superinterface (number 1)
FAIL: gnu.testlet.java.lang.Double.DoubleTest: uncaught exception at "Error: test_remainder failed 10" number 2: java.lang.NullPointerException
FAIL: gnu.testlet.java.lang.Float.FloatTest: Error: test_shortbyteValue failed - 5 (number 1)
FAIL: gnu.testlet.java.lang.String.hash (number 2)
FAIL: gnu.testlet.java.lang.String.surrogate (number 1)
FAIL: gnu.testlet.java.lang.reflect.Method.equals: uncaught exception at  number 1: java.lang.RuntimeException: Warning - no such method: class gnu.testlet.java.lang.reflect.Method.equals, q
FAIL: gnu.testlet.java.lang.reflect.Method.invoke: returns_void (number 1)
FAIL: gnu.testlet.java.lang.reflect.Method.invoke: returns_void (number 2)
FAIL: gnu.testlet.java.lang.reflect.Method.toString: uncaught exception at "method with multiple array dims in argument" number 1: java.lang.NullPointerException
FAIL: gnu.testlet.java.net.DatagramSocket.DatagramSocketTest2: Expected IOException (number 1)
FAIL: gnu.testlet.java.net.DatagramSocket.DatagramSocketTest2: uncaught exception at "invalid_send_data" number 4: java.lang.IllegalArgumentException: Invalid length: -1
FAIL: gnu.testlet.java.net.Socket.SocketTest: Error : test_params failed - 1 get port did not return proper values (number 1)
FAIL: gnu.testlet.java.net.Socket.jdk13: unexpected error: Success (number 1)
FAIL: gnu.testlet.java.net.URLClassLoader.getResourceRemote: URL file path ends with /mauve/testarea/remotejar.jar!/remote-jresource (number 1)
FAIL: gnu.testlet.java.security.MessageDigest.Instance: MAUVEALIAS caught java.security.NoSuchAlgorithmException: MAUVEALIAS (number 1)
FAIL: gnu.testlet.java.security.SecureRandom.Instance: uncaught exception at  number 1: java.lang.InternalError: no SHA implementation found
FAIL: gnu.testlet.java.security.SecureRandom.SHA1PRNG: found implementation (number 1)
FAIL: gnu.testlet.java.security.SecureRandom.SHA1PRNG: no implementation found (number 1)
FAIL: gnu.testlet.java.security.Security.property: uncaught exception at  number 1: java.lang.NullPointerException
FAIL: gnu.testlet.java.security.Signature.Instance: MAUVEALIAS Mauve-Test-Provider-Signature instance caught java.security.NoSuchAlgorithmException: MAUVEALIAS (number 1)
FAIL: gnu.testlet.java.text.SimpleDateFormat.Test: uncaught exception at "clone()" number 2: java.lang.StringIndexOutOfBoundsException: String index out of range: 3
FAIL: gnu.testlet.java.text.SimpleDateFormat.regress: uncaught exception at "parsing regression" number 2: java.lang.StringIndexOutOfBoundsException: String index out of range: 3
FAIL: gnu.testlet.java.util.ArrayList.serial (number 1)
FAIL: gnu.testlet.java.util.HashMap.AcuniaHashMapTest: test key and value pairs -- 2 (number 1)
FAIL: gnu.testlet.java.util.HashMap.AcuniaHashMapTest: test key and value pairs -- 3 (number 1)
FAIL: gnu.testlet.java.util.HashMap.AcuniaHashMapTest: checking get -- 3 (number 1)
FAIL: gnu.testlet.java.util.HashMap.AcuniaHashMapTest: checking get -- 4 (number 1)
FAIL: gnu.testlet.java.util.Properties.AcuniaPropertiesTest: uncaught exception at "nothing in there" number 2: java.lang.NullPointerException
FAIL: gnu.testlet.java.util.Properties.load (number 3)

		=== libjava Summary ===

# of expected passes		15012
# of unexpected failures	57
# of unexpected successes	2
# of expected failures		907
# of untested testcases		16
		=== libstdc++-v3 tests ===


Running target unix
FAIL: 22_locale/codecvt/encoding/wchar_t/wrapped_locale.cc execution test
FAIL: 22_locale/codecvt/max_length/wchar_t/wrapped_locale.cc execution test
FAIL: 22_locale/ctype/widen/wchar_t/2.cc execution test
WARNING: program timed out.
FAIL: thread/pthread4.cc execution test

		=== libstdc++-v3 Summary ===

# of expected passes		1742
# of unexpected failures	4
# of expected failures		2

Compiler version: 3.4 20030415 (experimental) 
Platform: powerpc-unknown-linux-gnu
configure flags: --enable-clocale=gnu --enable-shared --enable-threads=posix --enable-languages=c++,java --disable-multilib --prefix /usr/local/gcc34

time make bootstrap
real 24695.18
user 20797.47
sys 3088.00

time check
Command exited with non-zero status 2
real 30885.75
user 19518.54
sys 5113.07


Index Nav: [Date Index] [Subject Index] [Author Index] [Thread Index]
Message Nav: [Date Prev] [Date Next] [Thread Prev] [Thread Next]