This is the mail archive of the gcc-testresults@gcc.gnu.org mailing list for the GCC project.


Index Nav: [Date Index] [Subject Index] [Author Index] [Thread Index]
Message Nav: [Date Prev] [Date Next] [Thread Prev] [Thread Next]
Other format: [Raw text]

Results for 3.4 20030415 (experimental) testsuite on powerpc-apple-darwin6.3


LAST_UPDATED: Tue Apr 15 15:55:32 UTC 2003

Native configuration is powerpc-apple-darwin6.3

		=== g++ tests ===


Running target unix
FAIL: g++.dg/compat/break/bitfield7 y_tst.o compile
UNRESOLVED: g++.dg/compat/break/bitfield7 x_tst.o-y_tst.o link 
UNRESOLVED: g++.dg/compat/break/bitfield7 x_tst.o-y_tst.o execute 
FAIL: g++.dg/eh/simd-2.C (test for excess errors)
WARNING: g++.dg/eh/simd-2.C compilation failed to produce executable
FAIL: g++.dg/parse/attr-ctor1.C (test for excess errors)
FAIL: g++.dg/template/inline1.C scan-assembler-not _ZN1X3FooIiEEvT_:
FAIL: g++.dg/warn/weak1.C (test for excess errors)
FAIL: g++.dg/special/conpr-3.C execution test
FAIL: g++.ext/attrib5.C (test for excess errors)
FAIL: g++.law/ctors2.C  Execution test
FAIL: g++.other/comdat3.C (test for excess errors)
FAIL: g++.other/mangle3.C (test for excess errors)
FAIL: g++.pt/static3.C (test for excess errors)
FAIL: g++.pt/static6.C (test for excess errors)

		=== g++ Summary ===

# of expected passes		8285
# of unexpected failures	12
# of expected failures		74
# of unresolved testcases	2
# of untested testcases		23
# of unsupported tests		20
/Volumes/xufs/gcc-cvs/objdir/gcc/testsuite/../g++ version 3.4 20030415 (experimental)

		=== gcc tests ===


Running target unix
FAIL: gcc.c-torture/execute/20000412-3.c execution,  -O3 -fomit-frame-pointer 
FAIL: gcc.c-torture/execute/20000412-3.c execution,  -O3 -g 
UNRESOLVED: gcc.c-torture/execute/builtin-noret-2.c execution,  -O1 
UNRESOLVED: gcc.c-torture/execute/builtin-noret-2.c execution,  -O2 
UNRESOLVED: gcc.c-torture/execute/builtin-noret-2.c execution,  -O3 -fomit-frame-pointer 
UNRESOLVED: gcc.c-torture/execute/builtin-noret-2.c execution,  -O3 -g 
UNRESOLVED: gcc.c-torture/execute/builtin-noret-2.c execution,  -Os 
FAIL: gcc.c-torture/execute/pure-1.c compilation,  -O1 
UNRESOLVED: gcc.c-torture/execute/pure-1.c execution,  -O1 
FAIL: gcc.c-torture/execute/pure-1.c compilation,  -O2 
UNRESOLVED: gcc.c-torture/execute/pure-1.c execution,  -O2 
FAIL: gcc.c-torture/execute/pure-1.c compilation,  -Os 
UNRESOLVED: gcc.c-torture/execute/pure-1.c execution,  -Os 
FAIL: gcc.c-torture/execute/simd-2.c compilation,  -O3 -fomit-frame-pointer 
UNRESOLVED: gcc.c-torture/execute/simd-2.c execution,  -O3 -fomit-frame-pointer 
FAIL: gcc.c-torture/execute/simd-2.c compilation,  -O3 -g 
UNRESOLVED: gcc.c-torture/execute/simd-2.c execution,  -O3 -g 
FAIL: gcc.dg/builtins-10.c (test for excess errors)
FAIL: gcc.dg/duff-2.c (test for excess errors)
FAIL: gcc.dg/struct-by-value-1.c (test for excess errors)
WARNING: gcc.dg/struct-by-value-1.c compilation failed to produce executable
FAIL: gcc.dg/uninit-C.c (test for excess errors)
FAIL: gcc.dg/warn-1.c  (test for warnings, line 8)
FAIL: gcc.dg/warn-1.c  (test for warnings, line 15)
FAIL: gcc.dg/wchar_t-1.c (test for excess errors)
FAIL: gcc.dg/wint_t-1.c (test for excess errors)
UNRESOLVED: weak-1.c
UNRESOLVED: weak-2.c
UNRESOLVED: wkali-1.c
UNRESOLVED: wkali-2.c
UNRESOLVED: gcc.dg/weak

		=== gcc Summary ===

# of expected passes		21945
# of unexpected failures	15
# of expected failures		78
# of unresolved testcases	15
# of unsupported tests		191
/Volumes/xufs/gcc-cvs/objdir/gcc/xgcc version 3.4 20030415 (experimental)

		=== libstdc++-v3 tests ===


Running target unix
FAIL: 26_numerics/c99_classification_macros_c.cc (test for excess errors)
FAIL: 27_io/basic_filebuf/open/char/9507.cc execution test
FAIL: ext/concept_checks.cc (test for excess errors)
WARNING: ext/concept_checks.cc compilation failed to produce executable

		=== libstdc++-v3 Summary ===

# of expected passes		1319
# of unexpected failures	3
# of expected failures		1

Compiler version: 3.4 20030415 (experimental) 
Platform: powerpc-apple-darwin6.3
configure flags: --prefix=/Volumes/xufs/gcc-branch/testbin --enable-languages=c,c++ --disable-multilib --enable-threads=posix

Index Nav: [Date Index] [Subject Index] [Author Index] [Thread Index]
Message Nav: [Date Prev] [Date Next] [Thread Prev] [Thread Next]