This is the mail archive of the gcc-testresults@gcc.gnu.org mailing list for the GCC project.


Index Nav: [Date Index] [Subject Index] [Author Index] [Thread Index]
Message Nav: [Date Prev] [Date Next] [Thread Prev] [Thread Next]
Other format: [Raw text]

Results for 3.3 20030415 (prerelease) testsuite on mips-sgi-irix6.5


Native configuration is mips-sgi-irix6.5

		=== g++ tests ===


Running target unix

		=== g++ Summary for unix ===

# of expected passes		7668
# of expected failures		105
# of untested testcases		23
# of unsupported tests		18

Running target unix/-mabi=64

		=== g++ Summary for unix/-mabi=64 ===

# of expected passes		7668
# of expected failures		105
# of untested testcases		23
# of unsupported tests		18

		=== g++ Summary ===

# of expected passes		15336
# of expected failures		210
# of untested testcases		46
# of unsupported tests		36
/d5/billingd/obj/gcc-3.3/gcc/testsuite/../g++ version 3.3 20030415 (prerelease)

		=== g77 tests ===


Running target unix

		=== g77 Summary for unix ===

# of expected passes		1686
# of unsupported tests		8

Running target unix/-mabi=64

		=== g77 Summary for unix/-mabi=64 ===

# of expected passes		1686
# of unsupported tests		8

		=== g77 Summary ===

# of expected passes		3372
# of unsupported tests		16
/d5/billingd/obj/gcc-3.3/gcc/testsuite/../g77 version 3.3 20030415 (prerelease)

		=== gcc tests ===


Running target unix
WARNING: program timed out.
FAIL: gcc.c-torture/compile/20001226-1.c,  -O2  
WARNING: program timed out.
FAIL: gcc.c-torture/compile/20001226-1.c,  -O3 -fomit-frame-pointer  
WARNING: program timed out.
FAIL: gcc.c-torture/compile/20001226-1.c,  -O3 -g  
WARNING: program timed out.
FAIL: gcc.c-torture/compile/20001226-1.c,  -Os  
FAIL: gcc.c-torture/execute/20020412-1.c execution,  -O0 
FAIL: gcc.c-torture/execute/20020412-1.c execution,  -O1 
FAIL: gcc.c-torture/execute/20020412-1.c execution,  -O2 
FAIL: gcc.c-torture/execute/20020412-1.c execution,  -O3 -fomit-frame-pointer 
FAIL: gcc.c-torture/execute/20020412-1.c execution,  -O3 -fomit-frame-pointer -funroll-loops 
FAIL: gcc.c-torture/execute/20020412-1.c execution,  -O3 -fomit-frame-pointer -funroll-all-loops -finline-functions 
FAIL: gcc.c-torture/execute/20020412-1.c execution,  -O3 -g 
FAIL: gcc.c-torture/execute/20020412-1.c execution,  -Os 
WARNING: gcc.dg/20021014-1.c compilation failed to produce executable
FAIL: gcc.dg/duff-2.c (test for excess errors)
WARNING: gcc.dg/nest.c compilation failed to produce executable

		=== gcc Summary for unix ===

# of expected passes		20390
# of unexpected failures	13
# of expected failures		100
# of unsupported tests		175

Running target unix/-mabi=64
WARNING: program timed out.
FAIL: gcc.c-torture/compile/20001226-1.c,  -O2  
WARNING: program timed out.
FAIL: gcc.c-torture/compile/20001226-1.c,  -O3 -fomit-frame-pointer  
WARNING: program timed out.
FAIL: gcc.c-torture/compile/20001226-1.c,  -O3 -g  
WARNING: program timed out.
FAIL: gcc.c-torture/compile/20001226-1.c,  -Os  
FAIL: gcc.c-torture/execute/20020412-1.c execution,  -O0 
FAIL: gcc.c-torture/execute/20020412-1.c execution,  -O1 
FAIL: gcc.c-torture/execute/20020412-1.c execution,  -O2 
FAIL: gcc.c-torture/execute/20020412-1.c execution,  -O3 -fomit-frame-pointer 
FAIL: gcc.c-torture/execute/20020412-1.c execution,  -O3 -fomit-frame-pointer -funroll-loops 
FAIL: gcc.c-torture/execute/20020412-1.c execution,  -O3 -fomit-frame-pointer -funroll-all-loops -finline-functions 
FAIL: gcc.c-torture/execute/20020412-1.c execution,  -O3 -g 
FAIL: gcc.c-torture/execute/20020412-1.c execution,  -Os 
WARNING: gcc.dg/20021014-1.c compilation failed to produce executable
FAIL: gcc.dg/duff-2.c (test for excess errors)
WARNING: gcc.dg/nest.c compilation failed to produce executable

		=== gcc Summary for unix/-mabi=64 ===

# of expected passes		20390
# of unexpected failures	13
# of expected failures		100
# of unsupported tests		175

		=== gcc Summary ===

# of expected passes		40780
# of unexpected failures	26
# of expected failures		200
# of unsupported tests		350
/d5/billingd/obj/gcc-3.3/gcc/xgcc version 3.3 20030415 (prerelease)

		=== objc tests ===


Running target unix

		=== objc Summary for unix ===

# of expected passes		1153

Running target unix/-mabi=64

		=== objc Summary for unix/-mabi=64 ===

# of expected passes		1153

		=== objc Summary ===

# of expected passes		2306
/d5/billingd/obj/gcc-3.3/gcc/xgcc version 3.3 20030415 (prerelease)

		=== libjava tests ===


Running target unix
FAIL: FileHandleGcTest execution - source compiled test
FAIL: FileHandleGcTest execution - bytecode->native test
FAIL: FileHandleGcTest -O execution - source compiled test
FAIL: FileHandleGcTest -O execution - bytecode->native test
FAIL: TestProxy execution - source compiled test
FAIL: TestProxy execution - bytecode->native test
FAIL: TestProxy -O execution - source compiled test
FAIL: TestProxy -O execution - bytecode->native test
FAIL: Throw_2 execution - source compiled test
FAIL: Throw_2 execution - bytecode->native test
FAIL: Throw_2 -O execution - source compiled test
FAIL: Throw_2 -O execution - bytecode->native test
FAIL: invokethrow execution - source compiled test
FAIL: invokethrow execution - bytecode->native test
FAIL: invokethrow -O execution - source compiled test
FAIL: invokethrow -O execution - bytecode->native test
FAIL: /d5/billingd/obj/gcc-3.3/mips-sgi-irix6.5/libjava/testsuite/TestEarlyGC.exe output - /d5/billingd/obj/gcc-3.3/mips-sgi-irix6.5/libjava/testsuite/TestEarlyGC.exe
FAIL: /d5/billingd/obj/gcc-3.3/mips-sgi-irix6.5/libjava/testsuite/TestLeak.exe execution - /d5/billingd/obj/gcc-3.3/mips-sgi-irix6.5/libjava/testsuite/TestLeak.exe
FAIL: /d5/billingd/obj/gcc-3.3/mips-sgi-irix6.5/libjava/testsuite/TestMultiple.exe execution - /d5/billingd/obj/gcc-3.3/mips-sgi-irix6.5/libjava/testsuite/TestMultiple.exe
FAIL: /d5/billingd/obj/gcc-3.3/mips-sgi-irix6.5/libjava/testsuite/TestParent.exe execution - /d5/billingd/obj/gcc-3.3/mips-sgi-irix6.5/libjava/testsuite/TestParent.exe

		=== libjava Summary for unix ===

# of expected passes		2292
# of unexpected failures	20
# of expected failures		16
# of untested testcases		111

Running target unix/-mabi=64
FAIL: calls output
FAIL: martin output
FAIL: throwit output
FAIL: FileHandleGcTest execution - source compiled test
FAIL: FileHandleGcTest execution - bytecode->native test
FAIL: FileHandleGcTest -O execution - source compiled test
FAIL: FileHandleGcTest -O execution - bytecode->native test
FAIL: InvokeReturn output - source compiled test
FAIL: InvokeReturn output - bytecode->native test
FAIL: InvokeReturn -O output - source compiled test
FAIL: InvokeReturn -O output - bytecode->native test
FAIL: TestProxy execution - source compiled test
FAIL: TestProxy execution - bytecode->native test
FAIL: TestProxy -O execution - source compiled test
FAIL: TestProxy -O execution - bytecode->native test
FAIL: Throw_2 execution - source compiled test
FAIL: Throw_2 execution - bytecode->native test
FAIL: Throw_2 -O execution - source compiled test
FAIL: Throw_2 -O execution - bytecode->native test
FAIL: invokethrow output - source compiled test
FAIL: invokethrow output - bytecode->native test
FAIL: invokethrow -O output - source compiled test
FAIL: invokethrow -O output - bytecode->native test
FAIL: /d5/billingd/obj/gcc-3.3/mips-sgi-irix6.5/libjava/testsuite/TestEarlyGC.exe output - /d5/billingd/obj/gcc-3.3/mips-sgi-irix6.5/libjava/testsuite/TestEarlyGC.exe
FAIL: /d5/billingd/obj/gcc-3.3/mips-sgi-irix6.5/libjava/testsuite/TestLeak.exe execution - /d5/billingd/obj/gcc-3.3/mips-sgi-irix6.5/libjava/testsuite/TestLeak.exe
FAIL: /d5/billingd/obj/gcc-3.3/mips-sgi-irix6.5/libjava/testsuite/TestMultiple.exe execution - /d5/billingd/obj/gcc-3.3/mips-sgi-irix6.5/libjava/testsuite/TestMultiple.exe
FAIL: /d5/billingd/obj/gcc-3.3/mips-sgi-irix6.5/libjava/testsuite/TestParent.exe execution - /d5/billingd/obj/gcc-3.3/mips-sgi-irix6.5/libjava/testsuite/TestParent.exe

		=== libjava Summary for unix/-mabi=64 ===

# of expected passes		2289
# of unexpected failures	27
# of expected failures		16
# of untested testcases		107

		=== libjava Summary ===

# of expected passes		4581
# of unexpected failures	47
# of expected failures		32
# of untested testcases		218
		=== libstdc++-v3 tests ===


Running target unix
XPASS: 22_locale/ctype_is_wchar_t.cc execution test

		=== libstdc++-v3 Summary for unix ===

# of expected passes		442
# of unexpected successes	1
# of expected failures		26
# of unsupported tests		6

Running target unix/-mabi=64
XPASS: 22_locale/ctype_is_wchar_t.cc execution test

		=== libstdc++-v3 Summary for unix/-mabi=64 ===

# of expected passes		442
# of unexpected successes	1
# of expected failures		26
# of unsupported tests		6

		=== libstdc++-v3 Summary ===

# of expected passes		884
# of unexpected successes	2
# of expected failures		52
# of unsupported tests		12

Compiler version: 3.3 20030415 (prerelease) 
Platform: mips-sgi-irix6.5
configure flags: --host=mips-sgi-irix6.5 --enable-shared --enable-haifa --enable-libgcj --enable-threads=single --disable-nls --prefix=/d5/billingd/tmp/gcc-3.3
Counting all warnings,
there are 27 warnings in stage3 of this bootstrap.

Number of warnings per file:
  11 gcc/config/mips/mips.md
   5 /usr/local/share/bison/bison.simple
   3 gcc/gcc.c
   2 insn-conditions.c
   2 gcc/unwind-dw2.c
   2 gcc/f/sta.c
   1 gcc/objc/lang-specs.h
   1 gcc/java/jvspec.c

Number of warning types:
   7 string length \`???' is greater than the length \`???' ISO C89 compilers are required to support
   6 operand 1 missing mode?
   5 operand 0 missing mode?
   3 label \`???' defined but not used
   2 traditional C rejects ISO C style function definitions
   2 return makes integer from pointer without a cast
   2 dereferencing type-punned pointer will break strict-aliasing rules


Index Nav: [Date Index] [Subject Index] [Author Index] [Thread Index]
Message Nav: [Date Prev] [Date Next] [Thread Prev] [Thread Next]