This is the mail archive of the
gcc-testresults@gcc.gnu.org
mailing list for the GCC project.
Results for 3.3 20030415 (prerelease) testsuite on s390x-ibm-linux-gnu
- From: Ulrich Weigand <weigand at immd1 dot informatik dot uni-erlangen dot de>
- To: gcc-testresults at gcc dot gnu dot org
- Date: Wed, 16 Apr 2003 00:57:32 +0200 (MET DST)
- Subject: Results for 3.3 20030415 (prerelease) testsuite on s390x-ibm-linux-gnu
LAST_UPDATED:
Native configuration is s390x-ibm-linux-gnu
=== g++ tests ===
Running target unix
FAIL: g++.dg/abi/empty6.C (test for warnings, line 6)
FAIL: g++.dg/tls/init-2.C (test for excess errors)
XPASS: g++.other/init5.C Execution test
=== g++ Summary ===
# of expected passes 7920
# of unexpected failures 2
# of unexpected successes 1
# of expected failures 96
# of untested testcases 23
# of unsupported tests 17
/mnt/dasdc1/weigand/fsf/gcc-3_3-build/gcc/testsuite/../g++ version 3.3 20030415 (prerelease)
=== g77 tests ===
Running target unix
=== g77 Summary ===
# of expected passes 1686
# of unsupported tests 8
/mnt/dasdc1/weigand/fsf/gcc-3_3-build/gcc/testsuite/../g77 version 3.3 20030415 (prerelease)
=== gcc tests ===
Running target unix
FAIL: gcc.dg/duff-2.c (test for excess errors)
=== gcc Summary ===
# of expected passes 20784
# of unexpected failures 1
# of expected failures 70
# of unsupported tests 169
/mnt/dasdc1/weigand/fsf/gcc-3_3-build/gcc/xgcc version 3.3 20030415 (prerelease)
=== objc tests ===
Running target unix
=== objc Summary ===
# of expected passes 1153
/mnt/dasdc1/weigand/fsf/gcc-3_3-build/gcc/xgcc version 3.3 20030415 (prerelease)
=== libjava tests ===
Running target unix
=== libjava Summary ===
# of expected passes 2943
# of expected failures 16
# of untested testcases 12
=== libstdc++-v3 tests ===
Running target unix
XPASS: 22_locale/collate_byname.cc execution test
XPASS: 22_locale/collate_members_char.cc execution test
XPASS: 22_locale/collate_members_wchar_t.cc execution test
XPASS: 22_locale/ctype_is_char.cc execution test
XPASS: 22_locale/ctype_is_wchar_t.cc execution test
XPASS: 22_locale/members.cc execution test
XPASS: 22_locale/messages_byname.cc execution test
XPASS: 22_locale/messages_members_char.cc execution test
XPASS: 22_locale/money_get_members_char.cc execution test
XPASS: 22_locale/money_get_members_wchar_t.cc execution test
XPASS: 22_locale/money_put_members_char.cc execution test
XPASS: 22_locale/money_put_members_wchar_t.cc execution test
XPASS: 22_locale/moneypunct_byname.cc execution test
XPASS: 22_locale/moneypunct_members_char.cc execution test
XPASS: 22_locale/moneypunct_members_wchar_t.cc execution test
XPASS: 22_locale/num_get_members_char.cc execution test
XPASS: 22_locale/num_get_members_wchar_t.cc execution test
XPASS: 22_locale/num_put_members_char.cc execution test
XPASS: 22_locale/num_put_members_wchar_t.cc execution test
XPASS: 22_locale/numpunct_byname.cc execution test
XPASS: 22_locale/numpunct_members_char.cc execution test
XPASS: 22_locale/numpunct_members_wchar_t.cc execution test
XPASS: 22_locale/time_get_members_char.cc execution test
XPASS: 22_locale/time_get_members_wchar_t.cc execution test
XPASS: 22_locale/time_put_members_char.cc execution test
XPASS: 22_locale/time_put_members_wchar_t.cc execution test
WARNING: program timed out.
FAIL: thread/pthread2.cc execution test
WARNING: program timed out.
FAIL: thread/pthread3.cc execution test
=== libstdc++-v3 Summary ===
# of expected passes 451
# of unexpected failures 2
# of unexpected successes 26
# of expected failures 2
Compiler version: 3.3 20030415 (prerelease)
Platform: s390x-ibm-linux-gnu
configure flags: --host=s390x-ibm-linux --enable-__cxa_atexit --prefix=/home/weigand/fsf/gcc-3_3-install --disable-multilib