This is the mail archive of the
gcc-testresults@gcc.gnu.org
mailing list for the GCC project.
Results for 3.4 20030413 (experimental) testsuite on mips-sgi-irix6.2
- From: "Kaveh R. Ghazi" <ghazi at caip dot rutgers dot edu>
- To: gcc-testresults at gcc dot gnu dot org
- Date: Mon, 14 Apr 2003 10:49:29 -0400 (EDT)
- Subject: Results for 3.4 20030413 (experimental) testsuite on mips-sgi-irix6.2
LAST_UPDATED:
Native configuration is mips-sgi-irix6.2
=== g++ tests ===
Running target unix/-mabi=64
FAIL: g++.dg/pch/system-1.C -g assembly comparison
FAIL: g++.dg/pch/system-1.C -O2 -g assembly comparison
FAIL: g++.dg/pch/system-1.C -O2 assembly comparison
FAIL: g++.dg/pch/system-2.C -g assembly comparison
FAIL: g++.dg/pch/system-2.C -O2 -g assembly comparison
FAIL: g++.dg/pch/system-2.C -O2 assembly comparison
=== g++ Summary for unix/-mabi=64 ===
# of expected passes 8157
# of unexpected failures 6
# of expected failures 77
# of untested testcases 23
# of unsupported tests 20
Running target unix/-mips4
FAIL: g++.dg/pch/system-1.C -g assembly comparison
FAIL: g++.dg/pch/system-1.C -O2 -g assembly comparison
FAIL: g++.dg/pch/system-1.C -O2 assembly comparison
FAIL: g++.dg/pch/system-2.C -g assembly comparison
FAIL: g++.dg/pch/system-2.C -O2 -g assembly comparison
FAIL: g++.dg/pch/system-2.C -O2 assembly comparison
=== g++ Summary for unix/-mips4 ===
# of expected passes 8157
# of unexpected failures 6
# of expected failures 77
# of untested testcases 23
# of unsupported tests 20
Running target unix
FAIL: g++.dg/pch/system-1.C -g assembly comparison
FAIL: g++.dg/pch/system-1.C -O2 -g assembly comparison
FAIL: g++.dg/pch/system-1.C -O2 assembly comparison
FAIL: g++.dg/pch/system-2.C -g assembly comparison
FAIL: g++.dg/pch/system-2.C -O2 -g assembly comparison
FAIL: g++.dg/pch/system-2.C -O2 assembly comparison
=== g++ Summary for unix ===
# of expected passes 8157
# of unexpected failures 6
# of expected failures 77
# of untested testcases 23
# of unsupported tests 20
=== g++ Summary ===
# of expected passes 24471
# of unexpected failures 18
# of expected failures 231
# of untested testcases 69
# of unsupported tests 60
/teal/tmpdisk/ghazi/gcc-testing-irix62/build/gcc/testsuite/../g++ version 3.4 20030413 (experimental)
=== g77 tests ===
Running target unix/-mabi=64
FAIL: g77.f-torture/execute/980520-1.f compilation, -O0
FAIL: g77.f-torture/execute/f90-intrinsic-bit.f execution, -O3 -fomit-frame-pointer -funroll-all-loops -finline-functions
=== g77 Summary for unix/-mabi=64 ===
# of expected passes 1689
# of unexpected failures 2
# of untested testcases 1
# of unsupported tests 8
Running target unix/-mips4
FAIL: g77.f-torture/execute/980520-1.f compilation, -O0
=== g77 Summary for unix/-mips4 ===
# of expected passes 1690
# of unexpected failures 1
# of untested testcases 1
# of unsupported tests 8
Running target unix
FAIL: g77.f-torture/execute/980520-1.f compilation, -O0
FAIL: g77.f-torture/execute/f90-intrinsic-bit.f execution, -O3 -fomit-frame-pointer -funroll-all-loops -finline-functions
=== g77 Summary for unix ===
# of expected passes 1689
# of unexpected failures 2
# of untested testcases 1
# of unsupported tests 8
=== g77 Summary ===
# of expected passes 5068
# of unexpected failures 5
# of untested testcases 3
# of unsupported tests 24
/teal/tmpdisk/ghazi/gcc-testing-irix62/build/gcc/testsuite/../g77 version 3.4 20030413 (experimental)
=== gcc tests ===
Running target unix/-mabi=64
FAIL: gcc.c-torture/execute/20020412-1.c execution, -O0
FAIL: gcc.c-torture/execute/20020412-1.c execution, -O1
FAIL: gcc.c-torture/execute/20020412-1.c execution, -O2
FAIL: gcc.c-torture/execute/20020412-1.c execution, -O3 -fomit-frame-pointer
FAIL: gcc.c-torture/execute/20020412-1.c execution, -O3 -fomit-frame-pointer -funroll-loops
FAIL: gcc.c-torture/execute/20020412-1.c execution, -O3 -fomit-frame-pointer -funroll-all-loops -finline-functions
FAIL: gcc.c-torture/execute/20020412-1.c execution, -O3 -g
FAIL: gcc.c-torture/execute/20020412-1.c execution, -Os
UNRESOLVED: gcc.c-torture/execute/builtin-noret-2.c execution, -O1
UNRESOLVED: gcc.c-torture/execute/builtin-noret-2.c execution, -O2
UNRESOLVED: gcc.c-torture/execute/builtin-noret-2.c execution, -O3 -fomit-frame-pointer
UNRESOLVED: gcc.c-torture/execute/builtin-noret-2.c execution, -O3 -g
UNRESOLVED: gcc.c-torture/execute/builtin-noret-2.c execution, -Os
FAIL: gcc.c-torture/execute/pure-1.c compilation, -O3 -fomit-frame-pointer
UNRESOLVED: gcc.c-torture/execute/pure-1.c execution, -O3 -fomit-frame-pointer
FAIL: gcc.c-torture/execute/pure-1.c compilation, -O3 -g
UNRESOLVED: gcc.c-torture/execute/pure-1.c execution, -O3 -g
WARNING: gcc.dg/20021014-1.c compilation failed to produce executable
FAIL: gcc.dg/builtins-10.c (test for excess errors)
FAIL: gcc.dg/builtins-11.c (test for excess errors)
FAIL: gcc.dg/duff-2.c (test for excess errors)
WARNING: gcc.dg/nest.c compilation failed to produce executable
FAIL: gcc.dg/warn-1.c (test for warnings, line 8)
FAIL: gcc.dg/warn-1.c (test for warnings, line 15)
FAIL: gcc.dg/pch/inline-1.c (test for excess errors)
FAIL: gcc.dg/pch/static-1.c -O0 -g assembly comparison
FAIL: gcc.dg/pch/static-1.c -O0 assembly comparison
FAIL: gcc.dg/pch/static-1.c -O1 assembly comparison
FAIL: gcc.dg/pch/static-1.c -O2 assembly comparison
FAIL: gcc.dg/pch/static-1.c -Os assembly comparison
FAIL: gcc.dg/pch/static-2.c -O0 -g assembly comparison
FAIL: gcc.dg/pch/static-2.c -O0 assembly comparison
FAIL: gcc.dg/pch/static-2.c -O1 assembly comparison
FAIL: gcc.dg/pch/static-2.c -O2 assembly comparison
FAIL: gcc.dg/pch/static-2.c -Os assembly comparison
FAIL: gcc.dg/pch/static-3.c -O0 -g assembly comparison
FAIL: gcc.dg/pch/static-3.c -O0 assembly comparison
FAIL: gcc.dg/pch/static-3.c -O1 assembly comparison
FAIL: gcc.dg/pch/static-3.c -O2 assembly comparison
FAIL: gcc.dg/pch/static-3.c -Os assembly comparison
=== gcc Summary for unix/-mabi=64 ===
# of expected passes 21296
# of unexpected failures 31
# of expected failures 111
# of unresolved testcases 7
# of untested testcases 1
# of unsupported tests 209
Running target unix/-mips4
FAIL: gcc.c-torture/execute/20020412-1.c execution, -O0
FAIL: gcc.c-torture/execute/20020412-1.c execution, -O1
FAIL: gcc.c-torture/execute/20020412-1.c execution, -O2
FAIL: gcc.c-torture/execute/20020412-1.c execution, -O3 -fomit-frame-pointer
FAIL: gcc.c-torture/execute/20020412-1.c execution, -O3 -fomit-frame-pointer -funroll-loops
FAIL: gcc.c-torture/execute/20020412-1.c execution, -O3 -fomit-frame-pointer -funroll-all-loops -finline-functions
FAIL: gcc.c-torture/execute/20020412-1.c execution, -O3 -g
FAIL: gcc.c-torture/execute/20020412-1.c execution, -Os
UNRESOLVED: gcc.c-torture/execute/builtin-noret-2.c execution, -O1
UNRESOLVED: gcc.c-torture/execute/builtin-noret-2.c execution, -O2
UNRESOLVED: gcc.c-torture/execute/builtin-noret-2.c execution, -O3 -fomit-frame-pointer
UNRESOLVED: gcc.c-torture/execute/builtin-noret-2.c execution, -O3 -g
UNRESOLVED: gcc.c-torture/execute/builtin-noret-2.c execution, -Os
FAIL: gcc.c-torture/execute/pure-1.c compilation, -O3 -fomit-frame-pointer
UNRESOLVED: gcc.c-torture/execute/pure-1.c execution, -O3 -fomit-frame-pointer
FAIL: gcc.c-torture/execute/pure-1.c compilation, -O3 -g
UNRESOLVED: gcc.c-torture/execute/pure-1.c execution, -O3 -g
WARNING: gcc.dg/20021014-1.c compilation failed to produce executable
FAIL: gcc.dg/builtins-10.c (test for excess errors)
FAIL: gcc.dg/builtins-11.c (test for excess errors)
FAIL: gcc.dg/duff-2.c (test for excess errors)
WARNING: gcc.dg/nest.c compilation failed to produce executable
FAIL: gcc.dg/warn-1.c (test for warnings, line 8)
FAIL: gcc.dg/warn-1.c (test for warnings, line 15)
FAIL: gcc.dg/pch/inline-1.c (test for excess errors)
FAIL: gcc.dg/pch/static-1.c -O0 -g assembly comparison
FAIL: gcc.dg/pch/static-1.c -O0 assembly comparison
FAIL: gcc.dg/pch/static-1.c -O1 assembly comparison
FAIL: gcc.dg/pch/static-1.c -O2 assembly comparison
FAIL: gcc.dg/pch/static-1.c -Os assembly comparison
FAIL: gcc.dg/pch/static-2.c -O0 -g assembly comparison
FAIL: gcc.dg/pch/static-2.c -O0 assembly comparison
FAIL: gcc.dg/pch/static-2.c -O1 assembly comparison
FAIL: gcc.dg/pch/static-2.c -O2 assembly comparison
FAIL: gcc.dg/pch/static-2.c -Os assembly comparison
FAIL: gcc.dg/pch/static-3.c -O0 -g assembly comparison
FAIL: gcc.dg/pch/static-3.c -O0 assembly comparison
FAIL: gcc.dg/pch/static-3.c -O1 assembly comparison
FAIL: gcc.dg/pch/static-3.c -O2 assembly comparison
FAIL: gcc.dg/pch/static-3.c -Os assembly comparison
=== gcc Summary for unix/-mips4 ===
# of expected passes 21296
# of unexpected failures 31
# of expected failures 111
# of unresolved testcases 7
# of untested testcases 1
# of unsupported tests 209
Running target unix
FAIL: gcc.c-torture/execute/20020412-1.c execution, -O0
FAIL: gcc.c-torture/execute/20020412-1.c execution, -O1
FAIL: gcc.c-torture/execute/20020412-1.c execution, -O2
FAIL: gcc.c-torture/execute/20020412-1.c execution, -O3 -fomit-frame-pointer
FAIL: gcc.c-torture/execute/20020412-1.c execution, -O3 -fomit-frame-pointer -funroll-loops
FAIL: gcc.c-torture/execute/20020412-1.c execution, -O3 -fomit-frame-pointer -funroll-all-loops -finline-functions
FAIL: gcc.c-torture/execute/20020412-1.c execution, -O3 -g
FAIL: gcc.c-torture/execute/20020412-1.c execution, -Os
UNRESOLVED: gcc.c-torture/execute/builtin-noret-2.c execution, -O1
UNRESOLVED: gcc.c-torture/execute/builtin-noret-2.c execution, -O2
UNRESOLVED: gcc.c-torture/execute/builtin-noret-2.c execution, -O3 -fomit-frame-pointer
UNRESOLVED: gcc.c-torture/execute/builtin-noret-2.c execution, -O3 -g
UNRESOLVED: gcc.c-torture/execute/builtin-noret-2.c execution, -Os
FAIL: gcc.c-torture/execute/pure-1.c compilation, -O3 -fomit-frame-pointer
UNRESOLVED: gcc.c-torture/execute/pure-1.c execution, -O3 -fomit-frame-pointer
FAIL: gcc.c-torture/execute/pure-1.c compilation, -O3 -g
UNRESOLVED: gcc.c-torture/execute/pure-1.c execution, -O3 -g
WARNING: gcc.dg/20021014-1.c compilation failed to produce executable
FAIL: gcc.dg/builtins-10.c (test for excess errors)
FAIL: gcc.dg/builtins-11.c (test for excess errors)
FAIL: gcc.dg/duff-2.c (test for excess errors)
WARNING: gcc.dg/nest.c compilation failed to produce executable
FAIL: gcc.dg/warn-1.c (test for warnings, line 8)
FAIL: gcc.dg/warn-1.c (test for warnings, line 15)
FAIL: gcc.dg/pch/inline-1.c (test for excess errors)
FAIL: gcc.dg/pch/static-1.c -O0 -g assembly comparison
FAIL: gcc.dg/pch/static-1.c -O0 assembly comparison
FAIL: gcc.dg/pch/static-1.c -O1 assembly comparison
FAIL: gcc.dg/pch/static-1.c -O2 assembly comparison
FAIL: gcc.dg/pch/static-1.c -Os assembly comparison
FAIL: gcc.dg/pch/static-2.c -O0 -g assembly comparison
FAIL: gcc.dg/pch/static-2.c -O0 assembly comparison
FAIL: gcc.dg/pch/static-2.c -O1 assembly comparison
FAIL: gcc.dg/pch/static-2.c -O2 assembly comparison
FAIL: gcc.dg/pch/static-2.c -Os assembly comparison
FAIL: gcc.dg/pch/static-3.c -O0 -g assembly comparison
FAIL: gcc.dg/pch/static-3.c -O0 assembly comparison
FAIL: gcc.dg/pch/static-3.c -O1 assembly comparison
FAIL: gcc.dg/pch/static-3.c -O2 assembly comparison
FAIL: gcc.dg/pch/static-3.c -Os assembly comparison
=== gcc Summary for unix ===
# of expected passes 21296
# of unexpected failures 31
# of expected failures 111
# of unresolved testcases 7
# of untested testcases 1
# of unsupported tests 209
=== gcc Summary ===
# of expected passes 63888
# of unexpected failures 93
# of expected failures 333
# of unresolved testcases 21
# of untested testcases 3
# of unsupported tests 627
/teal/tmpdisk/ghazi/gcc-testing-irix62/build/gcc/xgcc version 3.4 20030413 (experimental)
=== objc tests ===
Running target unix/-mabi=64
=== objc Summary for unix/-mabi=64 ===
# of expected passes 1156
Running target unix/-mips4
=== objc Summary for unix/-mips4 ===
# of expected passes 1156
Running target unix
=== objc Summary for unix ===
# of expected passes 1156
=== objc Summary ===
# of expected passes 3468
/teal/tmpdisk/ghazi/gcc-testing-irix62/build/gcc/xgcc version 3.4 20030413 (experimental)
=== libstdc++-v3 tests ===
Running target unix/-mabi=64
FAIL: 27_io/basic_filebuf/showmanyc/char/9533-2.cc execution test
FAIL: 27_io/basic_istream/readsome/char/6746-2.cc execution test
=== libstdc++-v3 Summary for unix/-mabi=64 ===
# of expected passes 1308
# of unexpected failures 2
# of expected failures 1
# of unsupported tests 6
Running target unix/-mips4
FAIL: 27_io/basic_filebuf/showmanyc/char/9533-2.cc execution test
FAIL: 27_io/basic_istream/readsome/char/6746-2.cc execution test
=== libstdc++-v3 Summary for unix/-mips4 ===
# of expected passes 1308
# of unexpected failures 2
# of expected failures 1
# of unsupported tests 6
Running target unix
FAIL: 27_io/basic_filebuf/showmanyc/char/9533-2.cc execution test
FAIL: 27_io/basic_istream/readsome/char/6746-2.cc execution test
=== libstdc++-v3 Summary for unix ===
# of expected passes 1308
# of unexpected failures 2
# of expected failures 1
# of unsupported tests 6
=== libstdc++-v3 Summary ===
# of expected passes 3924
# of unexpected failures 6
# of expected failures 3
# of unsupported tests 18
Compiler version: 3.4 20030413 (experimental)
Platform: mips-sgi-irix6.2
configure flags: --verbose --enable-languages=c,objc,c++,f77,java