This is the mail archive of the
gcc-testresults@gcc.gnu.org
mailing list for the GCC project.
Results for 3.4 20030412 (experimental) testsuite on i686-pc-linux-gnu
- From: Christian Joensson <c dot christian dot joensson at telia dot com>
- To: gcc-testresults at gcc dot gnu dot org
- Date: Sat, 12 Apr 2003 13:28:45 +0200
- Subject: Results for 3.4 20030412 (experimental) testsuite on i686-pc-linux-gnu
Red Hat Linux 9 (Shrike) ia32 dual pentium III i686:
binutils-2.13.90.0.18-9
bison-1.35-6
dejagnu-1.4.2-10
expect-5.38.0-88
gcc-3.2.2-5
glibc-2.3.2-27.9
glibc-kernheaders-2.4-8.10
kernel-smp-2.4.20-9
tcl-8.3.5-88
LAST_UPDATED: Sat Apr 12 04:31:26 UTC 2003
Native configuration is i686-pc-linux-gnu
=== binutils tests ===
Running target unix
=== binutils Summary ===
# of expected passes 31
# of expected failures 1
=== gas tests ===
Running target unix
=== gas Summary ===
# of expected passes 58
=== g77 tests ===
Running target unix
FAIL: g77.f-torture/execute/980520-1.f compilation, -O0
FAIL: g77.f-torture/execute/f90-intrinsic-bit.f execution, -O3 -fomit-frame-pointer -funroll-all-loops -finline-functions
=== g77 Summary ===
# of expected passes 1705
# of unexpected failures 2
# of untested testcases 1
/usr/local/src/gcc-binutils/trunk/objdir/gcc/testsuite/../g77 version 3.4 20030412 (experimental)
=== gcc tests ===
Running target unix
UNRESOLVED: gcc.c-torture/execute/builtin-noret-2.c execution, -O1
UNRESOLVED: gcc.c-torture/execute/builtin-noret-2.c execution, -O2
UNRESOLVED: gcc.c-torture/execute/builtin-noret-2.c execution, -O3 -fomit-frame-pointer
UNRESOLVED: gcc.c-torture/execute/builtin-noret-2.c execution, -O3 -g
UNRESOLVED: gcc.c-torture/execute/builtin-noret-2.c execution, -Os
FAIL: gcc.dg/20010912-1.c execution test
FAIL: gcc.dg/duff-2.c (test for excess errors)
FAIL: gcc.dg/uninit-C.c (test for excess errors)
FAIL: gcc.dg/warn-1.c (test for warnings, line 8)
FAIL: gcc.dg/warn-1.c (test for warnings, line 15)
FAIL: gcc.dg/pch/inline-1.c (test for excess errors)
FAIL: gcc.dg/pch/static-1.c -O0 -g assembly comparison
FAIL: gcc.dg/pch/static-2.c -O0 -g assembly comparison
FAIL: gcc.dg/pch/static-3.c -O0 -g assembly comparison
=== gcc Summary ===
# of expected passes 22004
# of unexpected failures 9
# of expected failures 80
# of unresolved testcases 5
# of untested testcases 1
# of unsupported tests 95
/usr/local/src/gcc-binutils/trunk/objdir/gcc/xgcc version 3.4 20030412 (experimental)
=== g++ tests ===
Running target unix
FAIL: g++.dg/eh/simd-2.C (test for excess errors)
WARNING: g++.dg/eh/simd-2.C compilation failed to produce executable
FAIL: g++.dg/pch/system-1.C -g assembly comparison
FAIL: g++.dg/pch/system-1.C -O2 -g assembly comparison
FAIL: g++.dg/pch/system-2.C -g assembly comparison
FAIL: g++.dg/pch/system-2.C -O2 -g assembly comparison
XPASS: g++.other/init5.C Execution test
=== g++ Summary ===
# of expected passes 8501
# of unexpected failures 5
# of unexpected successes 1
# of expected failures 68
# of untested testcases 9
# of unsupported tests 3
/usr/local/src/gcc-binutils/trunk/objdir/gcc/testsuite/../g++ version 3.4 20030412 (experimental)
=== objc tests ===
Running target unix
=== objc Summary ===
# of expected passes 1156
/usr/local/src/gcc-binutils/trunk/objdir/gcc/xgcc version 3.4 20030412 (experimental)
=== libjava tests ===
Running target unix
WARNING: program timed out.
FAIL: SyncTest execution - gij test
WARNING: program timed out.
FAIL: SyncTest execution - gij test
FAIL: SyncTest -O execution - bytecode->native test
FAIL: /usr/local/src/gcc-binutils/trunk/objdir/i686-linux/libjava/testsuite/TestLeak.exe execution - /usr/local/src/gcc-binutils/trunk/objdir/i686-linux/libjava/testsuite/TestLeak.exe
=== libjava Summary ===
# of expected passes 2963
# of unexpected failures 4
# of expected failures 16
# of untested testcases 16
=== libstdc++-v3 tests ===
Running target unix
=== libstdc++-v3 Summary ===
# of expected passes 1737
# of expected failures 2
=== ld tests ===
Running target unix
FAIL: TLS -fpic -shared transitions
FAIL: TLS -fpic and -fno-pic exec transitions
FAIL: TLS -fno-pic -shared
=== ld Summary ===
# of expected passes 154
# of unexpected failures 3
# of expected failures 13
Compiler version: 3.4 20030412 (experimental)
Platform: i686-pc-linux-gnu
configure flags: i686-linux --prefix=/usr/local/gcc-binutils --enable-__cxa_atexit --enable-shared --enable-threads=posix --enable-languages=c,c++,f77,java,objc
Counting all warnings,
there are 94 warnings in stage0 of this bootstrap.
Number of warnings per file:
28 libiberty/regex.c
8 libiberty/hashtab.c
6 libjava/gnu/java/nio/natSocketChannelImpl.cc
6 libjava/gnu/java/nio/natFileChannelImpl.cc
6 fastjar/jartool.c
5 include/xregex2.h
4 libjava/java/lang/strtod.c
4 libjava/java/lang/dtoa.c
3 libf2c/libI77/rsne.c
2 libtool
2 libobjc/linking.m
2 libjava/java/lang/w_exp.c
2 libjava/java/lang/natClassLoader.cc
1 /usr/local/src/gcc-binutils/trunk/gcc-binutils/ld/ldfile.c
1 /usr/local/src/gcc-binutils/trunk/gcc-binutils/boehm-gc/mark_rts.c
1 /usr/local/src/gcc-binutils/trunk/gcc-binutils/binutils/objdump.c
1 /usr/local/src/gcc-binutils/trunk/gcc-binutils/bfd/dwarf2.c
1 libobjc/Protocol.m
1 libobjc/Object.m
1 libobjc/encoding.c
1 libjava/verify.cc
1 libjava/jni.cc
1 libjava/java/lang/e_exp.c
1 libjava/gnu/gcj/runtime/natSharedLibLoader.cc
1 libjava/gnu/gcj/io/shs.cc
1 libf2c/libI77/open.c
1 libf2c/libI77/inquire.c
1 lex.yy.c
1 java/net/natNetworkInterface.cc
Number of warning types:
16 signed and unsigned type in conditional expression
14 unused
13 \`???' might be used uninitialized in this function
9 unused variable \`???'
4 useless keyword or type name in empty declaration
4 unused parameter \`???'
4 pointer targets in passing arg ??? of \`???' differ in signedness
4 empty declaration
4 dereferencing type-punned pointer will break strict-aliasing rules
4 \`???' defined but not used
3 ISO C89 does not support \`static' or type qualifiers in parameter array declarators
2 string length \`???' is greater than the length \`???' ISO C89 compilers are required to support
2 ISO C90 does not support \`static' or type qualifiers in parameter array declarators
2 comparison between signed and unsigned
2 comparison
1 to ensure that POSIX-compatible ar will work
1 statement
1 object name conflicts; overriding AR_FLAGS to 'cq'
1 function returns address of local variable
1 comparison between signed and
1 assignment makes pointer from integer without a cast
1 \`
Counting all warnings,
there are 17 warnings in stage3 of this bootstrap.
Number of warnings per file:
4 insn-conditions.c
2 /usr/share/bison/bison.simple
2 gcc/objc/lang-specs.h
2 gcc/gcc.c
2 gcc/f/sta.c
2 gcc/crtstuff.c
1 gcc/unwind-dw2.c
1 gcc/java/jvspec.c
1 gcc/config/i386/i386.md
Number of warning types:
9 string length \`???' is greater than the length \`???' ISO C89 compilers are required to support
2 passing arg ??? of \`???' discards qualifiers from pointer target type
2 label \`???' defined but not used
2 dereferencing type-punned pointer will break strict-aliasing rules
1 return makes integer from pointer without a cast
1 operand 1 missing mode?