This is the mail archive of the
gcc-testresults@gcc.gnu.org
mailing list for the GCC project.
Results for 3.4 20030411 (experimental) testsuite oni586-pc-linux-gnu
- From: Steven Bosscher <s dot bosscher at student dot tudelft dot nl>
- To: gcc-testresults at gcc dot gnu dot org
- Date: 11 Apr 2003 17:27:31 +0200
- Subject: Results for 3.4 20030411 (experimental) testsuite oni586-pc-linux-gnu
LAST_UPDATED: vr apr 11 08:33:01 UTC 2003
Native configuration is i586-pc-linux-gnu
=== g++ tests ===
Running target unix
FAIL: g++.dg/eh/simd-2.C (test for excess errors)
WARNING: g++.dg/eh/simd-2.C compilation failed to produce executable
FAIL: g++.dg/pch/system-1.C -g assembly comparison
FAIL: g++.dg/pch/system-1.C -O2 -g assembly comparison
FAIL: g++.dg/pch/system-2.C -g assembly comparison
FAIL: g++.dg/pch/system-2.C -O2 -g assembly comparison
=== g++ Summary ===
# of expected passes 8500
# of unexpected failures 5
# of expected failures 69
# of untested testcases 9
# of unsupported tests 3
/home/steven/devel/gcc/build/gcc/testsuite/../g++ version 3.4 20030411 (experimental)
=== g77 tests ===
Running target unix
FAIL: g77.f-torture/execute/980520-1.f compilation, -O0
FAIL: g77.f-torture/execute/f90-intrinsic-bit.f execution, -O3 -fomit-frame-pointer -funroll-all-loops -finline-functions
=== g77 Summary ===
# of expected passes 1677
# of unexpected failures 2
# of untested testcases 1
# of unsupported tests 8
/home/steven/devel/gcc/build/gcc/testsuite/../g77 version 3.4 20030411 (experimental)
=== gcc tests ===
Running target unix
UNRESOLVED: gcc.c-torture/execute/builtin-noret-2.c execution, -O1
UNRESOLVED: gcc.c-torture/execute/builtin-noret-2.c execution, -O2
UNRESOLVED: gcc.c-torture/execute/builtin-noret-2.c execution, -O3 -fomit-frame-pointer
UNRESOLVED: gcc.c-torture/execute/builtin-noret-2.c execution, -O3 -g
UNRESOLVED: gcc.c-torture/execute/builtin-noret-2.c execution, -Os
FAIL: gcc.dg/20010912-1.c execution test
FAIL: gcc.dg/duff-2.c (test for excess errors)
FAIL: gcc.dg/uninit-C.c (test for excess errors)
FAIL: gcc.dg/warn-1.c (test for warnings, line 8)
FAIL: gcc.dg/warn-1.c (test for warnings, line 15)
FAIL: gcc.dg/format/c99-strftime-1.c bad %OZ (test for warnings, line 95)
FAIL: gcc.dg/format/c99-strftime-1.c bad %O% (test for warnings, line 96)
FAIL: gcc.dg/format/c99-strftime-1.c (test for excess errors)
FAIL: gcc.dg/pch/inline-1.c (test for excess errors)
FAIL: gcc.dg/pch/static-1.c -O0 -g assembly comparison
FAIL: gcc.dg/pch/static-2.c -O0 -g assembly comparison
FAIL: gcc.dg/pch/static-3.c -O0 -g assembly comparison
FAIL: gcc.dg/tls/alias-1.c (test for excess errors)
=== gcc Summary ===
# of expected passes 21994
# of unexpected failures 13
# of expected failures 80
# of unresolved testcases 5
# of untested testcases 1
# of unsupported tests 95
/home/steven/devel/gcc/build/gcc/xgcc version 3.4 20030411 (experimental)
=== objc tests ===
Running target unix
=== objc Summary ===
# of expected passes 1156
/home/steven/devel/gcc/build/gcc/xgcc version 3.4 20030411 (experimental)
Compiler version: 3.4 20030411 (experimental)
Platform: i586-pc-linux-gnu
configure flags: --disable-nls --with-gnu-as --with-gnu-ld --prefix=/opt/experimental --program-suffix=-3.4 --enable-languages=c,objc,c++,f77