This is the mail archive of the
gcc-testresults@gcc.gnu.org
mailing list for the GCC project.
Results for 3.4 20030408 (experimental) testsuite on s390-ibm-linux-gnu
- From: Ulrich Weigand <weigand at immd1 dot informatik dot uni-erlangen dot de>
- To: gcc-testresults at gcc dot gnu dot org
- Date: Thu, 10 Apr 2003 18:43:31 +0200 (MET DST)
- Subject: Results for 3.4 20030408 (experimental) testsuite on s390-ibm-linux-gnu
LAST_UPDATED:
Native configuration is s390-ibm-linux-gnu
=== g++ tests ===
Running target unix
FAIL: g++.dg/compat/break/bitfield7 y_tst.o compile
UNRESOLVED: g++.dg/compat/break/bitfield7 x_tst.o-y_tst.o link
UNRESOLVED: g++.dg/compat/break/bitfield7 x_tst.o-y_tst.o execute
FAIL: pch/system-1.C -g assembly comparison
FAIL: pch/system-1.C -O2 -g assembly comparison
FAIL: pch/system-2.C -g assembly comparison
FAIL: pch/system-2.C -O2 -g assembly comparison
XPASS: g++.other/init5.C Execution test
=== g++ Summary ===
# of expected passes 8443
# of unexpected failures 5
# of unexpected successes 1
# of expected failures 68
# of unresolved testcases 2
# of untested testcases 23
# of unsupported tests 18
/mnt/dasdb1/fsf/gcc-head-build/gcc/testsuite/../g++ version 3.4 20030408 (experimental)
=== g77 tests ===
Running target unix
FAIL: g77.f-torture/execute/980520-1.f compilation, -O0
=== g77 Summary ===
# of expected passes 1678
# of unexpected failures 1
# of untested testcases 1
# of unsupported tests 8
/mnt/dasdb1/fsf/gcc-head-build/gcc/testsuite/../g77 version 3.4 20030408 (experimental)
=== gcc tests ===
Running target unix
FAIL: gcc.dg/debug/debug-1.c scan-assembler xyzzy
FAIL: gcc.dg/debug/debug-1.c scan-assembler xyzzy
FAIL: gcc.dg/debug/debug-1.c scan-assembler xyzzy
FAIL: gcc.dg/debug/debug-1.c scan-assembler xyzzy
FAIL: gcc.dg/debug/debug-2.c scan-assembler xyzzy
FAIL: gcc.dg/debug/debug-2.c scan-assembler xyzzy
FAIL: gcc.dg/debug/debug-2.c scan-assembler xyzzy
FAIL: gcc.dg/debug/debug-2.c scan-assembler xyzzy
FAIL: gcc.dg/duff-2.c (test for excess errors)
FAIL: gcc.dg/warn-1.c (test for warnings, line 8)
FAIL: gcc.dg/warn-1.c (test for warnings, line 15)
FAIL: gcc.dg/pch/inline-1.c (test for excess errors)
FAIL: pch/static-1.c -O0 -g assembly comparison
FAIL: pch/static-2.c -O0 -g assembly comparison
FAIL: pch/static-3.c -O0 -g assembly comparison
FAIL: pch/system-1.c -O0 -g assembly comparison
FAIL: pch/system-1.c -O3 -g assembly comparison
=== gcc Summary ===
# of expected passes 21665
# of unexpected failures 17
# of expected failures 72
# of untested testcases 1
# of unsupported tests 202
/mnt/dasdb1/fsf/gcc-head-build/gcc/xgcc version 3.4 20030408 (experimental)
=== objc tests ===
Running target unix
=== objc Summary ===
# of expected passes 1155
/mnt/dasdb1/fsf/gcc-head-build/gcc/xgcc version 3.4 20030408 (experimental)
=== libjava tests ===
Running target unix
FAIL: 5.1.3-dtl-1
FAIL: 5.1.3-dtl-2
FAIL: 5.1.3-ftl-1
FAIL: 5.1.3-ftl-2
XPASS: 3.10.2-round-6
FAIL: /mnt/dasdb1/fsf/gcc-head-build/s390-ibm-linux/libjava/testsuite/TestEarlyGC.exe output - /mnt/dasdb1/fsf/gcc-head-build/s390-ibm-linux/libjava/testsuite/TestEarlyGC.exe
FAIL: /mnt/dasdb1/fsf/gcc-head-build/s390-ibm-linux/libjava/testsuite/TestLeak.exe execution - /mnt/dasdb1/fsf/gcc-head-build/s390-ibm-linux/libjava/testsuite/TestLeak.exe
FAIL: Mauve build
=== libjava Summary ===
# of expected passes 6767
# of unexpected failures 7
# of unexpected successes 1
# of expected failures 798
# of untested testcases 13
=== libstdc++-v3 tests ===
Running target unix
FAIL: 22_locale/ctype/is/wchar_t/wrapped_env.cc execution test
FAIL: 27_io/filebuf_virtuals.cc execution test
=== libstdc++-v3 Summary ===
# of expected passes 1333
# of unexpected failures 2
# of expected failures 2
Compiler version: 3.4 20030408 (experimental)
Platform: s390-ibm-linux-gnu
configure flags: --enable-__cxa_atexit --prefix=/home/weigand/fsf/gcc-head-install