This is the mail archive of the
gcc-testresults@gcc.gnu.org
mailing list for the GCC project.
Results for 3.4 20030408 (experimental) testsuite on sparc-sun-solaris2.9
- From: Andreas Tobler <toa at pop dot agri dot ch>
- To: gcc-results <gcc-testresults at gcc dot gnu dot org>
- Date: Wed, 09 Apr 2003 06:43:40 +0200
- Subject: Results for 3.4 20030408 (experimental) testsuite on sparc-sun-solaris2.9
LAST_UPDATED: Tue Apr 8 20:24:05 UTC 2003
Native configuration is sparc-sun-solaris2.9
=== gcc tests ===
Running target unix
WARNING: program timed out.
FAIL: gcc.c-torture/compile/20001226-1.c, -O2
WARNING: program timed out.
FAIL: gcc.c-torture/compile/20001226-1.c, -O3 -fomit-frame-pointer
WARNING: program timed out.
FAIL: gcc.c-torture/compile/20001226-1.c, -O3 -g
WARNING: program timed out.
FAIL: gcc.c-torture/compile/20001226-1.c, -Os
FAIL: gcc.c-torture/execute/20010119-1.c compilation, -O2
UNRESOLVED: gcc.c-torture/execute/20010119-1.c execution, -O2
FAIL: gcc.c-torture/execute/20010119-1.c compilation, -O3 -fomit-frame-pointer
UNRESOLVED: gcc.c-torture/execute/20010119-1.c execution, -O3 -fomit-frame-pointer
FAIL: gcc.c-torture/execute/20010119-1.c compilation, -O3 -fomit-frame-pointer -funroll-loops
UNRESOLVED: gcc.c-torture/execute/20010119-1.c execution, -O3 -fomit-frame-pointer -funroll-loops
FAIL: gcc.c-torture/execute/20010119-1.c compilation, -O3 -fomit-frame-pointer -funroll-all-loops -finline-functions
UNRESOLVED: gcc.c-torture/execute/20010119-1.c execution, -O3 -fomit-frame-pointer -funroll-all-loops -finline-functions
FAIL: gcc.c-torture/execute/20010119-1.c compilation, -O3 -g
UNRESOLVED: gcc.c-torture/execute/20010119-1.c execution, -O3 -g
FAIL: gcc.c-torture/execute/20010119-1.c compilation, -Os
UNRESOLVED: gcc.c-torture/execute/20010119-1.c execution, -Os
WARNING: gcc.dg/20021014-1.c compilation failed to produce executable
FAIL: gcc.dg/duff-2.c (test for excess errors)
XPASS: gcc.dg/uninit-4.c uninitialized variable warning (test for bogus messages, line 26)
FAIL: gcc.dg/warn-1.c (test for warnings, line 8)
FAIL: gcc.dg/warn-1.c (test for warnings, line 15)
FAIL: pch/static-1.c -O0 -g assembly comparison
FAIL: pch/static-2.c -O0 -g assembly comparison
FAIL: pch/static-3.c -O0 -g assembly comparison
=== gcc Summary ===
# of expected passes 22118
# of unexpected failures 16
# of unexpected successes 1
# of expected failures 68
# of unresolved testcases 6
# of unsupported tests 195
/opt/gcc/gcc-cvs/objdir/gcc/xgcc version 3.4 20030408 (experimental)
=== g++ tests ===
Running target unix
FAIL: g++.dg/compat/break/bitfield7 y_tst.o compile
UNRESOLVED: g++.dg/compat/break/bitfield7 x_tst.o-y_tst.o link
UNRESOLVED: g++.dg/compat/break/bitfield7 x_tst.o-y_tst.o execute
FAIL: g++.dg/eh/simd-1.C (test for excess errors)
WARNING: g++.dg/eh/simd-1.C compilation failed to produce executable
FAIL: g++.dg/eh/simd-2.C (test for excess errors)
WARNING: g++.dg/eh/simd-2.C compilation failed to produce executable
FAIL: pch/system-1.C -g assembly comparison
FAIL: pch/system-1.C -O2 -g assembly comparison
FAIL: pch/system-2.C -g assembly comparison
FAIL: pch/system-2.C -O2 -g assembly comparison
FAIL: g++.brendan/overload8.C cannot pass non pod (test for warnings, line 9)
FAIL: g++.bugs/900127_01.C (test for errors, line 17)
FAIL: g++.bugs/900127_01.C (test for errors, line 18)
FAIL: g++.bugs/900127_01.C ambiguous (test for errors, line 22)
FAIL: g++.bugs/900127_01.C (test for excess errors)
FAIL: g++.bugs/900321_01.C (test for errors, line 26)
FAIL: g++.jason/default1.C invalid default arg (test for errors, line 7)
FAIL: g++.jason/default1.C (test for excess errors)
FAIL: g++.niklas/t120.C (test for errors, line 5)
FAIL: g++.niklas/t120.C (test for excess errors)
FAIL: g++.pt/explicit9.C foo is not a template. (test for errors, line 7)
FAIL: g++.pt/explicit9.C (test for excess errors)
=== g++ Summary ===
# of expected passes 8407
# of unexpected failures 19
# of expected failures 71
# of unresolved testcases 2
# of untested testcases 21
# of unsupported tests 17
/opt/gcc/gcc-cvs/objdir/gcc/testsuite/../g++ version 3.4 20030408 (experimental)
=== libjava tests ===
Running target unix
FAIL: natshortfield.cc compilation
ERROR: tcl error sourcing /opt/gcc/gcc-cvs/gcc/libjava/testsuite/libjava.compile/compile.exp.
ERROR: can't read "x": no such variable
FAIL: ArrayStore -O compilation from bytecode
FAIL: Array_3 execution - gij test
FAIL: Array_3 execution - gij test
FAIL: Divide_1 compilation from bytecode
FAIL: FileHandleGcTest execution - source compiled test
FAIL: FileHandleGcTest execution - gij test
FAIL: FileHandleGcTest execution - bytecode->native test
FAIL: FileHandleGcTest -O execution - source compiled test
FAIL: FileHandleGcTest execution - gij test
FAIL: FileHandleGcTest -O execution - bytecode->native test
FAIL: G19990302_02 -O compilation from bytecode
FAIL: G19990303_02 -O compilation from bytecode
FAIL: PR160 -O compilation from bytecode
FAIL: PR162 compilation from bytecode
ERROR: No \`main' given in program PR218
UNRESOLVED: PR242 compilation from source
FAIL: PR260 -O compilation from bytecode
ERROR: No \`main' given in program PR5057
UNRESOLVED: PR5057_2 compilation from source
ERROR: No \`main' given in program PR6729
UNRESOLVED: PR6729 -O compilation from source
FAIL: StaticConstructor -O compilation from bytecode
ERROR: No \`main' given in program SyncGlobal
UNRESOLVED: SyncGlobal -O compilation from source
WARNING: program timed out.
FAIL: SyncTest execution - gij test
FAIL: SyncTest compilation from bytecode
WARNING: program timed out.
FAIL: SyncTest execution - gij test
WARNING: program timed out.
FAIL: SyncTest -O execution - bytecode->native test
FAIL: TLtest execution - gij test
FAIL: TestProxy -O compilation from bytecode
ERROR: No \`main' given in program Thread_Alive
UNRESOLVED: Thread_Interrupt compilation from source
FAIL: Thread_Join execution - gij test
FAIL: Thread_Join execution - gij test
WARNING: program timed out.
FAIL: Thread_Wait -O execution - bytecode->native test
FAIL: Thread_Wait_2 execution - gij test
FAIL: anon_ctor_itf_arg -O compilation from bytecode
FAIL: anonarray compilation from bytecode
ERROR: No \`main' given in program anonarray2
UNRESOLVED: anonarray2 -O compilation from source
FAIL: direct_read -O compilation from bytecode
ERROR: No \`main' given in program direct_write
UNRESOLVED: emptystring compilation from source
ERROR: No \`main' given in program emptystring
UNRESOLVED: emptystring -O compilation from source
FAIL: emptystring -O compilation from bytecode
FAIL: err4 -O compilation from bytecode
FAIL: indirect_read -O compilation from bytecode
FAIL: indirect_write compilation from bytecode
FAIL: inner1 -O compilation from bytecode
FAIL: instinit compilation from bytecode
FAIL: negzero -O compilation from bytecode
FAIL: pr8945 -O compilation from bytecode
FAIL: private_direct_read -O compilation from bytecode
FAIL: search_outer compilation from bytecode
FAIL: stringconst2 -O compilation from bytecode
ERROR: No \`main' given in program update_outer
UNRESOLVED: update_outer -O compilation from source
=== libjava Summary ===
# of expected passes 2386
# of unexpected failures 41
# of expected failures 7
# of unresolved testcases 9
# of untested testcases 68
=== libstdc++-v3 tests ===
Running target unix
FAIL: 22_locale/ctype/is/char/1.cc execution test
FAIL: 22_locale/ctype/is/char/3.cc execution test
FAIL: 22_locale/locale/cons/3.cc execution test
FAIL: 27_io/ios_manip_fmtflags.cc execution test
=== libstdc++-v3 Summary ===
# of expected passes 915
# of unexpected failures 4
# of expected failures 2
Compiler version: 3.4 20030408 (experimental)
Platform: sparc-sun-solaris2.9
configure flags: --prefix=/opt/gcc/testbin --enable-languages=c,c++,java --enable-libgcj --enable-shared sparc-sun-solaris2.9 --enable-threads=posix