This is the mail archive of the
gcc-testresults@gcc.gnu.org
mailing list for the GCC project.
Results for 3.4 20030408 (experimental) testsuite on i686-suse-linux-gnu
- From: Andreas Jaeger <aj at suse dot de>
- To: gcc-testresults at gcc dot gnu dot org
- Date: Tue, 8 Apr 2003 15:37:17 UT
- Subject: Results for 3.4 20030408 (experimental) testsuite on i686-suse-linux-gnu
Bootstrap and regtesting on i686-suse-linux-gnu.
CVS sources: mainline.
LAST_UPDATED: Mon Apr 7 17:58:08 UTC 2003
Native configuration is i686-suse-linux-gnu
=== g++ tests ===
Running target unix
FAIL: g++.dg/eh/simd-2.C (test for excess errors)
WARNING: g++.dg/eh/simd-2.C compilation failed to produce executable
FAIL: pch/system-1.C -g assembly comparison
FAIL: pch/system-1.C -O2 -g assembly comparison
FAIL: pch/system-2.C -g assembly comparison
FAIL: pch/system-2.C -O2 -g assembly comparison
XPASS: g++.other/init5.C Execution test
=== g++ Summary ===
# of expected passes 8498
# of unexpected failures 5
# of unexpected successes 1
# of expected failures 68
# of untested testcases 9
# of unsupported tests 3
/builds/gcc/misc/gcc/testsuite/../g++ version 3.4 20030408 (experimental)
=== g77 tests ===
Running target unix
FAIL: g77.f-torture/execute/980520-1.f compilation, -O0
FAIL: g77.f-torture/execute/f90-intrinsic-bit.f execution, -O3 -fomit-frame-pointer -funroll-all-loops -finline-functions
=== g77 Summary ===
# of expected passes 1693
# of unexpected failures 2
# of untested testcases 1
/builds/gcc/misc/gcc/testsuite/../g77 version 3.4 20030408 (experimental)
=== gcc tests ===
Running target unix
FAIL: gcc.dg/duff-2.c (test for excess errors)
FAIL: gcc.dg/uninit-C.c (test for excess errors)
FAIL: gcc.dg/warn-1.c (test for warnings, line 8)
FAIL: gcc.dg/warn-1.c (test for warnings, line 15)
FAIL: gcc.dg/pch/inline-1.c (test for excess errors)
FAIL: pch/static-1.c -O0 -g assembly comparison
FAIL: pch/static-2.c -O0 -g assembly comparison
FAIL: pch/static-3.c -O0 -g assembly comparison
=== gcc Summary ===
# of expected passes 22438
# of unexpected failures 8
# of expected failures 67
# of untested testcases 1
# of unsupported tests 95
/builds/gcc/misc/gcc/xgcc version 3.4 20030408 (experimental)
=== objc tests ===
Running target unix
=== objc Summary ===
# of expected passes 1155
/builds/gcc/misc/gcc/xgcc version 3.4 20030408 (experimental)
=== treelang tests ===
Running target unix
=== treelang Summary ===
# of expected passes 1
=== libjava tests ===
Running target unix
WARNING: program timed out.
FAIL: SyncTest execution - gij test
WARNING: program timed out.
FAIL: SyncTest execution - gij test
FAIL: /builds/gcc/misc/i686-suse-linux-gnu/libjava/testsuite/TestEarlyGC.exe output - /builds/gcc/misc/i686-suse-linux-gnu/libjava/testsuite/TestEarlyGC.exe
FAIL: /builds/gcc/misc/i686-suse-linux-gnu/libjava/testsuite/TestLeak.exe execution - /builds/gcc/misc/i686-suse-linux-gnu/libjava/testsuite/TestLeak.exe
=== libjava Summary ===
# of expected passes 2964
# of unexpected failures 4
# of expected failures 16
# of untested testcases 15
=== libstdc++-v3 tests ===
Running target unix
FAIL: 22_locale/messages/members/char/1.cc execution test
FAIL: 22_locale/messages/members/char/2.cc execution test
FAIL: 22_locale/messages/members/char/wrapped_env.cc execution test
FAIL: 22_locale/messages/members/char/wrapped_locale.cc execution test
FAIL: 22_locale/messages_byname/1.cc execution test
=== libstdc++-v3 Summary ===
# of expected passes 1330
# of unexpected failures 5
# of expected failures 2
Compiler version: 3.4 20030408 (experimental)
Platform: i686-suse-linux-gnu
configure flags: --prefix=/opt/gcc/3.4-devel --disable-nls --enable-threads=posix --enable-clocale=gnu --enable-__cxa_atexit --enable-shared --enable-languages=c,c++,f77,objc,ada,treelang,java,f77 --enable-checking=misc,tree,rtl,gc,rtlflag --with-system-zlib i686-suse-linux-gnu