This is the mail archive of the
gcc-testresults@gcc.gnu.org
mailing list for the GCC project.
Results for 3.4 20030402 (experimental) testsuite on mips-sgi-irix6.5
- From: Rainer Orth <ro at TechFak dot Uni-Bielefeld dot DE>
- To: gcc-testresults at gcc dot gnu dot org
- Date: Mon, 7 Apr 2003 16:44:09 GMT
- Subject: Results for 3.4 20030402 (experimental) testsuite on mips-sgi-irix6.5
LAST_UPDATED: Wed Apr 2 18:32:25 UTC 2003
Native configuration is mips-sgi-irix6.5
=== g++ tests ===
Running target unix
FAIL: pch/system-1.C -g assembly comparison
FAIL: pch/system-1.C -O2 -g assembly comparison
FAIL: pch/system-1.C -O2 assembly comparison
=== g++ Summary for unix ===
# of expected passes 8145
# of unexpected failures 3
# of expected failures 77
# of untested testcases 23
# of unsupported tests 19
Running target unix/-mabi=64
FAIL: pch/system-1.C -g assembly comparison
FAIL: pch/system-1.C -O2 -g assembly comparison
FAIL: pch/system-1.C -O2 assembly comparison
=== g++ Summary for unix/-mabi=64 ===
# of expected passes 8145
# of unexpected failures 3
# of expected failures 77
# of untested testcases 23
# of unsupported tests 19
=== g++ Summary ===
# of expected passes 16290
# of unexpected failures 6
# of expected failures 154
# of untested testcases 46
# of unsupported tests 38
/amnt/figaro/volumes/obj-gcc/gcc/obj.irix5/gcc-3.4-20030402/6.5.18-gcc-java/gcc/testsuite/../g++ version 3.4 20030402 (experimental)
=== g77 tests ===
Running target unix
FAIL: g77.f-torture/execute/980520-1.f compilation, -O0
FAIL: g77.f-torture/execute/f90-intrinsic-bit.f execution, -O3 -fomit-frame-pointer -funroll-all-loops -finline-functions
=== g77 Summary for unix ===
# of expected passes 1677
# of unexpected failures 2
# of untested testcases 1
# of unsupported tests 8
Running target unix/-mabi=64
FAIL: g77.f-torture/execute/6367.f execution, -O0
FAIL: g77.f-torture/execute/6367.f execution, -O1
FAIL: g77.f-torture/execute/6367.f execution, -O2
FAIL: g77.f-torture/execute/6367.f execution, -O3 -fomit-frame-pointer
FAIL: g77.f-torture/execute/6367.f execution, -O3 -fomit-frame-pointer -funroll-loops
FAIL: g77.f-torture/execute/6367.f execution, -O3 -fomit-frame-pointer -funroll-all-loops -finline-functions
FAIL: g77.f-torture/execute/6367.f execution, -O3 -g
FAIL: g77.f-torture/execute/6367.f execution, -Os
FAIL: g77.f-torture/execute/970625-2.f execution, -O0
FAIL: g77.f-torture/execute/970625-2.f execution, -O1
FAIL: g77.f-torture/execute/970625-2.f execution, -O2
FAIL: g77.f-torture/execute/970625-2.f execution, -O3 -fomit-frame-pointer
FAIL: g77.f-torture/execute/970625-2.f execution, -O3 -fomit-frame-pointer -funroll-loops
FAIL: g77.f-torture/execute/970625-2.f execution, -O3 -fomit-frame-pointer -funroll-all-loops -finline-functions
FAIL: g77.f-torture/execute/970625-2.f execution, -O3 -g
FAIL: g77.f-torture/execute/970625-2.f execution, -Os
FAIL: g77.f-torture/execute/980520-1.f compilation, -O0
FAIL: g77.f-torture/execute/auto0.f execution, -O0
FAIL: g77.f-torture/execute/auto0.f execution, -O1
FAIL: g77.f-torture/execute/auto0.f execution, -O2
FAIL: g77.f-torture/execute/auto0.f execution, -O3 -fomit-frame-pointer
FAIL: g77.f-torture/execute/auto0.f execution, -O3 -fomit-frame-pointer -funroll-loops
FAIL: g77.f-torture/execute/auto0.f execution, -O3 -fomit-frame-pointer -funroll-all-loops -finline-functions
FAIL: g77.f-torture/execute/auto0.f execution, -O3 -g
FAIL: g77.f-torture/execute/auto0.f execution, -Os
FAIL: g77.f-torture/execute/auto1.f execution, -O0
FAIL: g77.f-torture/execute/auto1.f execution, -O1
FAIL: g77.f-torture/execute/auto1.f execution, -O2
FAIL: g77.f-torture/execute/auto1.f execution, -O3 -fomit-frame-pointer
FAIL: g77.f-torture/execute/auto1.f execution, -O3 -fomit-frame-pointer -funroll-loops
FAIL: g77.f-torture/execute/auto1.f execution, -O3 -fomit-frame-pointer -funroll-all-loops -finline-functions
FAIL: g77.f-torture/execute/auto1.f execution, -O3 -g
FAIL: g77.f-torture/execute/auto1.f execution, -Os
FAIL: g77.f-torture/execute/f90-intrinsic-bit.f execution, -O3 -fomit-frame-pointer -funroll-all-loops -finline-functions
=== g77 Summary for unix/-mabi=64 ===
# of expected passes 1645
# of unexpected failures 34
# of untested testcases 1
# of unsupported tests 8
=== g77 Summary ===
# of expected passes 3322
# of unexpected failures 36
# of untested testcases 2
# of unsupported tests 16
/amnt/figaro/volumes/obj-gcc/gcc/obj.irix5/gcc-3.4-20030402/6.5.18-gcc-java/gcc/testsuite/../g77 version 3.4 20030402 (experimental)
=== gcc tests ===
Running target unix
WARNING: program timed out.
FAIL: gcc.c-torture/compile/20001226-1.c, -O1
WARNING: program timed out.
FAIL: gcc.c-torture/compile/20001226-1.c, -O2
WARNING: program timed out.
FAIL: gcc.c-torture/compile/20001226-1.c, -O3 -fomit-frame-pointer
WARNING: program timed out.
FAIL: gcc.c-torture/compile/20001226-1.c, -O3 -g
WARNING: program timed out.
FAIL: gcc.c-torture/compile/20001226-1.c, -Os
FAIL: gcc.c-torture/execute/20020412-1.c execution, -O0
FAIL: gcc.c-torture/execute/20020412-1.c execution, -O1
FAIL: gcc.c-torture/execute/20020412-1.c execution, -O2
FAIL: gcc.c-torture/execute/20020412-1.c execution, -O3 -fomit-frame-pointer
FAIL: gcc.c-torture/execute/20020412-1.c execution, -O3 -fomit-frame-pointer -funroll-loops
FAIL: gcc.c-torture/execute/20020412-1.c execution, -O3 -fomit-frame-pointer -funroll-all-loops -finline-functions
FAIL: gcc.c-torture/execute/20020412-1.c execution, -O3 -g
FAIL: gcc.c-torture/execute/20020412-1.c execution, -Os
FAIL: gcc.c-torture/execute/pure-1.c compilation, -O3 -fomit-frame-pointer
UNRESOLVED: gcc.c-torture/execute/pure-1.c execution, -O3 -fomit-frame-pointer
FAIL: gcc.c-torture/execute/pure-1.c compilation, -O3 -g
UNRESOLVED: gcc.c-torture/execute/pure-1.c execution, -O3 -g
FAIL: gcc.c-torture/execute/ieee/20000320-1.c execution, -O0
FAIL: gcc.c-torture/execute/ieee/20000320-1.c execution, -O1
FAIL: gcc.c-torture/execute/ieee/20000320-1.c execution, -O2
FAIL: gcc.c-torture/execute/ieee/20000320-1.c execution, -O3 -fomit-frame-pointer
FAIL: gcc.c-torture/execute/ieee/20000320-1.c execution, -O3 -g
FAIL: gcc.c-torture/execute/ieee/20000320-1.c execution, -Os
WARNING: gcc.dg/20021014-1.c compilation failed to produce executable
FAIL: gcc.dg/duff-2.c (test for excess errors)
WARNING: gcc.dg/nest.c compilation failed to produce executable
FAIL: gcc.dg/warn-1.c (test for warnings, line 8)
FAIL: gcc.dg/warn-1.c (test for warnings, line 15)
FAIL: gcc.dg/pch/inline-1.c (test for excess errors)
FAIL: pch/static-1.c -O0 assembly comparison
FAIL: pch/static-1.c -O1 assembly comparison
FAIL: pch/static-1.c -O2 assembly comparison
FAIL: pch/static-1.c -Os assembly comparison
FAIL: pch/static-2.c -O0 assembly comparison
FAIL: pch/static-2.c -O1 assembly comparison
FAIL: pch/static-2.c -O2 assembly comparison
FAIL: pch/static-2.c -Os assembly comparison
=== gcc Summary for unix ===
# of expected passes 21104
# of unexpected failures 33
# of expected failures 102
# of unresolved testcases 2
# of untested testcases 1
# of unsupported tests 208
Running target unix/-mabi=64
WARNING: program timed out.
FAIL: gcc.c-torture/compile/20001226-1.c, -O1
WARNING: program timed out.
FAIL: gcc.c-torture/compile/20001226-1.c, -O2
WARNING: program timed out.
FAIL: gcc.c-torture/compile/20001226-1.c, -O3 -fomit-frame-pointer
WARNING: program timed out.
FAIL: gcc.c-torture/compile/20001226-1.c, -O3 -g
WARNING: program timed out.
FAIL: gcc.c-torture/compile/20001226-1.c, -Os
FAIL: gcc.c-torture/execute/20020412-1.c execution, -O0
FAIL: gcc.c-torture/execute/20020412-1.c execution, -O1
FAIL: gcc.c-torture/execute/20020412-1.c execution, -O2
FAIL: gcc.c-torture/execute/20020412-1.c execution, -O3 -fomit-frame-pointer
FAIL: gcc.c-torture/execute/20020412-1.c execution, -O3 -fomit-frame-pointer -funroll-loops
FAIL: gcc.c-torture/execute/20020412-1.c execution, -O3 -fomit-frame-pointer -funroll-all-loops -finline-functions
FAIL: gcc.c-torture/execute/20020412-1.c execution, -O3 -g
FAIL: gcc.c-torture/execute/20020412-1.c execution, -Os
FAIL: gcc.c-torture/execute/pure-1.c compilation, -O3 -fomit-frame-pointer
UNRESOLVED: gcc.c-torture/execute/pure-1.c execution, -O3 -fomit-frame-pointer
FAIL: gcc.c-torture/execute/pure-1.c compilation, -O3 -g
UNRESOLVED: gcc.c-torture/execute/pure-1.c execution, -O3 -g
FAIL: gcc.c-torture/execute/ieee/20000320-1.c execution, -O0
FAIL: gcc.c-torture/execute/ieee/20000320-1.c execution, -O1
FAIL: gcc.c-torture/execute/ieee/20000320-1.c execution, -O2
FAIL: gcc.c-torture/execute/ieee/20000320-1.c execution, -O3 -fomit-frame-pointer
FAIL: gcc.c-torture/execute/ieee/20000320-1.c execution, -O3 -g
FAIL: gcc.c-torture/execute/ieee/20000320-1.c execution, -Os
WARNING: gcc.dg/20021014-1.c compilation failed to produce executable
FAIL: gcc.dg/duff-2.c (test for excess errors)
WARNING: gcc.dg/nest.c compilation failed to produce executable
FAIL: gcc.dg/warn-1.c (test for warnings, line 8)
FAIL: gcc.dg/warn-1.c (test for warnings, line 15)
FAIL: gcc.dg/pch/inline-1.c (test for excess errors)
FAIL: pch/static-1.c -O0 assembly comparison
FAIL: pch/static-1.c -O1 assembly comparison
FAIL: pch/static-1.c -O2 assembly comparison
FAIL: pch/static-1.c -Os assembly comparison
FAIL: pch/static-2.c -O0 assembly comparison
FAIL: pch/static-2.c -O1 assembly comparison
FAIL: pch/static-2.c -O2 assembly comparison
FAIL: pch/static-2.c -Os assembly comparison
=== gcc Summary for unix/-mabi=64 ===
# of expected passes 21104
# of unexpected failures 33
# of expected failures 102
# of unresolved testcases 2
# of untested testcases 1
# of unsupported tests 208
=== gcc Summary ===
# of expected passes 42208
# of unexpected failures 66
# of expected failures 204
# of unresolved testcases 4
# of untested testcases 2
# of unsupported tests 416
/amnt/figaro/volumes/obj-gcc/gcc/obj.irix5/gcc-3.4-20030402/6.5.18-gcc-java/gcc/xgcc version 3.4 20030402 (experimental)
=== objc tests ===
Running target unix
=== objc Summary for unix ===
# of expected passes 1155
Running target unix/-mabi=64
=== objc Summary for unix/-mabi=64 ===
# of expected passes 1155
=== objc Summary ===
# of expected passes 2310
/amnt/figaro/volumes/obj-gcc/gcc/obj.irix5/gcc-3.4-20030402/6.5.18-gcc-java/gcc/xgcc version 3.4 20030402 (experimental)
=== libjava tests ===
Running target unix
FAIL: FileHandleGcTest execution - source compiled test
FAIL: FileHandleGcTest execution - bytecode->native test
FAIL: FileHandleGcTest -O execution - source compiled test
FAIL: FileHandleGcTest -O execution - bytecode->native test
FAIL: TestProxy execution - source compiled test
FAIL: TestProxy execution - bytecode->native test
FAIL: TestProxy -O execution - source compiled test
FAIL: TestProxy -O execution - bytecode->native test
FAIL: Throw_2 execution - source compiled test
FAIL: Throw_2 execution - bytecode->native test
FAIL: Throw_2 -O execution - source compiled test
FAIL: Throw_2 -O execution - bytecode->native test
FAIL: invokethrow execution - source compiled test
FAIL: invokethrow execution - bytecode->native test
FAIL: invokethrow -O execution - source compiled test
FAIL: invokethrow -O execution - bytecode->native test
FAIL: /amnt/figaro/volumes/obj-gcc/gcc/obj.irix5/gcc-3.4-20030402/6.5.18-gcc-java/mips-sgi-irix6.5/libjava/testsuite/TestEarlyGC.exe output - /amnt/figaro/volumes/obj-gcc/gcc/obj.irix5/gcc-3.4-20030402/6.5.18-gcc-java/mips-sgi-irix6.5/libjava/testsuite/TestEarlyGC.exe
FAIL: /amnt/figaro/volumes/obj-gcc/gcc/obj.irix5/gcc-3.4-20030402/6.5.18-gcc-java/mips-sgi-irix6.5/libjava/testsuite/TestLeak.exe execution - /amnt/figaro/volumes/obj-gcc/gcc/obj.irix5/gcc-3.4-20030402/6.5.18-gcc-java/mips-sgi-irix6.5/libjava/testsuite/TestLeak.exe
FAIL: /amnt/figaro/volumes/obj-gcc/gcc/obj.irix5/gcc-3.4-20030402/6.5.18-gcc-java/mips-sgi-irix6.5/libjava/testsuite/TestMultiple.exe execution - /amnt/figaro/volumes/obj-gcc/gcc/obj.irix5/gcc-3.4-20030402/6.5.18-gcc-java/mips-sgi-irix6.5/libjava/testsuite/TestMultiple.exe
FAIL: /amnt/figaro/volumes/obj-gcc/gcc/obj.irix5/gcc-3.4-20030402/6.5.18-gcc-java/mips-sgi-irix6.5/libjava/testsuite/TestParent.exe execution - /amnt/figaro/volumes/obj-gcc/gcc/obj.irix5/gcc-3.4-20030402/6.5.18-gcc-java/mips-sgi-irix6.5/libjava/testsuite/TestParent.exe
=== libjava Summary for unix ===
# of expected passes 2316
# of unexpected failures 20
# of expected failures 16
# of untested testcases 111
Running target unix/-mabi=64
FAIL: calls output
FAIL: martin output
FAIL: throwit output
FAIL: FileHandleGcTest execution - source compiled test
FAIL: FileHandleGcTest execution - bytecode->native test
FAIL: FileHandleGcTest -O execution - source compiled test
FAIL: FileHandleGcTest -O execution - bytecode->native test
FAIL: InvokeReturn output - source compiled test
FAIL: InvokeReturn output - bytecode->native test
FAIL: InvokeReturn -O output - source compiled test
FAIL: InvokeReturn -O output - bytecode->native test
FAIL: TestProxy execution - source compiled test
FAIL: TestProxy execution - bytecode->native test
FAIL: TestProxy -O execution - source compiled test
FAIL: TestProxy -O execution - bytecode->native test
FAIL: Throw_2 execution - source compiled test
FAIL: Throw_2 execution - bytecode->native test
FAIL: Throw_2 -O execution - source compiled test
FAIL: Throw_2 -O execution - bytecode->native test
FAIL: invokethrow output - source compiled test
FAIL: invokethrow output - bytecode->native test
FAIL: invokethrow -O output - source compiled test
FAIL: invokethrow -O output - bytecode->native test
FAIL: /amnt/figaro/volumes/obj-gcc/gcc/obj.irix5/gcc-3.4-20030402/6.5.18-gcc-java/mips-sgi-irix6.5/libjava/testsuite/TestEarlyGC.exe output - /amnt/figaro/volumes/obj-gcc/gcc/obj.irix5/gcc-3.4-20030402/6.5.18-gcc-java/mips-sgi-irix6.5/libjava/testsuite/TestEarlyGC.exe
FAIL: /amnt/figaro/volumes/obj-gcc/gcc/obj.irix5/gcc-3.4-20030402/6.5.18-gcc-java/mips-sgi-irix6.5/libjava/testsuite/TestLeak.exe execution - /amnt/figaro/volumes/obj-gcc/gcc/obj.irix5/gcc-3.4-20030402/6.5.18-gcc-java/mips-sgi-irix6.5/libjava/testsuite/TestLeak.exe
FAIL: /amnt/figaro/volumes/obj-gcc/gcc/obj.irix5/gcc-3.4-20030402/6.5.18-gcc-java/mips-sgi-irix6.5/libjava/testsuite/TestMultiple.exe execution - /amnt/figaro/volumes/obj-gcc/gcc/obj.irix5/gcc-3.4-20030402/6.5.18-gcc-java/mips-sgi-irix6.5/libjava/testsuite/TestMultiple.exe
FAIL: /amnt/figaro/volumes/obj-gcc/gcc/obj.irix5/gcc-3.4-20030402/6.5.18-gcc-java/mips-sgi-irix6.5/libjava/testsuite/TestParent.exe execution - /amnt/figaro/volumes/obj-gcc/gcc/obj.irix5/gcc-3.4-20030402/6.5.18-gcc-java/mips-sgi-irix6.5/libjava/testsuite/TestParent.exe
=== libjava Summary for unix/-mabi=64 ===
# of expected passes 2313
# of unexpected failures 27
# of expected failures 16
# of untested testcases 107
=== libjava Summary ===
# of expected passes 4629
# of unexpected failures 47
# of expected failures 32
# of untested testcases 218
=== libstdc++-v3 tests ===
Running target unix
FAIL: 22_locale/codecvt/always_noconv/wchar_t/2.cc execution test
FAIL: 22_locale/codecvt/always_noconv/wchar_t/3.cc execution test
FAIL: 22_locale/codecvt/always_noconv/wchar_t/4.cc execution test
FAIL: 22_locale/codecvt/encoding/wchar_t/2.cc execution test
FAIL: 22_locale/codecvt/encoding/wchar_t/3.cc execution test
FAIL: 22_locale/codecvt/encoding/wchar_t/4.cc execution test
FAIL: 22_locale/codecvt/in/wchar_t/2.cc execution test
FAIL: 22_locale/codecvt/in/wchar_t/3.cc execution test
FAIL: 22_locale/codecvt/in/wchar_t/4.cc execution test
FAIL: 22_locale/codecvt/in/wchar_t/7.cc execution test
FAIL: 22_locale/codecvt/in/wchar_t/8.cc execution test
FAIL: 22_locale/codecvt/in/wchar_t/9.cc execution test
FAIL: 22_locale/codecvt/length/wchar_t/2.cc execution test
FAIL: 22_locale/codecvt/length/wchar_t/3.cc execution test
FAIL: 22_locale/codecvt/length/wchar_t/4.cc execution test
FAIL: 22_locale/codecvt/length/wchar_t/7.cc execution test
FAIL: 22_locale/codecvt/max_length/wchar_t/2.cc execution test
FAIL: 22_locale/codecvt/max_length/wchar_t/3.cc execution test
FAIL: 22_locale/codecvt/max_length/wchar_t/4.cc execution test
FAIL: 22_locale/codecvt/out/wchar_t/2.cc execution test
FAIL: 22_locale/codecvt/out/wchar_t/3.cc execution test
FAIL: 22_locale/codecvt/out/wchar_t/4.cc execution test
FAIL: 22_locale/codecvt/out/wchar_t/7.cc execution test
FAIL: 22_locale/codecvt/unshift/wchar_t/2.cc execution test
FAIL: 22_locale/codecvt/unshift/wchar_t/3.cc execution test
FAIL: 22_locale/codecvt/unshift/wchar_t/4.cc execution test
FAIL: 22_locale/collate/compare/wchar_t/1.cc execution test
FAIL: 22_locale/collate/compare/wchar_t/2.cc execution test
FAIL: 22_locale/collate/compare/wchar_t/3.cc execution test
FAIL: 22_locale/collate/hash/wchar_t/2.cc execution test
FAIL: 22_locale/collate/transform/wchar_t/2.cc execution test
FAIL: 22_locale/collate/transform/wchar_t/3.cc execution test
FAIL: 22_locale/ctype/cons/char/1.cc execution test
FAIL: 22_locale/ctype/is/wchar_t/2.cc execution test
FAIL: 22_locale/ctype/narrow/wchar_t/3.cc execution test
FAIL: 22_locale/ctype/widen/wchar_t/2.cc execution test
FAIL: 22_locale/ctype/widen/wchar_t/3.cc execution test
FAIL: 22_locale/locale/cons/3.cc execution test
FAIL: 22_locale/money_get/get/wchar_t/1.cc execution test
FAIL: 22_locale/money_get/get/wchar_t/2.cc execution test
FAIL: 22_locale/money_get/get/wchar_t/3.cc execution test
FAIL: 22_locale/money_get/get/wchar_t/4.cc execution test
FAIL: 22_locale/money_put/put/wchar_t/1.cc execution test
FAIL: 22_locale/money_put/put/wchar_t/2.cc execution test
FAIL: 22_locale/money_put/put/wchar_t/3.cc execution test
FAIL: 22_locale/moneypunct/members/wchar_t/2.cc execution test
FAIL: 22_locale/num_get/get/wchar_t/1.cc execution test
FAIL: 22_locale/num_get/get/wchar_t/2.cc execution test
FAIL: 22_locale/num_get/get/wchar_t/3.cc execution test
FAIL: 22_locale/num_get/get/wchar_t/5.cc execution test
FAIL: 22_locale/num_get/get/wchar_t/6.cc execution test
FAIL: 22_locale/num_put/put/wchar_t/1.cc execution test
FAIL: 22_locale/num_put/put/wchar_t/2.cc execution test
FAIL: 22_locale/num_put/put/wchar_t/3.cc execution test
FAIL: 22_locale/num_put/put/wchar_t/5.cc execution test
FAIL: 22_locale/numpunct/members/wchar_t/1.cc execution test
FAIL: 22_locale/numpunct/members/wchar_t/2.cc execution test
FAIL: 22_locale/time_get/date_order/wchar_t/1.cc execution test
FAIL: 22_locale/time_get/get_date/wchar_t/1.cc execution test
FAIL: 22_locale/time_get/get_date/wchar_t/2.cc execution test
FAIL: 22_locale/time_get/get_monthname/wchar_t/1.cc execution test
FAIL: 22_locale/time_get/get_monthname/wchar_t/2.cc execution test
FAIL: 22_locale/time_get/get_time/wchar_t/1.cc execution test
FAIL: 22_locale/time_get/get_time/wchar_t/2.cc execution test
FAIL: 22_locale/time_get/get_weekday/wchar_t/1.cc execution test
FAIL: 22_locale/time_get/get_weekday/wchar_t/2.cc execution test
FAIL: 22_locale/time_get/get_year/wchar_t/1.cc execution test
FAIL: 22_locale/time_put/put/wchar_t/1.cc execution test
FAIL: 22_locale/time_put/put/wchar_t/10.cc execution test
FAIL: 22_locale/time_put/put/wchar_t/2.cc execution test
FAIL: 22_locale/time_put/put/wchar_t/3.cc execution test
FAIL: 22_locale/time_put/put/wchar_t/4.cc execution test
FAIL: 22_locale/time_put/put/wchar_t/5.cc execution test
FAIL: 22_locale/time_put/put/wchar_t/6.cc execution test
FAIL: 22_locale/time_put/put/wchar_t/7.cc execution test
FAIL: 22_locale/time_put/put/wchar_t/8.cc execution test
FAIL: 22_locale/time_put/put/wchar_t/9.cc execution test
WARNING: program timed out.
FAIL: 23_containers/deque_ctor.cc (test for excess errors)
WARNING: 23_containers/deque_ctor.cc compilation failed to produce executable
WARNING: program timed out.
FAIL: 26_numerics/complex_inserters_extractors.cc (test for excess errors)
WARNING: 26_numerics/complex_inserters_extractors.cc compilation failed to produce executable
FAIL: 27_io/filebuf_virtuals.cc execution test
FAIL: 27_io/ios_manip_fmtflags.cc execution test
FAIL: 27_io/istream_unformatted.cc execution test
=== libstdc++-v3 Summary for unix ===
# of expected passes 1240
# of unexpected failures 82
# of expected failures 1
# of unsupported tests 6
Running target unix/-mabi=64
FAIL: 22_locale/codecvt/always_noconv/wchar_t/2.cc execution test
FAIL: 22_locale/codecvt/always_noconv/wchar_t/3.cc execution test
FAIL: 22_locale/codecvt/always_noconv/wchar_t/4.cc execution test
FAIL: 22_locale/codecvt/encoding/wchar_t/2.cc execution test
FAIL: 22_locale/codecvt/encoding/wchar_t/3.cc execution test
FAIL: 22_locale/codecvt/encoding/wchar_t/4.cc execution test
FAIL: 22_locale/codecvt/in/wchar_t/2.cc execution test
FAIL: 22_locale/codecvt/in/wchar_t/3.cc execution test
FAIL: 22_locale/codecvt/in/wchar_t/4.cc execution test
FAIL: 22_locale/codecvt/in/wchar_t/7.cc execution test
FAIL: 22_locale/codecvt/in/wchar_t/8.cc execution test
FAIL: 22_locale/codecvt/in/wchar_t/9.cc execution test
FAIL: 22_locale/codecvt/length/wchar_t/2.cc execution test
FAIL: 22_locale/codecvt/length/wchar_t/3.cc execution test
FAIL: 22_locale/codecvt/length/wchar_t/4.cc execution test
FAIL: 22_locale/codecvt/length/wchar_t/7.cc execution test
FAIL: 22_locale/codecvt/max_length/wchar_t/2.cc execution test
FAIL: 22_locale/codecvt/max_length/wchar_t/3.cc execution test
FAIL: 22_locale/codecvt/max_length/wchar_t/4.cc execution test
FAIL: 22_locale/codecvt/out/wchar_t/2.cc execution test
FAIL: 22_locale/codecvt/out/wchar_t/3.cc execution test
FAIL: 22_locale/codecvt/out/wchar_t/4.cc execution test
FAIL: 22_locale/codecvt/out/wchar_t/7.cc execution test
FAIL: 22_locale/codecvt/unshift/wchar_t/2.cc execution test
FAIL: 22_locale/codecvt/unshift/wchar_t/3.cc execution test
FAIL: 22_locale/codecvt/unshift/wchar_t/4.cc execution test
FAIL: 22_locale/collate/compare/wchar_t/1.cc execution test
FAIL: 22_locale/collate/compare/wchar_t/2.cc execution test
FAIL: 22_locale/collate/compare/wchar_t/3.cc execution test
FAIL: 22_locale/collate/hash/wchar_t/2.cc execution test
FAIL: 22_locale/collate/transform/wchar_t/2.cc execution test
FAIL: 22_locale/collate/transform/wchar_t/3.cc execution test
FAIL: 22_locale/ctype/cons/char/1.cc execution test
FAIL: 22_locale/ctype/is/wchar_t/2.cc execution test
FAIL: 22_locale/ctype/narrow/wchar_t/3.cc execution test
FAIL: 22_locale/ctype/widen/wchar_t/2.cc execution test
FAIL: 22_locale/ctype/widen/wchar_t/3.cc execution test
FAIL: 22_locale/locale/cons/3.cc execution test
WARNING: program timed out.
FAIL: 22_locale/money_get/get/char/wrapped_env.cc (test for excess errors)
WARNING: 22_locale/money_get/get/char/wrapped_env.cc compilation failed to produce executable
WARNING: program timed out.
FAIL: 22_locale/money_get/get/char/wrapped_locale.cc (test for excess errors)
FAIL: 22_locale/money_get/get/wchar_t/1.cc execution test
FAIL: 22_locale/money_get/get/wchar_t/2.cc execution test
FAIL: 22_locale/money_get/get/wchar_t/3.cc execution test
FAIL: 22_locale/money_get/get/wchar_t/4.cc execution test
WARNING: program timed out.
FAIL: 22_locale/money_get/get/wchar_t/wrapped_env.cc (test for excess errors)
WARNING: 22_locale/money_get/get/wchar_t/wrapped_env.cc compilation failed to produce executable
WARNING: program timed out.
FAIL: 22_locale/money_get/get/wchar_t/wrapped_locale.cc (test for excess errors)
WARNING: 22_locale/money_get/get/wchar_t/wrapped_locale.cc compilation failed to produce executable
FAIL: 22_locale/money_put/put/wchar_t/1.cc execution test
FAIL: 22_locale/money_put/put/wchar_t/2.cc execution test
FAIL: 22_locale/money_put/put/wchar_t/3.cc execution test
FAIL: 22_locale/moneypunct/members/wchar_t/2.cc execution test
FAIL: 22_locale/num_get/get/wchar_t/1.cc execution test
FAIL: 22_locale/num_get/get/wchar_t/2.cc execution test
FAIL: 22_locale/num_get/get/wchar_t/3.cc execution test
FAIL: 22_locale/num_get/get/wchar_t/5.cc execution test
FAIL: 22_locale/num_get/get/wchar_t/6.cc execution test
FAIL: 22_locale/num_put/put/wchar_t/1.cc execution test
FAIL: 22_locale/num_put/put/wchar_t/2.cc execution test
FAIL: 22_locale/num_put/put/wchar_t/3.cc execution test
FAIL: 22_locale/num_put/put/wchar_t/5.cc execution test
FAIL: 22_locale/numpunct/members/wchar_t/1.cc execution test
FAIL: 22_locale/numpunct/members/wchar_t/2.cc execution test
FAIL: 22_locale/time_get/date_order/wchar_t/1.cc execution test
FAIL: 22_locale/time_get/get_date/wchar_t/1.cc execution test
FAIL: 22_locale/time_get/get_date/wchar_t/2.cc execution test
FAIL: 22_locale/time_get/get_monthname/wchar_t/1.cc execution test
FAIL: 22_locale/time_get/get_monthname/wchar_t/2.cc execution test
FAIL: 22_locale/time_get/get_time/wchar_t/1.cc execution test
FAIL: 22_locale/time_get/get_time/wchar_t/2.cc execution test
FAIL: 22_locale/time_get/get_weekday/wchar_t/1.cc execution test
FAIL: 22_locale/time_get/get_weekday/wchar_t/2.cc execution test
FAIL: 22_locale/time_get/get_year/wchar_t/1.cc execution test
FAIL: 22_locale/time_put/put/wchar_t/1.cc execution test
FAIL: 22_locale/time_put/put/wchar_t/10.cc execution test
FAIL: 22_locale/time_put/put/wchar_t/2.cc execution test
FAIL: 22_locale/time_put/put/wchar_t/3.cc execution test
FAIL: 22_locale/time_put/put/wchar_t/4.cc execution test
FAIL: 22_locale/time_put/put/wchar_t/5.cc execution test
FAIL: 22_locale/time_put/put/wchar_t/6.cc execution test
FAIL: 22_locale/time_put/put/wchar_t/7.cc execution test
FAIL: 22_locale/time_put/put/wchar_t/8.cc execution test
FAIL: 22_locale/time_put/put/wchar_t/9.cc execution test
WARNING: program timed out.
FAIL: 23_containers/deque_ctor.cc (test for excess errors)
WARNING: 23_containers/deque_ctor.cc compilation failed to produce executable
WARNING: program timed out.
FAIL: 26_numerics/complex_inserters_extractors.cc (test for excess errors)
WARNING: 26_numerics/complex_inserters_extractors.cc compilation failed to produce executable
FAIL: 27_io/filebuf_virtuals.cc execution test
FAIL: 27_io/ios_manip_fmtflags.cc execution test
FAIL: 27_io/istream_unformatted.cc execution test
WARNING: program timed out.
FAIL: 27_io/ofstream_members.cc execution test
=== libstdc++-v3 Summary for unix/-mabi=64 ===
# of expected passes 1232
# of unexpected failures 87
# of expected failures 1
# of unsupported tests 6
=== libstdc++-v3 Summary ===
# of expected passes 2472
# of unexpected failures 169
# of expected failures 2
# of unsupported tests 12
Compiler version: 3.4 20030402 (experimental)
Platform: mips-sgi-irix6.5
configure flags: --prefix=/vol/gcc --with-local-prefix=/vol/gcc --disable-nls --enable-libgcj
-----------------------------------------------------------------------------
Rainer Orth, Faculty of Technology, Bielefeld University