This is the mail archive of the
gcc-testresults@gcc.gnu.org
mailing list for the GCC project.
Results for 3.2.3 20030404 (prerelease) testsuite on mn10300-unknown-elf
- From: "Joel Sherrill <joel at OARcorp dot com>" <joel at britain>
- To: gcc-testresults at gcc dot gnu dot org
- Date: Sat, 5 Apr 2003 06:56:53 -0600
- Subject: Results for 3.2.3 20030404 (prerelease) testsuite on mn10300-unknown-elf
LAST_UPDATED:
Target is mn10300-unknown-elf
Host is i686-pc-linux-gnu
=== gcc tests ===
Running target mn10300-sim
FAIL: gcc.c-torture/compile/20010117-2.c, -O1
FAIL: gcc.c-torture/compile/20010117-2.c, -O2
FAIL: gcc.c-torture/compile/20010117-2.c, -O3 -fomit-frame-pointer
FAIL: gcc.c-torture/compile/20010117-2.c, -O3 -g
FAIL: gcc.c-torture/compile/20010117-2.c, -Os
FAIL: gcc.c-torture/execute/20000528-1.c execution, -O1
FAIL: gcc.c-torture/execute/20020307-2.c compilation, -O0
UNRESOLVED: gcc.c-torture/execute/20020307-2.c execution, -O0
FAIL: gcc.c-torture/execute/20020307-2.c compilation, -O1
UNRESOLVED: gcc.c-torture/execute/20020307-2.c execution, -O1
FAIL: gcc.c-torture/execute/20020307-2.c compilation, -O2
UNRESOLVED: gcc.c-torture/execute/20020307-2.c execution, -O2
FAIL: gcc.c-torture/execute/20020307-2.c compilation, -O3 -fomit-frame-pointer
UNRESOLVED: gcc.c-torture/execute/20020307-2.c execution, -O3 -fomit-frame-pointer
FAIL: gcc.c-torture/execute/20020307-2.c compilation, -O3 -fomit-frame-pointer -funroll-loops
UNRESOLVED: gcc.c-torture/execute/20020307-2.c execution, -O3 -fomit-frame-pointer -funroll-loops
FAIL: gcc.c-torture/execute/20020307-2.c compilation, -O3 -fomit-frame-pointer -funroll-all-loops -finline-functions
UNRESOLVED: gcc.c-torture/execute/20020307-2.c execution, -O3 -fomit-frame-pointer -funroll-all-loops -finline-functions
FAIL: gcc.c-torture/execute/20020307-2.c compilation, -O3 -g
UNRESOLVED: gcc.c-torture/execute/20020307-2.c execution, -O3 -g
FAIL: gcc.c-torture/execute/20020307-2.c compilation, -Os
UNRESOLVED: gcc.c-torture/execute/20020307-2.c execution, -Os
FAIL: gcc.c-torture/execute/string-opt-10.c execution, -O0
FAIL: gcc.c-torture/execute/string-opt-9.c execution, -O0
FAIL: gcc.dg/debug/debug-1.c scan-assembler xyzzy
FAIL: gcc.dg/debug/debug-1.c scan-assembler xyzzy
FAIL: gcc.dg/debug/debug-1.c scan-assembler xyzzy
FAIL: gcc.dg/debug/debug-1.c scan-assembler xyzzy
FAIL: gcc.dg/debug/debug-2.c scan-assembler xyzzy
FAIL: gcc.dg/debug/debug-2.c scan-assembler xyzzy
FAIL: gcc.dg/debug/debug-2.c scan-assembler xyzzy
FAIL: gcc.dg/debug/debug-2.c scan-assembler xyzzy
FAIL: gcc.dg/20020304-1.c (test for excess errors)
FAIL: gcc.dg/20021014-1.c (test for excess errors)
WARNING: gcc.dg/20021014-1.c compilation failed to produce executable
FAIL: gcc.dg/c90-intconst-1.c (test for excess errors)
FAIL: gcc.dg/weak-2.c scan-assembler weak[^ ]*[ ]ffoo1a
FAIL: gcc.dg/weak-2.c scan-assembler weak[^ ]*[ ]ffoo1b
FAIL: gcc.dg/weak-2.c scan-assembler weak[^ ]*[ ]ffoo1c
FAIL: gcc.dg/weak-2.c scan-assembler weak[^ ]*[ ]ffoo1e
FAIL: gcc.dg/weak-3.c scan-assembler weak[^ ]*[ ]ffoo1a
FAIL: gcc.dg/weak-3.c scan-assembler weak[^ ]*[ ]ffoo1b
FAIL: gcc.dg/weak-3.c scan-assembler weak[^ ]*[ ]ffoo1c
FAIL: gcc.dg/weak-3.c scan-assembler weak[^ ]*[ ]ffoo1e
FAIL: gcc.dg/weak-3.c scan-assembler weak[^ ]*[ ]ffoo1f
FAIL: gcc.dg/weak-3.c scan-assembler weak[^ ]*[ ]ffoo1g
FAIL: gcc.dg/weak-4.c scan-assembler weak[^ ]*[ ]vfoo1a
FAIL: gcc.dg/weak-4.c scan-assembler weak[^ ]*[ ]vfoo1b
FAIL: gcc.dg/weak-4.c scan-assembler weak[^ ]*[ ]vfoo1c
FAIL: gcc.dg/weak-4.c scan-assembler weak[^ ]*[ ]vfoo1d
FAIL: gcc.dg/weak-4.c scan-assembler weak[^ ]*[ ]vfoo1e
FAIL: gcc.dg/weak-4.c scan-assembler weak[^ ]*[ ]vfoo1f
FAIL: gcc.dg/weak-4.c scan-assembler weak[^ ]*[ ]vfoo1g
FAIL: gcc.dg/weak-4.c scan-assembler weak[^ ]*[ ]vfoo1h
FAIL: gcc.dg/weak-4.c scan-assembler weak[^ ]*[ ]vfoo1i
FAIL: gcc.dg/weak-4.c scan-assembler weak[^ ]*[ ]vfoo1j
FAIL: gcc.dg/weak-4.c scan-assembler weak[^ ]*[ ]vfoo1k
FAIL: gcc.misc-tests/bprob-1.c compilation, -g -fprofile-arcs
UNRESOLVED: gcc.misc-tests/bprob-1.c execution, -g -fprofile-arcs
UNRESOLVED: gcc.misc-tests/bprob-1.c compilation, -g -fbranch-probabilities
UNRESOLVED: gcc.misc-tests/bprob-1.c execution, -g -fbranch-probabilities
FAIL: gcc.misc-tests/bprob-1.c compilation, -O0 -fprofile-arcs
UNRESOLVED: gcc.misc-tests/bprob-1.c execution, -O0 -fprofile-arcs
UNRESOLVED: gcc.misc-tests/bprob-1.c compilation, -O0 -fbranch-probabilities
UNRESOLVED: gcc.misc-tests/bprob-1.c execution, -O0 -fbranch-probabilities
FAIL: gcc.misc-tests/bprob-1.c compilation, -O1 -fprofile-arcs
UNRESOLVED: gcc.misc-tests/bprob-1.c execution, -O1 -fprofile-arcs
UNRESOLVED: gcc.misc-tests/bprob-1.c compilation, -O1 -fbranch-probabilities
UNRESOLVED: gcc.misc-tests/bprob-1.c execution, -O1 -fbranch-probabilities
FAIL: gcc.misc-tests/bprob-1.c compilation, -O2 -DPERFTIME -fprofile-arcs
UNRESOLVED: gcc.misc-tests/bprob-1.c execution, -O2 -DPERFTIME -fprofile-arcs
UNRESOLVED: gcc.misc-tests/bprob-1.c compilation, -O2 -DPERFTIME -fbranch-probabilities
UNRESOLVED: gcc.misc-tests/bprob-1.c execution, -O2 -DPERFTIME -fbranch-probabilities
FAIL: gcc.misc-tests/bprob-1.c compilation, -O3 -DPERFTIME -fprofile-arcs
UNRESOLVED: gcc.misc-tests/bprob-1.c execution, -O3 -DPERFTIME -fprofile-arcs
UNRESOLVED: gcc.misc-tests/bprob-1.c compilation, -O3 -DPERFTIME -fbranch-probabilities
UNRESOLVED: gcc.misc-tests/bprob-1.c execution, -O3 -DPERFTIME -fbranch-probabilities
FAIL: gcc.misc-tests/bprob-1.c compilation, -O3 -g -DPERFTIME -fprofile-arcs
UNRESOLVED: gcc.misc-tests/bprob-1.c execution, -O3 -g -DPERFTIME -fprofile-arcs
UNRESOLVED: gcc.misc-tests/bprob-1.c compilation, -O3 -g -DPERFTIME -fbranch-probabilities
UNRESOLVED: gcc.misc-tests/bprob-1.c execution, -O3 -g -DPERFTIME -fbranch-probabilities
FAIL: gcc.misc-tests/bprob-1.c compilation, -Os -fprofile-arcs
UNRESOLVED: gcc.misc-tests/bprob-1.c execution, -Os -fprofile-arcs
UNRESOLVED: gcc.misc-tests/bprob-1.c compilation, -Os -fbranch-probabilities
UNRESOLVED: gcc.misc-tests/bprob-1.c execution, -Os -fbranch-probabilities
FAIL: gcc.misc-tests/bprob-2.c compilation, -g -fprofile-arcs
UNRESOLVED: gcc.misc-tests/bprob-2.c execution, -g -fprofile-arcs
UNRESOLVED: gcc.misc-tests/bprob-2.c compilation, -g -fbranch-probabilities
UNRESOLVED: gcc.misc-tests/bprob-2.c execution, -g -fbranch-probabilities
FAIL: gcc.misc-tests/bprob-2.c compilation, -O0 -fprofile-arcs
UNRESOLVED: gcc.misc-tests/bprob-2.c execution, -O0 -fprofile-arcs
UNRESOLVED: gcc.misc-tests/bprob-2.c compilation, -O0 -fbranch-probabilities
UNRESOLVED: gcc.misc-tests/bprob-2.c execution, -O0 -fbranch-probabilities
FAIL: gcc.misc-tests/bprob-2.c compilation, -O1 -fprofile-arcs
UNRESOLVED: gcc.misc-tests/bprob-2.c execution, -O1 -fprofile-arcs
UNRESOLVED: gcc.misc-tests/bprob-2.c compilation, -O1 -fbranch-probabilities
UNRESOLVED: gcc.misc-tests/bprob-2.c execution, -O1 -fbranch-probabilities
FAIL: gcc.misc-tests/bprob-2.c compilation, -O2 -DPERFTIME -fprofile-arcs
UNRESOLVED: gcc.misc-tests/bprob-2.c execution, -O2 -DPERFTIME -fprofile-arcs
UNRESOLVED: gcc.misc-tests/bprob-2.c compilation, -O2 -DPERFTIME -fbranch-probabilities
UNRESOLVED: gcc.misc-tests/bprob-2.c execution, -O2 -DPERFTIME -fbranch-probabilities
FAIL: gcc.misc-tests/bprob-2.c compilation, -O3 -DPERFTIME -fprofile-arcs
UNRESOLVED: gcc.misc-tests/bprob-2.c execution, -O3 -DPERFTIME -fprofile-arcs
UNRESOLVED: gcc.misc-tests/bprob-2.c compilation, -O3 -DPERFTIME -fbranch-probabilities
UNRESOLVED: gcc.misc-tests/bprob-2.c execution, -O3 -DPERFTIME -fbranch-probabilities
FAIL: gcc.misc-tests/bprob-2.c compilation, -O3 -g -DPERFTIME -fprofile-arcs
UNRESOLVED: gcc.misc-tests/bprob-2.c execution, -O3 -g -DPERFTIME -fprofile-arcs
UNRESOLVED: gcc.misc-tests/bprob-2.c compilation, -O3 -g -DPERFTIME -fbranch-probabilities
UNRESOLVED: gcc.misc-tests/bprob-2.c execution, -O3 -g -DPERFTIME -fbranch-probabilities
FAIL: gcc.misc-tests/bprob-2.c compilation, -Os -fprofile-arcs
UNRESOLVED: gcc.misc-tests/bprob-2.c execution, -Os -fprofile-arcs
UNRESOLVED: gcc.misc-tests/bprob-2.c compilation, -Os -fbranch-probabilities
UNRESOLVED: gcc.misc-tests/bprob-2.c execution, -Os -fbranch-probabilities
=== gcc Summary ===
# of expected passes 18437
# of unexpected failures 62
# of expected failures 66
# of unresolved testcases 50
# of unsupported tests 140
gcc version 3.2.3 20030404 (prerelease)
Host is i686-pc-linux-gnu
=== g++ tests ===
Running target mn10300-sim
FAIL: g++.dg/abi/mangle17.C (test for excess errors)
FAIL: g++.dg/special/initp1.C execution test
FAIL: g++.benjamin/bool01.C (test for excess errors)
FAIL: g++.benjamin/p12475.C (test for excess errors)
FAIL: g++.brendan/code-gen4.C Execution test
FAIL: g++.jason/rfg10.C (test for excess errors)
FAIL: g++.pt/static11.C Execution test
=== g++ Summary ===
# of expected passes 7329
# of unexpected failures 7
# of expected failures 92
# of untested testcases 29
# of unsupported tests 6
gcc version 3.2.3 20030404 (prerelease)
Compiler version: 3.2.3 20030404 (prerelease)
Platform: mn10300-unknown-elf
configure flags: --target=mn10300-elf --prefix=/opt/gnucross-test --with-gnu-as --with-gnu-ld --with-newlib --verbose --with-system-zlib --disable-nls --enable-version-specific-runtime-libs --enable-languages=c,c++%g