This is the mail archive of the
gcc-testresults@gcc.gnu.org
mailing list for the GCC project.
Results for 3.4 20030404 (experimental) testsuite on i386-unknown-freebsd4.7
- From: Michael Ritzert <ritzert at t-online dot de>
- To: gcc-testresults at gcc dot gnu dot org
- Date: Sat, 05 Apr 2003 04:55:23 +0200
- Subject: Results for 3.4 20030404 (experimental) testsuite on i386-unknown-freebsd4.7
LAST_UPDATED: Fri Apr 4 23:05:35 GMT 2003
Native configuration is i386-unknown-freebsd4.7
=== g++ tests ===
Running target unix
FAIL: g++.dg/eh/simd-2.C (test for excess errors)
WARNING: g++.dg/eh/simd-2.C compilation failed to produce executable
FAIL: pch/system-1.C -g assembly comparison
FAIL: pch/system-1.C -O2 -g assembly comparison
FAIL: pch/system-2.C -g assembly comparison
FAIL: pch/system-2.C -O2 -g assembly comparison
=== g++ Summary ===
# of expected passes 8473
# of unexpected failures 5
# of expected failures 69
# of untested testcases 12
# of unsupported tests 3
/usr/home/ritzert/gcc-HEAD/obj/gcc/testsuite/../g++ version 3.4 20030404 (experimental)
=== g77 tests ===
Running target unix
FAIL: g77.f-torture/execute/980520-1.f compilation, -O0
=== g77 Summary ===
# of expected passes 1678
# of unexpected failures 1
# of untested testcases 1
# of unsupported tests 8
/usr/home/ritzert/gcc-HEAD/obj/gcc/testsuite/../g77 version 3.4 20030404 (experimental)
=== gcc tests ===
Running target unix
FAIL: gcc.c-torture/execute/conversion.c execution, -O0
FAIL: gcc.c-torture/execute/conversion.c execution, -O1
FAIL: gcc.c-torture/execute/conversion.c execution, -O2
FAIL: gcc.c-torture/execute/conversion.c execution, -Os
FAIL: gcc.dg/duff-2.c (test for excess errors)
FAIL: gcc.dg/uninit-C.c (test for excess errors)
FAIL: gcc.dg/warn-1.c (test for warnings, line 8)
FAIL: gcc.dg/warn-1.c (test for warnings, line 15)
FAIL: gcc.dg/pch/inline-1.c (test for excess errors)
=== gcc Summary ===
# of expected passes 22240
# of unexpected failures 9
# of expected failures 70
# of untested testcases 1
# of unsupported tests 96
/usr/home/ritzert/gcc-HEAD/obj/gcc/xgcc version 3.4 20030404 (experimental)
=== objc tests ===
Running target unix
=== objc Summary ===
# of expected passes 1155
/usr/home/ritzert/gcc-HEAD/obj/gcc/xgcc version 3.4 20030404 (experimental)
=== libjava tests ===
Running target unix
FAIL: SyncGlobal -O execution - bytecode->native test
WARNING: program timed out.
FAIL: SyncTest execution - gij test
WARNING: program timed out.
FAIL: SyncTest execution - bytecode->native test
WARNING: program timed out.
FAIL: SyncTest execution - gij test
WARNING: program timed out.
FAIL: SyncTest -O execution - bytecode->native test
FAIL: Thread_Sleep output - source compiled test
FAIL: Thread_Sleep output - bytecode->native test
FAIL: Thread_Sleep -O output - source compiled test
FAIL: Thread_Sleep -O output - bytecode->native test
FAIL: Throw_2 execution - source compiled test
FAIL: Throw_2 execution - gij test
FAIL: Throw_2 execution - bytecode->native test
FAIL: Throw_2 -O execution - source compiled test
FAIL: Throw_2 execution - gij test
FAIL: Throw_2 -O execution - bytecode->native test
WARNING: program timed out.
FAIL: err6 execution - gij test
FAIL: /usr/home/ritzert/gcc-HEAD/obj/i386-unknown-freebsd4.7/libjava/testsuite/TestEarlyGC.exe output - /usr/home/ritzert/gcc-HEAD/obj/i386-unknown-freebsd4.7/libjava/testsuite/TestEarlyGC.exe
FAIL: /usr/home/ritzert/gcc-HEAD/obj/i386-unknown-freebsd4.7/libjava/testsuite/TestLeak.exe execution - /usr/home/ritzert/gcc-HEAD/obj/i386-unknown-freebsd4.7/libjava/testsuite/TestLeak.exe
=== libjava Summary ===
# of expected passes 2940
# of unexpected failures 18
# of expected failures 16
# of untested testcases 25
=== libstdc++-v3 tests ===
Running target unix
=== libstdc++-v3 Summary ===
# of expected passes 920
# of expected failures 1
Compiler version: 3.4 20030404 (experimental)
Platform: i386-unknown-freebsd4.7
configure flags: --enable-threads=posix --prefix=/home/ritzert/gcc-HEAD/install --enable-languages=c,c++,java,f77,objc
Counting all warnings,
there are 17 warnings in stage3 of this bootstrap.
Number of warnings per file:
4 insn-conditions.c
4 gcc/crtstuff.c
2 gcc/objc/lang-specs.h
2 gcc/gcc.c
2 gcc/f/sta.c
1 gcc/unwind-dw2.c
1 gcc/java/jvspec.c
1 gcc/config/i386/i386.md
Number of warning types:
9 string length `???' is greater than the length `???' ISO C89 compilers are required to support
4 passing arg ??? of `???' discards qualifiers from pointer target type
2 dereferencing type-punned pointer will break strict-aliasing rules
1 return makes integer from pointer without a cast
1 operand 1 missing mode?