This is the mail archive of the
gcc-testresults@gcc.gnu.org
mailing list for the GCC project.
Results for 3.2.3 20030330 (prerelease) testsuite on sparc-sun-solaris2.9
- From: Andreas Tobler <toa at pop dot agri dot ch>
- To: gcc-results <gcc-testresults at gcc dot gnu dot org>
- Date: Mon, 31 Mar 2003 18:54:53 +0200
- Subject: Results for 3.2.3 20030330 (prerelease) testsuite on sparc-sun-solaris2.9
LAST_UPDATED:
Native configuration is sparc-sun-solaris2.9
=== g++ tests ===
Running target unix
FAIL: g++.brendan/array1.C overflow in array dimension.* (test for errors, line 6)
FAIL: g++.brendan/array1.C (test for excess errors)
FAIL: g++.brendan/static3.C .* (test for errors, line 6)
FAIL: g++.brendan/static3.C .* (test for errors, line 9)
FAIL: g++.brendan/static3.C (test for excess errors)
FAIL: g++.bugs/900209_01.C (test for errors, line 17)
FAIL: g++.bugs/900209_01.C (test for excess errors)
FAIL: g++.bugs/900511_02.C invalid use of struct-local member (test for errors, line 15)
FAIL: g++.bugs/900511_02.C syntax error (test for errors, line 18)
FAIL: g++.bugs/900511_02.C (test for excess errors)
FAIL: g++.jason/rfg14.C incrementing ptr to function (test for errors, line 14)
FAIL: g++.other/access7.C within this context (test for errors, line 32)
FAIL: g++.other/cast6.C via virtual base (test for warnings, line 53)
FAIL: g++.other/conv1.C invalid declaration. (test for errors, line 5)
FAIL: g++.other/conv1.C (test for excess errors)
FAIL: g++.other/dtor4.C destructors may not be const (test for errors, line 30)
FAIL: g++.other/overload11.C not suitable for overload (test for errors, line 89)
FAIL: g++.other/overload11.C not suitable for overload (test for errors, line 90)
FAIL: g++.other/ptrmem7.C not ptr mem (test for errors, line 38)
FAIL: g++.other/sizeof4.C cannot take size of function (test for errors, line 32)
FAIL: g++.other/sizeof4.C cannot take size of function (test for errors, line 33)
FAIL: g++.other/sizeof4.C cannot take size of function (test for errors, line 34)
=== g++ Summary ===
# of expected passes 7330
# of unexpected failures 22
# of expected failures 91
# of untested testcases 21
# of unsupported tests 4
/opt/gcc/gcc-3.2-branch/objdir/gcc/testsuite/../g++ version 3.2.3 20030330 (prerelease)
=== gcc tests ===
Running target unix
FAIL: gcc.dg/cpp/cxxcom2.c #line extension (test for warnings, line 5)
FAIL: gcc.dg/cpp/if-5.c (test for errors, line 5)
FAIL: gcc.dg/cpp/if-5.c (test for errors, line 8)
FAIL: gcc.dg/cpp/if-5.c (test for excess errors)
WARNING: gcc.dg/20021014-1.c compilation failed to produce executable
FAIL: gcc.dg/noncompile/20010425-1.c (test for errors, line 8)
FAIL: gcc.dg/noncompile/20010425-1.c (test for excess errors)
=== gcc Summary ===
# of expected passes 18853
# of unexpected failures 6
# of expected failures 66
# of unsupported tests 120
=== libjava tests ===
Running target unix
FAIL: FileHandleGcTest execution from source compiled test
FAIL: FileHandleGcTest execution from bytecode->native test
FAIL: FileHandleGcTest -O execution from source compiled test
FAIL: FileHandleGcTest -O execution from bytecode->native test
FAIL: Throw_2 execution from source compiled test
FAIL: Throw_2 execution from bytecode->native test
FAIL: Throw_2 -O execution from source compiled test
FAIL: Throw_2 -O execution from bytecode->native test
=== libjava Summary ===
# of expected passes 2045
# of unexpected failures 8
# of expected failures 18
# of untested testcases 22
=== libstdc++-v3 tests ===
Running target unix
XPASS: 22_locale/collate_members_wchar_t.cc execution test
XPASS: 22_locale/ctype_is_wchar_t.cc execution test
XPASS: 22_locale/money_get_members_wchar_t.cc execution test
XPASS: 22_locale/money_put_members_wchar_t.cc execution test
XPASS: 22_locale/moneypunct_members_wchar_t.cc execution test
XPASS: 22_locale/num_get_members_wchar_t.cc execution test
XPASS: 22_locale/num_put_members_wchar_t.cc execution test
XPASS: 22_locale/numpunct_members_wchar_t.cc execution test
XPASS: 22_locale/time_get_members_wchar_t.cc execution test
XPASS: 22_locale/time_put_members_wchar_t.cc execution test
=== libstdc++-v3 Summary ===
# of expected passes 432
# of unexpected successes 10
# of expected failures 17
Compiler version: 3.2.3 20030330 (prerelease)
Platform: sparc-sun-solaris2.9
configure flags: --host=sparc-sun-solaris2.9 --prefix=/usr/local --enable-languages=c,c++,java