This is the mail archive of the
gcc-testresults@gcc.gnu.org
mailing list for the GCC project.
Results for 3.4 20030327 (experimental) testsuite on sparc64-unknown-linux-gnu
- From: c dot christian dot joensson at telia dot com
- To: gcc-testresults at gcc dot gnu dot org
- Date: Sat, 29 Mar 2003 23:11:16 +0100
- Subject: Results for 3.4 20030327 (experimental) testsuite on sparc64-unknown-linux-gnu
Aurora SPARC Linux 1.0 (Ansel) Ultra1 single UltraSparc I sun4u:
binutils 2.13.90 20030326 sparc64-linux
bison-1.35-1
dejagnu-1.4.2-10 (ftp://ftp.redhat.com/pub/redhat/linux/rawhide/SRPMS/SRPMS)
expect-5.32.2-67
gcc 3.3 20030324 (prerelease) sparc64-linux
glibc-2.2.5-42
glibc-kernheaders-2.4-7.16sparc
glibc64-2.2.5-42
kernel-2.4.20-3.0sparc (experimental Aurora kernel)
tcl-8.3.3-67
LAST_UPDATED: Thu Mar 27 11:03:16 UTC 2003
Native configuration is sparc64-unknown-linux-gnu
=== binutils tests ===
Running target unix/-m32
=== binutils Summary for unix/-m32 ===
# of expected passes 31
# of expected failures 1
Running target unix/-fPIC
=== binutils Summary for unix/-fPIC ===
# of expected passes 31
# of expected failures 1
Running target unix/-fpic
=== binutils Summary for unix/-fpic ===
# of expected passes 31
# of expected failures 1
Running target unix
=== binutils Summary for unix ===
# of expected passes 31
# of expected failures 1
=== binutils Summary ===
# of expected passes 124
# of expected failures 4
=== gas tests ===
Running target unix/-m32
=== gas Summary for unix/-m32 ===
# of expected passes 49
# of expected failures 2
Running target unix/-fPIC
ERROR: tcl error sourcing /usr/local/src/gcc-binutils/trunk/gcc-binutils/gas/testsuite/gas/mips/mips.exp.
ERROR: mips_arch_create: arch "mips1" already exists
=== gas Summary for unix/-fPIC ===
# of expected passes 49
# of expected failures 2
Running target unix/-fpic
ERROR: tcl error sourcing /usr/local/src/gcc-binutils/trunk/gcc-binutils/gas/testsuite/gas/mips/mips.exp.
ERROR: mips_arch_create: arch "mips1" already exists
=== gas Summary for unix/-fpic ===
# of expected passes 49
# of expected failures 2
Running target unix
ERROR: tcl error sourcing /usr/local/src/gcc-binutils/trunk/gcc-binutils/gas/testsuite/gas/mips/mips.exp.
ERROR: mips_arch_create: arch "mips1" already exists
=== gas Summary for unix ===
# of expected passes 49
# of expected failures 2
=== gas Summary ===
# of expected passes 196
# of expected failures 8
=== g77 tests ===
Running target unix/-m32
FAIL: g77.f-torture/execute/10197.f execution, -O0
FAIL: g77.f-torture/execute/10197.f execution, -O1
FAIL: g77.f-torture/execute/10197.f execution, -O2
FAIL: g77.f-torture/execute/10197.f execution, -O3 -fomit-frame-pointer
FAIL: g77.f-torture/execute/10197.f execution, -O3 -g
FAIL: g77.f-torture/execute/10197.f execution, -Os
FAIL: g77.f-torture/execute/980520-1.f compilation, -O0
=== g77 Summary for unix/-m32 ===
# of expected passes 1672
# of unexpected failures 7
# of untested testcases 1
# of unsupported tests 8
Running target unix/-fPIC
FAIL: g77.f-torture/execute/980520-1.f compilation, -O0
=== g77 Summary for unix/-fPIC ===
# of expected passes 1678
# of unexpected failures 1
# of untested testcases 1
# of unsupported tests 8
Running target unix/-fpic
FAIL: g77.f-torture/execute/980520-1.f compilation, -O0
=== g77 Summary for unix/-fpic ===
# of expected passes 1678
# of unexpected failures 1
# of untested testcases 1
# of unsupported tests 8
Running target unix
FAIL: g77.f-torture/execute/980520-1.f compilation, -O0
=== g77 Summary for unix ===
# of expected passes 1678
# of unexpected failures 1
# of untested testcases 1
# of unsupported tests 8
=== g77 Summary ===
# of expected passes 6706
# of unexpected failures 10
# of untested testcases 4
# of unsupported tests 32
/usr/local/src/gcc-binutils/trunk/objdir/gcc/testsuite/../g77 version 3.4 20030327 (experimental)
=== gcc tests ===
Running target unix/-m32
FAIL: gcc.c-torture/compile/20000922-1.c, -O2
FAIL: gcc.c-torture/compile/20000922-1.c, -O3 -fomit-frame-pointer
FAIL: gcc.c-torture/compile/20000922-1.c, -O3 -g
FAIL: gcc.c-torture/compile/20000922-1.c, -Os
FAIL: gcc.c-torture/execute/20010119-1.c compilation, -O2
UNRESOLVED: gcc.c-torture/execute/20010119-1.c execution, -O2
FAIL: gcc.c-torture/execute/20010119-1.c compilation, -O3 -fomit-frame-pointer
UNRESOLVED: gcc.c-torture/execute/20010119-1.c execution, -O3 -fomit-frame-pointer
FAIL: gcc.c-torture/execute/20010119-1.c compilation, -O3 -fomit-frame-pointer -funroll-loops
UNRESOLVED: gcc.c-torture/execute/20010119-1.c execution, -O3 -fomit-frame-pointer -funroll-loops
FAIL: gcc.c-torture/execute/20010119-1.c compilation, -O3 -fomit-frame-pointer -funroll-all-loops -finline-functions
UNRESOLVED: gcc.c-torture/execute/20010119-1.c execution, -O3 -fomit-frame-pointer -funroll-all-loops -finline-functions
FAIL: gcc.c-torture/execute/20010119-1.c compilation, -O3 -g
UNRESOLVED: gcc.c-torture/execute/20010119-1.c execution, -O3 -g
FAIL: gcc.c-torture/execute/20010119-1.c compilation, -Os
UNRESOLVED: gcc.c-torture/execute/20010119-1.c execution, -Os
FAIL: gcc.c-torture/execute/20030125-1.c execution, -O1
FAIL: gcc.c-torture/execute/20030125-1.c execution, -O2
FAIL: gcc.c-torture/execute/20030125-1.c execution, -O3 -fomit-frame-pointer
FAIL: gcc.c-torture/execute/20030125-1.c execution, -O3 -g
FAIL: gcc.c-torture/execute/20030125-1.c execution, -Os
FAIL: gcc.c-torture/execute/bcp-1.c compilation, -O2
UNRESOLVED: gcc.c-torture/execute/bcp-1.c execution, -O2
FAIL: gcc.c-torture/execute/bcp-1.c compilation, -O3 -fomit-frame-pointer
UNRESOLVED: gcc.c-torture/execute/bcp-1.c execution, -O3 -fomit-frame-pointer
FAIL: gcc.c-torture/execute/bcp-1.c compilation, -O3 -fomit-frame-pointer -funroll-loops
UNRESOLVED: gcc.c-torture/execute/bcp-1.c execution, -O3 -fomit-frame-pointer -funroll-loops
FAIL: gcc.c-torture/execute/bcp-1.c compilation, -O3 -fomit-frame-pointer -funroll-all-loops -finline-functions
UNRESOLVED: gcc.c-torture/execute/bcp-1.c execution, -O3 -fomit-frame-pointer -funroll-all-loops -finline-functions
FAIL: gcc.c-torture/execute/bcp-1.c compilation, -O3 -g
UNRESOLVED: gcc.c-torture/execute/bcp-1.c execution, -O3 -g
FAIL: gcc.c-torture/execute/bcp-1.c compilation, -Os
UNRESOLVED: gcc.c-torture/execute/bcp-1.c execution, -Os
FAIL: gcc.c-torture/execute/memset-1.c compilation, -O2
UNRESOLVED: gcc.c-torture/execute/memset-1.c execution, -O2
FAIL: gcc.c-torture/execute/memset-1.c compilation, -O3 -fomit-frame-pointer
UNRESOLVED: gcc.c-torture/execute/memset-1.c execution, -O3 -fomit-frame-pointer
FAIL: gcc.c-torture/execute/memset-1.c compilation, -O3 -fomit-frame-pointer -funroll-loops
UNRESOLVED: gcc.c-torture/execute/memset-1.c execution, -O3 -fomit-frame-pointer -funroll-loops
FAIL: gcc.c-torture/execute/memset-1.c compilation, -O3 -fomit-frame-pointer -funroll-all-loops -finline-functions
UNRESOLVED: gcc.c-torture/execute/memset-1.c execution, -O3 -fomit-frame-pointer -funroll-all-loops -finline-functions
FAIL: gcc.c-torture/execute/memset-1.c compilation, -O3 -g
UNRESOLVED: gcc.c-torture/execute/memset-1.c execution, -O3 -g
FAIL: gcc.c-torture/execute/strncmp-1.c execution, -O0
FAIL: gcc.c-torture/execute/strncmp-1.c execution, -O1
FAIL: gcc.c-torture/execute/strncmp-1.c execution, -O2
FAIL: gcc.c-torture/execute/strncmp-1.c execution, -O3 -fomit-frame-pointer
FAIL: gcc.c-torture/execute/strncmp-1.c execution, -O3 -fomit-frame-pointer -funroll-loops
FAIL: gcc.c-torture/execute/strncmp-1.c execution, -O3 -fomit-frame-pointer -funroll-all-loops -finline-functions
FAIL: gcc.c-torture/execute/strncmp-1.c execution, -O3 -g
FAIL: gcc.c-torture/execute/strncmp-1.c execution, -Os
FAIL: gcc.dg/duff-2.c (test for excess errors)
FAIL: gcc.dg/ultrasp2.c (test for excess errors)
FAIL: gcc.dg/ultrasp4.c (test for excess errors)
XPASS: gcc.dg/uninit-4.c uninitialized variable warning (test for bogus messages, line 26)
FAIL: gcc.dg/warn-1.c (test for warnings, line 8)
FAIL: gcc.dg/warn-1.c (test for warnings, line 15)
FAIL: gcc.dg/pch/inline-1.c (test for excess errors)
=== gcc Summary for unix/-m32 ===
# of expected passes 21377
# of unexpected failures 40
# of unexpected successes 1
# of expected failures 68
# of unresolved testcases 17
# of untested testcases 1
# of unsupported tests 192
Running target unix/-fPIC
FAIL: gcc.c-torture/compile/20000922-1.c, -O2
FAIL: gcc.c-torture/compile/20000922-1.c, -O3 -fomit-frame-pointer
FAIL: gcc.c-torture/compile/20000922-1.c, -O3 -g
FAIL: gcc.c-torture/compile/20000922-1.c, -Os
FAIL: gcc.c-torture/compile/simd-5.c, -O0
FAIL: gcc.c-torture/compile/simd-5.c, -O1
FAIL: gcc.c-torture/compile/simd-5.c, -O2
FAIL: gcc.c-torture/compile/simd-5.c, -O3 -fomit-frame-pointer
FAIL: gcc.c-torture/compile/simd-5.c, -O3 -g
FAIL: gcc.c-torture/compile/simd-5.c, -Os
FAIL: gcc.c-torture/execute/20010119-1.c compilation, -O2
UNRESOLVED: gcc.c-torture/execute/20010119-1.c execution, -O2
FAIL: gcc.c-torture/execute/20010119-1.c compilation, -O3 -fomit-frame-pointer
UNRESOLVED: gcc.c-torture/execute/20010119-1.c execution, -O3 -fomit-frame-pointer
FAIL: gcc.c-torture/execute/20010119-1.c compilation, -O3 -fomit-frame-pointer -funroll-loops
UNRESOLVED: gcc.c-torture/execute/20010119-1.c execution, -O3 -fomit-frame-pointer -funroll-loops
FAIL: gcc.c-torture/execute/20010119-1.c compilation, -O3 -fomit-frame-pointer -funroll-all-loops -finline-functions
UNRESOLVED: gcc.c-torture/execute/20010119-1.c execution, -O3 -fomit-frame-pointer -funroll-all-loops -finline-functions
FAIL: gcc.c-torture/execute/20010119-1.c compilation, -O3 -g
UNRESOLVED: gcc.c-torture/execute/20010119-1.c execution, -O3 -g
FAIL: gcc.c-torture/execute/20010119-1.c compilation, -Os
UNRESOLVED: gcc.c-torture/execute/20010119-1.c execution, -Os
FAIL: gcc.c-torture/execute/20030125-1.c execution, -O1
FAIL: gcc.c-torture/execute/20030125-1.c execution, -O2
FAIL: gcc.c-torture/execute/20030125-1.c execution, -O3 -fomit-frame-pointer
FAIL: gcc.c-torture/execute/20030125-1.c execution, -O3 -g
FAIL: gcc.c-torture/execute/20030125-1.c execution, -Os
FAIL: gcc.c-torture/execute/bcp-1.c compilation, -O2
UNRESOLVED: gcc.c-torture/execute/bcp-1.c execution, -O2
FAIL: gcc.c-torture/execute/bcp-1.c compilation, -O3 -fomit-frame-pointer
UNRESOLVED: gcc.c-torture/execute/bcp-1.c execution, -O3 -fomit-frame-pointer
FAIL: gcc.c-torture/execute/bcp-1.c compilation, -O3 -fomit-frame-pointer -funroll-loops
UNRESOLVED: gcc.c-torture/execute/bcp-1.c execution, -O3 -fomit-frame-pointer -funroll-loops
FAIL: gcc.c-torture/execute/bcp-1.c compilation, -O3 -fomit-frame-pointer -funroll-all-loops -finline-functions
UNRESOLVED: gcc.c-torture/execute/bcp-1.c execution, -O3 -fomit-frame-pointer -funroll-all-loops -finline-functions
FAIL: gcc.c-torture/execute/bcp-1.c compilation, -O3 -g
UNRESOLVED: gcc.c-torture/execute/bcp-1.c execution, -O3 -g
FAIL: gcc.c-torture/execute/bcp-1.c compilation, -Os
UNRESOLVED: gcc.c-torture/execute/bcp-1.c execution, -Os
FAIL: gcc.c-torture/execute/conversion.c execution, -O0
FAIL: gcc.c-torture/execute/conversion.c execution, -O1
FAIL: gcc.c-torture/execute/conversion.c execution, -O2
FAIL: gcc.c-torture/execute/conversion.c execution, -O3 -fomit-frame-pointer
FAIL: gcc.c-torture/execute/conversion.c execution, -O3 -g
FAIL: gcc.c-torture/execute/conversion.c execution, -Os
FAIL: gcc.c-torture/execute/memset-1.c compilation, -O2
UNRESOLVED: gcc.c-torture/execute/memset-1.c execution, -O2
FAIL: gcc.c-torture/execute/memset-1.c compilation, -O3 -fomit-frame-pointer
UNRESOLVED: gcc.c-torture/execute/memset-1.c execution, -O3 -fomit-frame-pointer
FAIL: gcc.c-torture/execute/memset-1.c compilation, -O3 -fomit-frame-pointer -funroll-loops
UNRESOLVED: gcc.c-torture/execute/memset-1.c execution, -O3 -fomit-frame-pointer -funroll-loops
FAIL: gcc.c-torture/execute/memset-1.c compilation, -O3 -fomit-frame-pointer -funroll-all-loops -finline-functions
UNRESOLVED: gcc.c-torture/execute/memset-1.c execution, -O3 -fomit-frame-pointer -funroll-all-loops -finline-functions
FAIL: gcc.c-torture/execute/memset-1.c compilation, -O3 -g
UNRESOLVED: gcc.c-torture/execute/memset-1.c execution, -O3 -g
FAIL: gcc.c-torture/execute/pure-1.c compilation, -O3 -fomit-frame-pointer
UNRESOLVED: gcc.c-torture/execute/pure-1.c execution, -O3 -fomit-frame-pointer
FAIL: gcc.c-torture/execute/pure-1.c compilation, -O3 -g
UNRESOLVED: gcc.c-torture/execute/pure-1.c execution, -O3 -g
FAIL: gcc.c-torture/execute/strncmp-1.c execution, -O0
FAIL: gcc.c-torture/execute/strncmp-1.c execution, -O1
FAIL: gcc.c-torture/execute/strncmp-1.c execution, -O2
FAIL: gcc.c-torture/execute/strncmp-1.c execution, -O3 -fomit-frame-pointer
FAIL: gcc.c-torture/execute/strncmp-1.c execution, -O3 -fomit-frame-pointer -funroll-loops
FAIL: gcc.c-torture/execute/strncmp-1.c execution, -O3 -fomit-frame-pointer -funroll-all-loops -finline-functions
FAIL: gcc.c-torture/execute/strncmp-1.c execution, -O3 -g
FAIL: gcc.c-torture/execute/strncmp-1.c execution, -Os
FAIL: gcc.dg/20021014-1.c execution test
FAIL: gcc.dg/duff-2.c (test for excess errors)
FAIL: gcc.dg/nest.c execution test
XPASS: gcc.dg/uninit-4.c uninitialized variable warning (test for bogus messages, line 26)
FAIL: gcc.dg/warn-1.c (test for warnings, line 8)
FAIL: gcc.dg/warn-1.c (test for warnings, line 15)
FAIL: gcc.dg/pch/inline-1.c (test for excess errors)
FAIL: pch/static-1.c -O0 assembly comparison
FAIL: pch/static-1.c -O1 assembly comparison
FAIL: pch/static-1.c -O2 assembly comparison
FAIL: pch/static-1.c -Os assembly comparison
FAIL: pch/static-2.c -O0 assembly comparison
FAIL: pch/static-2.c -O1 assembly comparison
FAIL: pch/static-2.c -O2 assembly comparison
FAIL: pch/static-2.c -Os assembly comparison
FAIL: linkage.c
=== gcc Summary for unix/-fPIC ===
# of expected passes 21348
# of unexpected failures 63
# of unexpected successes 1
# of expected failures 72
# of unresolved testcases 19
# of untested testcases 1
# of unsupported tests 192
Running target unix/-fpic
FAIL: gcc.c-torture/compile/20000922-1.c, -O2
FAIL: gcc.c-torture/compile/20000922-1.c, -O3 -fomit-frame-pointer
FAIL: gcc.c-torture/compile/20000922-1.c, -O3 -g
FAIL: gcc.c-torture/compile/20000922-1.c, -Os
FAIL: gcc.c-torture/compile/simd-5.c, -O0
FAIL: gcc.c-torture/compile/simd-5.c, -O1
FAIL: gcc.c-torture/compile/simd-5.c, -O2
FAIL: gcc.c-torture/compile/simd-5.c, -O3 -fomit-frame-pointer
FAIL: gcc.c-torture/compile/simd-5.c, -O3 -g
FAIL: gcc.c-torture/compile/simd-5.c, -Os
FAIL: gcc.c-torture/execute/20010119-1.c compilation, -O2
UNRESOLVED: gcc.c-torture/execute/20010119-1.c execution, -O2
FAIL: gcc.c-torture/execute/20010119-1.c compilation, -O3 -fomit-frame-pointer
UNRESOLVED: gcc.c-torture/execute/20010119-1.c execution, -O3 -fomit-frame-pointer
FAIL: gcc.c-torture/execute/20010119-1.c compilation, -O3 -fomit-frame-pointer -funroll-loops
UNRESOLVED: gcc.c-torture/execute/20010119-1.c execution, -O3 -fomit-frame-pointer -funroll-loops
FAIL: gcc.c-torture/execute/20010119-1.c compilation, -O3 -fomit-frame-pointer -funroll-all-loops -finline-functions
UNRESOLVED: gcc.c-torture/execute/20010119-1.c execution, -O3 -fomit-frame-pointer -funroll-all-loops -finline-functions
FAIL: gcc.c-torture/execute/20010119-1.c compilation, -O3 -g
UNRESOLVED: gcc.c-torture/execute/20010119-1.c execution, -O3 -g
FAIL: gcc.c-torture/execute/20010119-1.c compilation, -Os
UNRESOLVED: gcc.c-torture/execute/20010119-1.c execution, -Os
FAIL: gcc.c-torture/execute/20030125-1.c execution, -O1
FAIL: gcc.c-torture/execute/20030125-1.c execution, -O2
FAIL: gcc.c-torture/execute/20030125-1.c execution, -O3 -fomit-frame-pointer
FAIL: gcc.c-torture/execute/20030125-1.c execution, -O3 -g
FAIL: gcc.c-torture/execute/20030125-1.c execution, -Os
FAIL: gcc.c-torture/execute/bcp-1.c compilation, -O2
UNRESOLVED: gcc.c-torture/execute/bcp-1.c execution, -O2
FAIL: gcc.c-torture/execute/bcp-1.c compilation, -O3 -fomit-frame-pointer
UNRESOLVED: gcc.c-torture/execute/bcp-1.c execution, -O3 -fomit-frame-pointer
FAIL: gcc.c-torture/execute/bcp-1.c compilation, -O3 -fomit-frame-pointer -funroll-loops
UNRESOLVED: gcc.c-torture/execute/bcp-1.c execution, -O3 -fomit-frame-pointer -funroll-loops
FAIL: gcc.c-torture/execute/bcp-1.c compilation, -O3 -fomit-frame-pointer -funroll-all-loops -finline-functions
UNRESOLVED: gcc.c-torture/execute/bcp-1.c execution, -O3 -fomit-frame-pointer -funroll-all-loops -finline-functions
FAIL: gcc.c-torture/execute/bcp-1.c compilation, -O3 -g
UNRESOLVED: gcc.c-torture/execute/bcp-1.c execution, -O3 -g
FAIL: gcc.c-torture/execute/bcp-1.c compilation, -Os
UNRESOLVED: gcc.c-torture/execute/bcp-1.c execution, -Os
FAIL: gcc.c-torture/execute/conversion.c execution, -O0
FAIL: gcc.c-torture/execute/conversion.c execution, -O1
FAIL: gcc.c-torture/execute/conversion.c execution, -O2
FAIL: gcc.c-torture/execute/conversion.c execution, -O3 -fomit-frame-pointer
FAIL: gcc.c-torture/execute/conversion.c execution, -O3 -g
FAIL: gcc.c-torture/execute/conversion.c execution, -Os
FAIL: gcc.c-torture/execute/memset-1.c compilation, -O2
UNRESOLVED: gcc.c-torture/execute/memset-1.c execution, -O2
FAIL: gcc.c-torture/execute/memset-1.c compilation, -O3 -fomit-frame-pointer
UNRESOLVED: gcc.c-torture/execute/memset-1.c execution, -O3 -fomit-frame-pointer
FAIL: gcc.c-torture/execute/memset-1.c compilation, -O3 -fomit-frame-pointer -funroll-loops
UNRESOLVED: gcc.c-torture/execute/memset-1.c execution, -O3 -fomit-frame-pointer -funroll-loops
FAIL: gcc.c-torture/execute/memset-1.c compilation, -O3 -fomit-frame-pointer -funroll-all-loops -finline-functions
UNRESOLVED: gcc.c-torture/execute/memset-1.c execution, -O3 -fomit-frame-pointer -funroll-all-loops -finline-functions
FAIL: gcc.c-torture/execute/memset-1.c compilation, -O3 -g
UNRESOLVED: gcc.c-torture/execute/memset-1.c execution, -O3 -g
FAIL: gcc.c-torture/execute/pure-1.c compilation, -O3 -fomit-frame-pointer
UNRESOLVED: gcc.c-torture/execute/pure-1.c execution, -O3 -fomit-frame-pointer
FAIL: gcc.c-torture/execute/pure-1.c compilation, -O3 -g
UNRESOLVED: gcc.c-torture/execute/pure-1.c execution, -O3 -g
FAIL: gcc.c-torture/execute/strncmp-1.c execution, -O0
FAIL: gcc.c-torture/execute/strncmp-1.c execution, -O1
FAIL: gcc.c-torture/execute/strncmp-1.c execution, -O2
FAIL: gcc.c-torture/execute/strncmp-1.c execution, -O3 -fomit-frame-pointer
FAIL: gcc.c-torture/execute/strncmp-1.c execution, -O3 -fomit-frame-pointer -funroll-loops
FAIL: gcc.c-torture/execute/strncmp-1.c execution, -O3 -fomit-frame-pointer -funroll-all-loops -finline-functions
FAIL: gcc.c-torture/execute/strncmp-1.c execution, -O3 -g
FAIL: gcc.c-torture/execute/strncmp-1.c execution, -Os
FAIL: gcc.dg/20021014-1.c execution test
FAIL: gcc.dg/duff-2.c (test for excess errors)
FAIL: gcc.dg/nest.c execution test
XPASS: gcc.dg/uninit-4.c uninitialized variable warning (test for bogus messages, line 26)
FAIL: gcc.dg/warn-1.c (test for warnings, line 8)
FAIL: gcc.dg/warn-1.c (test for warnings, line 15)
FAIL: gcc.dg/pch/inline-1.c (test for excess errors)
FAIL: pch/static-1.c -O0 assembly comparison
FAIL: pch/static-1.c -O1 assembly comparison
FAIL: pch/static-1.c -O2 assembly comparison
FAIL: pch/static-1.c -Os assembly comparison
FAIL: pch/static-2.c -O0 assembly comparison
FAIL: pch/static-2.c -O1 assembly comparison
FAIL: pch/static-2.c -O2 assembly comparison
FAIL: pch/static-2.c -Os assembly comparison
FAIL: linkage.c
=== gcc Summary for unix/-fpic ===
# of expected passes 21348
# of unexpected failures 63
# of unexpected successes 1
# of expected failures 72
# of unresolved testcases 19
# of untested testcases 1
# of unsupported tests 192
Running target unix
FAIL: gcc.c-torture/compile/20000922-1.c, -O2
FAIL: gcc.c-torture/compile/20000922-1.c, -O3 -fomit-frame-pointer
FAIL: gcc.c-torture/compile/20000922-1.c, -O3 -g
FAIL: gcc.c-torture/compile/20000922-1.c, -Os
FAIL: gcc.c-torture/compile/simd-5.c, -O0
FAIL: gcc.c-torture/compile/simd-5.c, -O1
FAIL: gcc.c-torture/compile/simd-5.c, -O2
FAIL: gcc.c-torture/compile/simd-5.c, -O3 -fomit-frame-pointer
FAIL: gcc.c-torture/compile/simd-5.c, -O3 -g
FAIL: gcc.c-torture/compile/simd-5.c, -Os
FAIL: gcc.c-torture/execute/20010119-1.c compilation, -O2
UNRESOLVED: gcc.c-torture/execute/20010119-1.c execution, -O2
FAIL: gcc.c-torture/execute/20010119-1.c compilation, -O3 -fomit-frame-pointer
UNRESOLVED: gcc.c-torture/execute/20010119-1.c execution, -O3 -fomit-frame-pointer
FAIL: gcc.c-torture/execute/20010119-1.c compilation, -O3 -fomit-frame-pointer -funroll-loops
UNRESOLVED: gcc.c-torture/execute/20010119-1.c execution, -O3 -fomit-frame-pointer -funroll-loops
FAIL: gcc.c-torture/execute/20010119-1.c compilation, -O3 -fomit-frame-pointer -funroll-all-loops -finline-functions
UNRESOLVED: gcc.c-torture/execute/20010119-1.c execution, -O3 -fomit-frame-pointer -funroll-all-loops -finline-functions
FAIL: gcc.c-torture/execute/20010119-1.c compilation, -O3 -g
UNRESOLVED: gcc.c-torture/execute/20010119-1.c execution, -O3 -g
FAIL: gcc.c-torture/execute/20010119-1.c compilation, -Os
UNRESOLVED: gcc.c-torture/execute/20010119-1.c execution, -Os
FAIL: gcc.c-torture/execute/20030125-1.c execution, -O1
FAIL: gcc.c-torture/execute/20030125-1.c execution, -O2
FAIL: gcc.c-torture/execute/20030125-1.c execution, -O3 -fomit-frame-pointer
FAIL: gcc.c-torture/execute/20030125-1.c execution, -O3 -g
FAIL: gcc.c-torture/execute/20030125-1.c execution, -Os
FAIL: gcc.c-torture/execute/bcp-1.c compilation, -O2
UNRESOLVED: gcc.c-torture/execute/bcp-1.c execution, -O2
FAIL: gcc.c-torture/execute/bcp-1.c compilation, -O3 -fomit-frame-pointer
UNRESOLVED: gcc.c-torture/execute/bcp-1.c execution, -O3 -fomit-frame-pointer
FAIL: gcc.c-torture/execute/bcp-1.c compilation, -O3 -fomit-frame-pointer -funroll-loops
UNRESOLVED: gcc.c-torture/execute/bcp-1.c execution, -O3 -fomit-frame-pointer -funroll-loops
FAIL: gcc.c-torture/execute/bcp-1.c compilation, -O3 -fomit-frame-pointer -funroll-all-loops -finline-functions
UNRESOLVED: gcc.c-torture/execute/bcp-1.c execution, -O3 -fomit-frame-pointer -funroll-all-loops -finline-functions
FAIL: gcc.c-torture/execute/bcp-1.c compilation, -O3 -g
UNRESOLVED: gcc.c-torture/execute/bcp-1.c execution, -O3 -g
FAIL: gcc.c-torture/execute/bcp-1.c compilation, -Os
UNRESOLVED: gcc.c-torture/execute/bcp-1.c execution, -Os
FAIL: gcc.c-torture/execute/conversion.c execution, -O0
FAIL: gcc.c-torture/execute/conversion.c execution, -O1
FAIL: gcc.c-torture/execute/conversion.c execution, -O2
FAIL: gcc.c-torture/execute/conversion.c execution, -Os
FAIL: gcc.c-torture/execute/memset-1.c compilation, -O2
UNRESOLVED: gcc.c-torture/execute/memset-1.c execution, -O2
FAIL: gcc.c-torture/execute/memset-1.c compilation, -O3 -fomit-frame-pointer
UNRESOLVED: gcc.c-torture/execute/memset-1.c execution, -O3 -fomit-frame-pointer
FAIL: gcc.c-torture/execute/memset-1.c compilation, -O3 -fomit-frame-pointer -funroll-loops
UNRESOLVED: gcc.c-torture/execute/memset-1.c execution, -O3 -fomit-frame-pointer -funroll-loops
FAIL: gcc.c-torture/execute/memset-1.c compilation, -O3 -fomit-frame-pointer -funroll-all-loops -finline-functions
UNRESOLVED: gcc.c-torture/execute/memset-1.c execution, -O3 -fomit-frame-pointer -funroll-all-loops -finline-functions
FAIL: gcc.c-torture/execute/memset-1.c compilation, -O3 -g
UNRESOLVED: gcc.c-torture/execute/memset-1.c execution, -O3 -g
FAIL: gcc.c-torture/execute/strncmp-1.c execution, -O0
FAIL: gcc.c-torture/execute/strncmp-1.c execution, -O1
FAIL: gcc.c-torture/execute/strncmp-1.c execution, -O2
FAIL: gcc.c-torture/execute/strncmp-1.c execution, -O3 -fomit-frame-pointer
FAIL: gcc.c-torture/execute/strncmp-1.c execution, -O3 -fomit-frame-pointer -funroll-loops
FAIL: gcc.c-torture/execute/strncmp-1.c execution, -O3 -fomit-frame-pointer -funroll-all-loops -finline-functions
FAIL: gcc.c-torture/execute/strncmp-1.c execution, -O3 -g
FAIL: gcc.c-torture/execute/strncmp-1.c execution, -Os
FAIL: gcc.dg/20021014-1.c execution test
FAIL: gcc.dg/duff-2.c (test for excess errors)
FAIL: gcc.dg/nest.c execution test
XPASS: gcc.dg/uninit-4.c uninitialized variable warning (test for bogus messages, line 26)
FAIL: gcc.dg/warn-1.c (test for warnings, line 8)
FAIL: gcc.dg/warn-1.c (test for warnings, line 15)
FAIL: gcc.dg/pch/inline-1.c (test for excess errors)
FAIL: pch/static-1.c -O0 assembly comparison
FAIL: pch/static-1.c -O1 assembly comparison
FAIL: pch/static-1.c -O2 assembly comparison
FAIL: pch/static-1.c -Os assembly comparison
FAIL: pch/static-2.c -O0 assembly comparison
FAIL: pch/static-2.c -O1 assembly comparison
FAIL: pch/static-2.c -O2 assembly comparison
FAIL: pch/static-2.c -Os assembly comparison
FAIL: linkage.c
=== gcc Summary for unix ===
# of expected passes 21354
# of unexpected failures 59
# of unexpected successes 1
# of expected failures 72
# of unresolved testcases 17
# of untested testcases 1
# of unsupported tests 192
=== gcc Summary ===
# of expected passes 85427
# of unexpected failures 225
# of unexpected successes 4
# of expected failures 284
# of unresolved testcases 72
# of untested testcases 4
# of unsupported tests 768
/usr/local/src/gcc-binutils/trunk/objdir/gcc/xgcc version 3.4 20030327 (experimental)
=== g++ tests ===
Running target unix/-m32
FAIL: g++.dg/compat/break/bitfield7 y_tst.o compile
UNRESOLVED: g++.dg/compat/break/bitfield7 x_tst.o-y_tst.o link
UNRESOLVED: g++.dg/compat/break/bitfield7 x_tst.o-y_tst.o execute
FAIL: g++.dg/parse/stack1.C (test for excess errors)
FAIL: g++.dg/pch/empty.C (test for excess errors)
FAIL: g++.dg/pch/empty.C (test for excess errors)
FAIL: g++.dg/pch/empty.C (test for excess errors)
FAIL: g++.dg/pch/system-1.C (test for excess errors)
FAIL: g++.dg/pch/system-1.C (test for excess errors)
FAIL: g++.dg/pch/system-1.C (test for excess errors)
FAIL: g++.dg/pch/uninst.C (test for excess errors)
FAIL: g++.dg/pch/uninst.C (test for excess errors)
=== g++ Summary for unix/-m32 ===
# of expected passes 8368
# of unexpected failures 10
# of expected failures 69
# of unresolved testcases 2
# of untested testcases 31
# of unsupported tests 18
Running target unix/-fPIC
FAIL: g++.dg/parse/stack1.C (test for excess errors)
FAIL: g++.dg/pch/empty.C (test for excess errors)
FAIL: g++.dg/pch/empty.C (test for excess errors)
FAIL: g++.dg/pch/empty.C (test for excess errors)
FAIL: g++.dg/pch/system-1.C (test for excess errors)
FAIL: g++.dg/pch/system-1.C (test for excess errors)
FAIL: g++.dg/pch/system-1.C (test for excess errors)
FAIL: g++.dg/pch/uninst.C (test for excess errors)
FAIL: g++.dg/pch/uninst.C (test for excess errors)
FAIL: g++.law/profile1.C Execution test
=== g++ Summary for unix/-fPIC ===
# of expected passes 8369
# of unexpected failures 10
# of expected failures 70
# of untested testcases 31
# of unsupported tests 18
Running target unix/-fpic
FAIL: g++.dg/parse/stack1.C (test for excess errors)
FAIL: g++.dg/pch/empty.C (test for excess errors)
FAIL: g++.dg/pch/empty.C (test for excess errors)
FAIL: g++.dg/pch/empty.C (test for excess errors)
FAIL: g++.dg/pch/system-1.C (test for excess errors)
FAIL: g++.dg/pch/system-1.C (test for excess errors)
FAIL: g++.dg/pch/system-1.C (test for excess errors)
FAIL: g++.dg/pch/uninst.C (test for excess errors)
FAIL: g++.dg/pch/uninst.C (test for excess errors)
FAIL: g++.law/profile1.C Execution test
=== g++ Summary for unix/-fpic ===
# of expected passes 8369
# of unexpected failures 10
# of expected failures 70
# of untested testcases 31
# of unsupported tests 18
Running target unix
FAIL: g++.dg/parse/stack1.C (test for excess errors)
FAIL: g++.dg/pch/empty.C (test for excess errors)
FAIL: g++.dg/pch/empty.C (test for excess errors)
FAIL: g++.dg/pch/empty.C (test for excess errors)
FAIL: g++.dg/pch/system-1.C (test for excess errors)
FAIL: g++.dg/pch/system-1.C (test for excess errors)
FAIL: g++.dg/pch/system-1.C (test for excess errors)
FAIL: g++.dg/pch/uninst.C (test for excess errors)
FAIL: g++.dg/pch/uninst.C (test for excess errors)
FAIL: g++.law/profile1.C Execution test
=== g++ Summary for unix ===
# of expected passes 8369
# of unexpected failures 10
# of expected failures 70
# of untested testcases 31
# of unsupported tests 18
=== g++ Summary ===
# of expected passes 33475
# of unexpected failures 40
# of expected failures 279
# of unresolved testcases 2
# of untested testcases 124
# of unsupported tests 72
/usr/local/src/gcc-binutils/trunk/objdir/gcc/testsuite/../g++ version 3.4 20030327 (experimental)
=== objc tests ===
Running target unix/-m32
=== objc Summary for unix/-m32 ===
# of expected passes 1153
Running target unix/-fPIC
=== objc Summary for unix/-fPIC ===
# of expected passes 1153
Running target unix/-fpic
=== objc Summary for unix/-fpic ===
# of expected passes 1153
Running target unix
=== objc Summary for unix ===
# of expected passes 1153
=== objc Summary ===
# of expected passes 4612
/usr/local/src/gcc-binutils/trunk/objdir/gcc/xgcc version 3.4 20030327 (experimental)
=== ld tests ===
Running target unix/-m32
FAIL: cdtest
FAIL: cdtest with -Ur
FAIL: visibility (hidden) (non PIC)
FAIL: visibility (hidden) (non PIC, load offset)
FAIL: visibility (hidden)
FAIL: visibility (hidden) (PIC main, non PIC so)
FAIL: visibility (hidden) (PIC main)
FAIL: visibility (hidden_normal) (non PIC)
FAIL: visibility (hidden_normal) (non PIC, load offset)
FAIL: visibility (hidden_normal)
FAIL: visibility (hidden_normal) (PIC main, non PIC so)
FAIL: visibility (hidden_normal) (PIC main)
FAIL: visibility (hidden_undef_def) (non PIC)
FAIL: visibility (hidden_undef_def) (non PIC, load offset)
FAIL: visibility (hidden_undef_def)
FAIL: visibility (hidden_undef_def) (PIC main, non PIC so)
FAIL: visibility (hidden_undef_def) (PIC main)
FAIL: visibility (hidden_weak) (non PIC)
FAIL: visibility (hidden_weak) (non PIC, load offset)
FAIL: visibility (hidden_weak)
FAIL: visibility (hidden_weak) (PIC main, non PIC so)
FAIL: visibility (hidden_weak) (PIC main)
FAIL: visibility (protected_weak) (non PIC)
FAIL: visibility (protected_weak) (non PIC, load offset)
FAIL: visibility (protected_weak)
FAIL: visibility (protected_weak) (PIC main, non PIC so)
FAIL: visibility (protected_weak) (PIC main)
FAIL: visibility (normal) (non PIC)
FAIL: visibility (normal) (non PIC, load offset)
FAIL: visibility (normal)
FAIL: visibility (normal) (PIC main, non PIC so)
FAIL: visibility (normal) (PIC main)
FAIL: ELF weak
FAIL: selective1
FAIL: selective2
FAIL: selective3
FAIL: selective4
FAIL: selective5
FAIL: shared (non PIC)
FAIL: shared (non PIC, load offset)
FAIL: shared
FAIL: shared -Bsymbolic
FAIL: shared (PIC main, non PIC so)
FAIL: shared (PIC main)
FAIL: TLS -fpic -shared transitions
FAIL: TLS -fpic and -fno-pic exec transitions
FAIL: TLS -fno-pic -shared
FAIL: S-records
FAIL: S-records with constructors
=== ld Summary for unix/-m32 ===
# of expected passes 85
# of unexpected failures 49
# of expected failures 12
Running target unix/-fPIC
FAIL: selective1
FAIL: selective2
ERROR: /usr/local/src/gcc-binutils/trunk/gcc-binutils/ld/testsuite/ld-selective/3.cc: compilation failed
UNRESOLVED: selective4
ERROR: /usr/local/src/gcc-binutils/trunk/gcc-binutils/ld/testsuite/ld-selective/4.cc: compilation failed
UNRESOLVED: selective5
ERROR: /usr/local/src/gcc-binutils/trunk/gcc-binutils/ld/testsuite/ld-selective/5.cc: compilation failed
UNRESOLVED: selective6
FAIL: TLS -fpic -shared transitions
FAIL: TLS -fpic and -fno-pic exec transitions
FAIL: TLS -fno-pic -shared
FAIL: S-records
FAIL: S-records with constructors
=== ld Summary for unix/-fPIC ===
# of expected passes 144
# of unexpected failures 7
# of expected failures 13
# of unresolved testcases 3
Running target unix/-fpic
FAIL: vers3
FAIL: vers4
FAIL: vers4a
FAIL: vers6
FAIL: vers15
FAIL: vers19
FAIL: selective1
FAIL: selective2
ERROR: /usr/local/src/gcc-binutils/trunk/gcc-binutils/ld/testsuite/ld-selective/3.cc: compilation failed
UNRESOLVED: selective4
ERROR: /usr/local/src/gcc-binutils/trunk/gcc-binutils/ld/testsuite/ld-selective/4.cc: compilation failed
UNRESOLVED: selective5
ERROR: /usr/local/src/gcc-binutils/trunk/gcc-binutils/ld/testsuite/ld-selective/5.cc: compilation failed
UNRESOLVED: selective6
FAIL: TLS -fpic -shared transitions
FAIL: TLS -fpic and -fno-pic exec transitions
FAIL: TLS -fno-pic -shared
FAIL: S-records
FAIL: S-records with constructors
=== ld Summary for unix/-fpic ===
# of expected passes 138
# of unexpected failures 13
# of expected failures 13
# of unresolved testcases 3
Running target unix
FAIL: visibility (hidden_normal) (non PIC)
FAIL: visibility (hidden_normal) (non PIC, load offset)
FAIL: visibility (hidden_normal) (PIC main, non PIC so)
FAIL: visibility (hidden_weak) (non PIC)
FAIL: visibility (hidden_weak) (non PIC, load offset)
FAIL: visibility (hidden_weak) (PIC main, non PIC so)
FAIL: visibility (protected) (non PIC)
FAIL: visibility (protected) (non PIC, load offset)
FAIL: visibility (protected) (PIC main, non PIC so)
FAIL: visibility (protected_undef_def) (non PIC)
FAIL: visibility (protected_undef_def) (non PIC, load offset)
FAIL: visibility (protected_undef_def) (PIC main, non PIC so)
FAIL: visibility (protected_weak) (non PIC)
FAIL: visibility (protected_weak) (non PIC, load offset)
FAIL: visibility (protected_weak) (PIC main, non PIC so)
FAIL: visibility (normal) (non PIC)
FAIL: visibility (normal) (non PIC, load offset)
FAIL: visibility (normal) (PIC main, non PIC so)
FAIL: selective1
FAIL: selective2
ERROR: /usr/local/src/gcc-binutils/trunk/gcc-binutils/ld/testsuite/ld-selective/3.cc: compilation failed
UNRESOLVED: selective4
ERROR: /usr/local/src/gcc-binutils/trunk/gcc-binutils/ld/testsuite/ld-selective/4.cc: compilation failed
UNRESOLVED: selective5
ERROR: /usr/local/src/gcc-binutils/trunk/gcc-binutils/ld/testsuite/ld-selective/5.cc: compilation failed
UNRESOLVED: selective6
FAIL: shared (non PIC)
FAIL: shared (non PIC, load offset)
FAIL: shared (PIC main, non PIC so)
FAIL: TLS -fpic -shared transitions
FAIL: TLS -fpic and -fno-pic exec transitions
FAIL: TLS -fno-pic -shared
=== ld Summary for unix ===
# of expected passes 125
# of unexpected failures 26
# of expected failures 13
# of unresolved testcases 3
=== ld Summary ===
# of expected passes 492
# of unexpected failures 95
# of expected failures 51
# of unresolved testcases 9
=== libjava tests ===
Running target unix/-m32
FAIL: longfield output
FAIL: calls output
FAIL: cxxtest output
FAIL: field output
FAIL: final_method output
FAIL: findclass output
FAIL: invoke output
FAIL: martin output
FAIL: noclass output
FAIL: overload output
FAIL: register output
FAIL: simple_int output
FAIL: throwit run
FAIL: virtual output
FAIL: ArrayStore output - source compiled test
FAIL: ArrayStore -O output - source compiled test
FAIL: ArrayStore2 output - bytecode->native test
FAIL: ArrayStore2 -O output - bytecode->native test
FAIL: Array_1 output - source compiled test
FAIL: Array_1 output - bytecode->native test
FAIL: Array_1 -O output - source compiled test
FAIL: Array_1 -O output - bytecode->native test
FAIL: Array_2 output - source compiled test
FAIL: Array_2 output - bytecode->native test
FAIL: Array_2 -O output - source compiled test
FAIL: Array_2 -O output - bytecode->native test
FAIL: Class_1 output - source compiled test
FAIL: Class_1 output - bytecode->native test
FAIL: Class_1 -O output - source compiled test
FAIL: Class_1 -O output - bytecode->native test
FAIL: CompareNaN output - source compiled test
FAIL: CompareNaN output - bytecode->native test
FAIL: CompareNaN -O output - source compiled test
FAIL: CompareNaN -O output - bytecode->native test
FAIL: Divide_1 output - source compiled test
FAIL: Divide_1 output - bytecode->native test
FAIL: Divide_1 -O output - source compiled test
FAIL: Divide_1 -O output - bytecode->native test
FAIL: EvaluationOrder output - source compiled test
FAIL: EvaluationOrder output - bytecode->native test
FAIL: EvaluationOrder -O output - source compiled test
FAIL: EvaluationOrder -O output - bytecode->native test
FAIL: Final output - source compiled test
FAIL: Final output - bytecode->native test
FAIL: Final -O output - source compiled test
FAIL: Final -O output - bytecode->native test
FAIL: Float_1 output - source compiled test
FAIL: Float_1 output - bytecode->native test
FAIL: Float_1 -O output - source compiled test
FAIL: Float_1 -O output - bytecode->native test
FAIL: G19990301_01 output - source compiled test
FAIL: G19990301_01 output - bytecode->native test
FAIL: G19990301_01 -O output - source compiled test
FAIL: G19990301_01 -O output - bytecode->native test
FAIL: G19990302_02 output - source compiled test
FAIL: G19990302_02 output - bytecode->native test
FAIL: G19990302_02 -O output - source compiled test
FAIL: G19990302_02 -O output - bytecode->native test
FAIL: G19990303_01 output - source compiled test
FAIL: G19990303_01 output - bytecode->native test
FAIL: G19990303_01 -O output - source compiled test
FAIL: G19990303_01 -O output - bytecode->native test
FAIL: G19990303_02 output - source compiled test
FAIL: G19990303_02 output - bytecode->native test
FAIL: G19990303_02 -O output - source compiled test
FAIL: G19990303_02 -O output - bytecode->native test
FAIL: G19990304_01 output - source compiled test
FAIL: G19990304_01 output - bytecode->native test
FAIL: G19990304_01 -O output - source compiled test
FAIL: G19990304_01 -O output - bytecode->native test
FAIL: G19990310_01 output - source compiled test
FAIL: G19990310_01 output - bytecode->native test
FAIL: G19990310_01 -O output - source compiled test
FAIL: G19990310_01 -O output - bytecode->native test
FAIL: II output - source compiled test
FAIL: II output - bytecode->native test
FAIL: II -O output - source compiled test
FAIL: II -O output - bytecode->native test
FAIL: InterfaceDispatch output - source compiled test
FAIL: InterfaceDispatch output - bytecode->native test
FAIL: InterfaceDispatch -O output - source compiled test
FAIL: InterfaceDispatch -O output - bytecode->native test
FAIL: InvokeReturn execution - source compiled test
FAIL: InvokeReturn execution - bytecode->native test
FAIL: InvokeReturn -O execution - source compiled test
FAIL: InvokeReturn -O execution - bytecode->native test
FAIL: Invoke_1 output - source compiled test
FAIL: Invoke_1 output - bytecode->native test
FAIL: Invoke_1 -O output - source compiled test
FAIL: Invoke_1 -O output - bytecode->native test
FAIL: Invoke_2 output - source compiled test
FAIL: Invoke_2 output - bytecode->native test
FAIL: Invoke_2 -O output - source compiled test
FAIL: Invoke_2 -O output - bytecode->native test
FAIL: KeepInline output - source compiled test
FAIL: KeepInline output - bytecode->native test
FAIL: KeepInline -O output - source compiled test
FAIL: KeepInline -O output - bytecode->native test
FAIL: Matrix4f output - source compiled test
FAIL: Matrix4f output - bytecode->native test
FAIL: Matrix4f -O output - source compiled test
FAIL: Matrix4f -O output - bytecode->native test
FAIL: N19990310_02 output - source compiled test
FAIL: N19990310_02 output - bytecode->native test
FAIL: N19990310_02 -O output - source compiled test
FAIL: N19990310_02 -O output - bytecode->native test
FAIL: N19990310_3 output - source compiled test
FAIL: N19990310_3 output - bytecode->native test
FAIL: N19990310_3 -O output - source compiled test
FAIL: N19990310_3 -O output - bytecode->native test
FAIL: N19990310_4 output - source compiled test
FAIL: N19990310_4 output - bytecode->native test
FAIL: N19990310_4 -O output - source compiled test
FAIL: N19990310_4 -O output - bytecode->native test
FAIL: N19990310_5 output - source compiled test
FAIL: N19990310_5 output - bytecode->native test
FAIL: N19990310_5 -O output - source compiled test
FAIL: N19990310_5 -O output - bytecode->native test
FAIL: PR141 execution - source compiled test
FAIL: PR141 execution - bytecode->native test
FAIL: PR141 -O output - source compiled test
FAIL: PR141 -O output - bytecode->native test
FAIL: PR160 output - source compiled test
FAIL: PR160 output - bytecode->native test
FAIL: PR160 -O output - source compiled test
FAIL: PR160 -O output - bytecode->native test
FAIL: PR162 output - source compiled test
FAIL: PR162 output - bytecode->native test
FAIL: PR162 -O output - source compiled test
FAIL: PR162 -O output - bytecode->native test
FAIL: PR218 output - source compiled test
FAIL: PR218 output - bytecode->native test
FAIL: PR218 -O output - source compiled test
FAIL: PR218 -O output - bytecode->native test
FAIL: PR242 output - source compiled test
FAIL: PR242 output - bytecode->native test
FAIL: PR242 -O output - source compiled test
FAIL: PR242 -O output - bytecode->native test
FAIL: PR260 output - source compiled test
FAIL: PR260 output - bytecode->native test
FAIL: PR260 -O output - source compiled test
FAIL: PR260 -O output - bytecode->native test
FAIL: PR3096 output - source compiled test
FAIL: PR3096 output - bytecode->native test
FAIL: PR3096 -O output - source compiled test
FAIL: PR3096 -O output - bytecode->native test
FAIL: PR3731 output - source compiled test
FAIL: PR3731 output - bytecode->native test
FAIL: PR3731 -O output - source compiled test
FAIL: PR3731 -O output - bytecode->native test
FAIL: PR5057 output - source compiled test
FAIL: PR5057 output - bytecode->native test
FAIL: PR5057 -O output - source compiled test
FAIL: PR5057 -O output - bytecode->native test
FAIL: PR5057_2 output - source compiled test
FAIL: PR5057_2 output - bytecode->native test
FAIL: PR5057_2 -O output - source compiled test
FAIL: PR5057_2 -O output - bytecode->native test
FAIL: PR55 output - source compiled test
FAIL: PR55 output - bytecode->native test
FAIL: PR55 -O output - source compiled test
FAIL: PR55 -O output - bytecode->native test
FAIL: PR6085 output - source compiled test
FAIL: PR6085 output - bytecode->native test
FAIL: PR6085 -O output - source compiled test
FAIL: PR6085 -O output - bytecode->native test
FAIL: PR6204 output - source compiled test
FAIL: PR6204 output - bytecode->native test
FAIL: PR6204 -O output - source compiled test
FAIL: PR6204 -O output - bytecode->native test
FAIL: PR6729 output - source compiled test
FAIL: PR6729 output - bytecode->native test
FAIL: PR6729 -O output - source compiled test
FAIL: PR6729 -O output - bytecode->native test
FAIL: PR6820 output - source compiled test
FAIL: PR6820 output - bytecode->native test
FAIL: PR6820 -O output - source compiled test
FAIL: PR6820 -O output - bytecode->native test
FAIL: Shazam output - source compiled test
FAIL: Shazam output - bytecode->native test
FAIL: Shazam -O output - source compiled test
FAIL: Shazam -O output - bytecode->native test
FAIL: StaticConstructor output - source compiled test
FAIL: StaticConstructor output - bytecode->native test
FAIL: StaticConstructor -O output - source compiled test
FAIL: StaticConstructor -O output - bytecode->native test
FAIL: StringBuffer_1 output - source compiled test
FAIL: StringBuffer_1 output - bytecode->native test
FAIL: StringBuffer_1 -O output - source compiled test
FAIL: StringBuffer_1 -O output - bytecode->native test
FAIL: SyncGlobal output - source compiled test
FAIL: SyncGlobal output - bytecode->native test
FAIL: SyncGlobal -O output - source compiled test
FAIL: SyncGlobal -O output - bytecode->native test
FAIL: SyncTest output - source compiled test
FAIL: SyncTest execution - gij test
WARNING: program timed out.
FAIL: SyncTest execution - bytecode->native test
FAIL: SyncTest -O output - source compiled test
WARNING: program timed out.
FAIL: SyncTest execution - gij test
FAIL: SyncTest -O execution - bytecode->native test
FAIL: Synch output - source compiled test
FAIL: Synch output - bytecode->native test
FAIL: Synch -O output - source compiled test
FAIL: Synch -O output - bytecode->native test
FAIL: TLtest output - source compiled test
FAIL: TLtest output - bytecode->native test
FAIL: TLtest -O output - source compiled test
FAIL: TLtest -O output - bytecode->native test
FAIL: TestProxy execution - source compiled test
FAIL: TestProxy execution - bytecode->native test
FAIL: TestProxy -O execution - source compiled test
FAIL: TestProxy -O execution - bytecode->native test
FAIL: Thread_Alive output - source compiled test
FAIL: Thread_Alive output - bytecode->native test
FAIL: Thread_Alive -O output - source compiled test
FAIL: Thread_Alive -O output - bytecode->native test
FAIL: Thread_Interrupt output - source compiled test
FAIL: Thread_Interrupt output - bytecode->native test
FAIL: Thread_Interrupt -O output - source compiled test
FAIL: Thread_Interrupt -O output - bytecode->native test
FAIL: Thread_Join output - source compiled test
FAIL: Thread_Join output - bytecode->native test
FAIL: Thread_Join -O output - source compiled test
FAIL: Thread_Join -O output - bytecode->native test
FAIL: Thread_Monitor output - source compiled test
FAIL: Thread_Monitor output - bytecode->native test
FAIL: Thread_Monitor -O output - source compiled test
FAIL: Thread_Monitor -O output - bytecode->native test
FAIL: Thread_Sleep output - source compiled test
FAIL: Thread_Sleep output - bytecode->native test
FAIL: Thread_Sleep -O output - source compiled test
FAIL: Thread_Sleep -O output - bytecode->native test
FAIL: Thread_Wait output - source compiled test
FAIL: Thread_Wait output - bytecode->native test
FAIL: Thread_Wait -O output - source compiled test
FAIL: Thread_Wait -O output - bytecode->native test
FAIL: Thread_Wait_2 output - source compiled test
FAIL: Thread_Wait_2 output - bytecode->native test
FAIL: Thread_Wait_2 -O output - source compiled test
FAIL: Thread_Wait_2 -O output - bytecode->native test
FAIL: Thread_Wait_Interrupt output - source compiled test
FAIL: Thread_Wait_Interrupt output - bytecode->native test
FAIL: Thread_Wait_Interrupt -O output - source compiled test
FAIL: Thread_Wait_Interrupt -O output - bytecode->native test
FAIL: anfi output - source compiled test
FAIL: anfi output - bytecode->native test
FAIL: anfi -O output - source compiled test
FAIL: anfi -O output - bytecode->native test
FAIL: anon output - source compiled test
FAIL: anon output - bytecode->native test
FAIL: anon -O output - source compiled test
FAIL: anon -O output - bytecode->native test
FAIL: anon2 output - source compiled test
FAIL: anon2 output - bytecode->native test
FAIL: anon2 -O output - source compiled test
FAIL: anon2 -O output - bytecode->native test
FAIL: anon3 output - source compiled test
FAIL: anon3 output - bytecode->native test
FAIL: anon3 -O output - source compiled test
FAIL: anon3 -O output - bytecode->native test
FAIL: anon4 output - source compiled test
FAIL: anon4 output - bytecode->native test
FAIL: anon4 -O output - source compiled test
FAIL: anon4 -O output - bytecode->native test
FAIL: anon_ctor_itf_arg output - source compiled test
FAIL: anon_ctor_itf_arg output - bytecode->native test
FAIL: anon_ctor_itf_arg -O output - source compiled test
FAIL: anon_ctor_itf_arg -O output - bytecode->native test
FAIL: anonarray output - source compiled test
FAIL: anonarray output - bytecode->native test
FAIL: anonarray -O output - source compiled test
FAIL: anonarray -O output - bytecode->native test
FAIL: anonarray2 output - source compiled test
FAIL: anonarray2 output - bytecode->native test
FAIL: anonarray2 -O output - source compiled test
FAIL: anonarray2 -O output - bytecode->native test
FAIL: anonarray3 output - source compiled test
FAIL: anonarray3 output - bytecode->native test
FAIL: anonarray3 -O output - source compiled test
FAIL: anonarray3 -O output - bytecode->native test
FAIL: direct_read output - source compiled test
FAIL: direct_read output - bytecode->native test
FAIL: direct_read -O output - source compiled test
FAIL: direct_read -O output - bytecode->native test
FAIL: direct_write output - source compiled test
FAIL: direct_write output - bytecode->native test
FAIL: direct_write -O output - source compiled test
FAIL: direct_write -O output - bytecode->native test
FAIL: emptystring output - source compiled test
FAIL: emptystring output - bytecode->native test
FAIL: emptystring -O output - source compiled test
FAIL: emptystring -O output - bytecode->native test
FAIL: err1 output - source compiled test
FAIL: err1 output - bytecode->native test
FAIL: err1 -O output - source compiled test
FAIL: err1 -O output - bytecode->native test
FAIL: err10 output - source compiled test
FAIL: err10 output - bytecode->native test
FAIL: err10 -O output - source compiled test
FAIL: err10 -O output - bytecode->native test
FAIL: err11 output - source compiled test
FAIL: err11 output - bytecode->native test
FAIL: err11 -O output - source compiled test
FAIL: err11 -O output - bytecode->native test
FAIL: err12 output - source compiled test
FAIL: err12 output - bytecode->native test
FAIL: err12 -O output - source compiled test
FAIL: err12 -O output - bytecode->native test
FAIL: err13 output - source compiled test
FAIL: err13 output - bytecode->native test
FAIL: err13 -O output - source compiled test
FAIL: err13 -O output - bytecode->native test
FAIL: err2 output - source compiled test
FAIL: err2 output - bytecode->native test
FAIL: err2 -O output - source compiled test
FAIL: err2 -O output - bytecode->native test
FAIL: err3 output - source compiled test
FAIL: err3 output - bytecode->native test
FAIL: err3 -O output - source compiled test
FAIL: err3 -O output - bytecode->native test
FAIL: err4 output - source compiled test
FAIL: err4 output - bytecode->native test
FAIL: err4 -O output - source compiled test
FAIL: err4 -O output - bytecode->native test
FAIL: err5 output - source compiled test
FAIL: err5 output - bytecode->native test
FAIL: err5 -O output - source compiled test
FAIL: err5 -O output - bytecode->native test
FAIL: err6 output - source compiled test
FAIL: err6 output - bytecode->native test
FAIL: err6 -O output - source compiled test
FAIL: err6 -O output - bytecode->native test
FAIL: err7 output - source compiled test
FAIL: err7 output - bytecode->native test
FAIL: err7 -O output - source compiled test
FAIL: err7 -O output - bytecode->native test
FAIL: err8 output - source compiled test
FAIL: err8 output - bytecode->native test
FAIL: err8 -O output - source compiled test
FAIL: err8 -O output - bytecode->native test
FAIL: err9 output - source compiled test
FAIL: err9 output - bytecode->native test
FAIL: err9 -O output - source compiled test
FAIL: err9 -O output - bytecode->native test
FAIL: final_inner output - source compiled test
FAIL: final_inner output - bytecode->native test
FAIL: final_inner -O output - source compiled test
FAIL: final_inner -O output - bytecode->native test
FAIL: final_int output - source compiled test
FAIL: final_int output - bytecode->native test
FAIL: final_int -O output - source compiled test
FAIL: final_int -O output - bytecode->native test
FAIL: final_static_and_friend output - source compiled test
FAIL: final_static_and_friend output - bytecode->native test
FAIL: final_static_and_friend -O output - source compiled test
FAIL: final_static_and_friend -O output - bytecode->native test
FAIL: indirect output - source compiled test
FAIL: indirect output - bytecode->native test
FAIL: indirect -O output - source compiled test
FAIL: indirect -O output - bytecode->native test
FAIL: indirect_read output - source compiled test
FAIL: indirect_read output - bytecode->native test
FAIL: indirect_read -O output - source compiled test
FAIL: indirect_read -O output - bytecode->native test
FAIL: indirect_write output - source compiled test
FAIL: indirect_write output - bytecode->native test
FAIL: indirect_write -O output - source compiled test
FAIL: indirect_write -O output - bytecode->native test
FAIL: inline output - source compiled test
FAIL: inline output - bytecode->native test
FAIL: inline -O output - source compiled test
FAIL: inline -O output - bytecode->native test
FAIL: inner1 output - source compiled test
FAIL: inner1 output - bytecode->native test
FAIL: inner1 -O output - source compiled test
FAIL: inner1 -O output - bytecode->native test
FAIL: inner2 output - source compiled test
FAIL: inner2 output - bytecode->native test
FAIL: inner2 -O output - source compiled test
FAIL: inner2 -O output - bytecode->native test
FAIL: inner3 output - source compiled test
FAIL: inner3 output - bytecode->native test
FAIL: inner3 -O output - source compiled test
FAIL: inner3 -O output - bytecode->native test
FAIL: inner4 output - source compiled test
FAIL: inner4 output - bytecode->native test
FAIL: inner4 -O output - source compiled test
FAIL: inner4 -O output - bytecode->native test
FAIL: inner_array output - source compiled test
FAIL: inner_array output - bytecode->native test
FAIL: inner_array -O output - source compiled test
FAIL: inner_array -O output - bytecode->native test
FAIL: inner_interface output - source compiled test
FAIL: inner_interface output - bytecode->native test
FAIL: inner_interface -O output - source compiled test
FAIL: inner_interface -O output - bytecode->native test
FAIL: instance output - source compiled test
FAIL: instance output - bytecode->native test
FAIL: instance -O output - source compiled test
FAIL: instance -O output - bytecode->native test
FAIL: instinit output - source compiled test
FAIL: instinit output - bytecode->native test
FAIL: instinit -O output - source compiled test
FAIL: instinit -O output - bytecode->native test
FAIL: instinit2 output - source compiled test
FAIL: instinit2 output - bytecode->native test
FAIL: instinit2 -O output - source compiled test
FAIL: instinit2 -O output - bytecode->native test
FAIL: invoke_from_inner output - source compiled test
FAIL: invoke_from_inner output - bytecode->native test
FAIL: invoke_from_inner -O output - source compiled test
FAIL: invoke_from_inner -O output - bytecode->native test
FAIL: invokethrow output - source compiled test
FAIL: invokethrow output - bytecode->native test
FAIL: invokethrow -O output - source compiled test
FAIL: invokethrow -O output - bytecode->native test
FAIL: klass output - source compiled test
FAIL: klass output - bytecode->native test
FAIL: klass -O output - source compiled test
FAIL: klass -O output - bytecode->native test
FAIL: multiple_finit output - source compiled test
FAIL: multiple_finit output - bytecode->native test
FAIL: multiple_finit -O output - source compiled test
FAIL: multiple_finit -O output - bytecode->native test
FAIL: negzero execution - source compiled test
FAIL: negzero execution - bytecode->native test
FAIL: negzero -O execution - source compiled test
FAIL: negzero -O execution - bytecode->native test
FAIL: nested_with_ctor output - source compiled test
FAIL: nested_with_ctor output - bytecode->native test
FAIL: nested_with_ctor -O output - source compiled test
FAIL: nested_with_ctor -O output - bytecode->native test
FAIL: override output - source compiled test
FAIL: override output - bytecode->native test
FAIL: override -O output - source compiled test
FAIL: override -O output - bytecode->native test
FAIL: pr109 output - source compiled test
FAIL: pr109 output - bytecode->native test
FAIL: pr109 -O output - source compiled test
FAIL: pr109 -O output - bytecode->native test
FAIL: pr133 output - source compiled test
FAIL: pr133 output - bytecode->native test
FAIL: pr133 -O output - source compiled test
FAIL: pr133 -O output - bytecode->native test
FAIL: pr179 output - source compiled test
FAIL: pr179 output - bytecode->native test
FAIL: pr179 -O output - source compiled test
FAIL: pr179 -O output - bytecode->native test
FAIL: pr184 output - source compiled test
FAIL: pr184 output - bytecode->native test
FAIL: pr184 -O output - source compiled test
FAIL: pr184 -O output - bytecode->native test
FAIL: pr6388 output - source compiled test
FAIL: pr6388 output - bytecode->native test
FAIL: pr6388 -O output - source compiled test
FAIL: pr6388 -O output - bytecode->native test
FAIL: pr83 output - source compiled test
FAIL: pr83 output - bytecode->native test
FAIL: pr83 -O output - source compiled test
FAIL: pr83 -O output - bytecode->native test
FAIL: pr8415 output - source compiled test
FAIL: pr8415 output - bytecode->native test
FAIL: pr8415 -O output - source compiled test
FAIL: pr8415 -O output - bytecode->native test
FAIL: pr8823 output - source compiled test
FAIL: pr8823 -O output - source compiled test
FAIL: pr8945 output - source compiled test
FAIL: pr8945 output - bytecode->native test
FAIL: pr8945 -O output - source compiled test
FAIL: pr8945 -O output - bytecode->native test
FAIL: private_direct_read output - source compiled test
FAIL: private_direct_read output - bytecode->native test
FAIL: private_direct_read -O output - source compiled test
FAIL: private_direct_read -O output - bytecode->native test
FAIL: search_outer output - source compiled test
FAIL: search_outer output - bytecode->native test
FAIL: search_outer -O output - source compiled test
FAIL: search_outer -O output - bytecode->native test
FAIL: stringconst output - bytecode->native test
FAIL: stringconst -O output - bytecode->native test
FAIL: stub output - source compiled test
FAIL: stub output - bytecode->native test
FAIL: stub -O output - source compiled test
FAIL: stub -O output - bytecode->native test
FAIL: test_long output - source compiled test
FAIL: test_long output - bytecode->native test
FAIL: test_long -O output - source compiled test
FAIL: test_long -O output - bytecode->native test
FAIL: tmi output - source compiled test
FAIL: tmi output - bytecode->native test
FAIL: tmi -O output - source compiled test
FAIL: tmi -O output - bytecode->native test
FAIL: tp output - source compiled test
FAIL: tp output - bytecode->native test
FAIL: tp -O output - source compiled test
FAIL: tp -O output - bytecode->native test
FAIL: update_outer output - source compiled test
FAIL: update_outer output - bytecode->native test
FAIL: update_outer -O output - source compiled test
FAIL: update_outer -O output - bytecode->native test
FAIL: utilTest output - source compiled test
FAIL: utilTest output - bytecode->native test
FAIL: utilTest -O output - source compiled test
FAIL: utilTest -O output - bytecode->native test
=== libjava Summary for unix/-m32 ===
# of expected passes 2449
# of unexpected failures 504
# of expected failures 16
# of untested testcases 31
Running target unix/-fPIC
FAIL: cxxtest output
WARNING: program timed out.
FAIL: SyncTest execution - gij test
WARNING: program timed out.
FAIL: SyncTest execution - bytecode->native test
FAIL: SyncTest execution - gij test
FAIL: SyncTest -O execution - bytecode->native test
=== libjava Summary for unix/-fPIC ===
# of expected passes 2962
# of unexpected failures 5
# of expected failures 16
# of untested testcases 16
Running target unix/-fpic
FAIL: cxxtest output
WARNING: program timed out.
FAIL: SyncTest execution - gij test
FAIL: SyncTest execution - bytecode->native test
FAIL: SyncTest execution - gij test
FAIL: SyncTest -O execution - bytecode->native test
=== libjava Summary for unix/-fpic ===
# of expected passes 2962
# of unexpected failures 5
# of expected failures 16
# of untested testcases 16
Running target unix
FAIL: cxxtest output
FAIL: SyncTest execution - gij test
WARNING: program timed out.
FAIL: SyncTest execution - bytecode->native test
FAIL: SyncTest execution - gij test
FAIL: SyncTest -O execution - bytecode->native test
FAIL: Thread_Sleep -O output - bytecode->native test
=== libjava Summary for unix ===
# of expected passes 2961
# of unexpected failures 6
# of expected failures 16
# of untested testcases 16
=== libjava Summary ===
# of expected passes 11334
# of unexpected failures 520
# of expected failures 64
# of untested testcases 79
=== libstdc++-v3 tests ===
Running target unix/-m32
FAIL: 22_locale/codecvt/encoding/wchar_t/wrapped_locale.cc execution test
FAIL: 22_locale/codecvt/max_length/wchar_t/wrapped_locale.cc execution test
FAIL: 22_locale/ctype/widen/wchar_t/2.cc execution test
FAIL: 22_locale/messages/members/char/1.cc execution test
FAIL: 22_locale/messages/members/char/2.cc execution test
FAIL: 22_locale/messages/members/char/wrapped_env.cc execution test
FAIL: 22_locale/messages/members/char/wrapped_locale.cc execution test
FAIL: 22_locale/messages_byname/1.cc execution test
FAIL: 23_containers/bitset_members.cc execution test
FAIL: 23_containers/bitset_shift.cc execution test
WARNING: program timed out.
FAIL: thread/pthread5.cc execution test
=== libstdc++-v3 Summary for unix/-m32 ===
# of expected passes 1324
# of unexpected failures 11
# of expected failures 2
Running target unix/-fPIC
FAIL: 22_locale/codecvt/encoding/wchar_t/wrapped_locale.cc execution test
FAIL: 22_locale/codecvt/max_length/wchar_t/wrapped_locale.cc execution test
FAIL: 22_locale/ctype/widen/wchar_t/2.cc execution test
WARNING: program timed out.
FAIL: thread/pthread4.cc execution test
=== libstdc++-v3 Summary for unix/-fPIC ===
# of expected passes 1331
# of unexpected failures 4
# of expected failures 2
Running target unix/-fpic
FAIL: 22_locale/codecvt/encoding/wchar_t/wrapped_locale.cc execution test
FAIL: 22_locale/codecvt/max_length/wchar_t/wrapped_locale.cc execution test
FAIL: 22_locale/ctype/widen/wchar_t/2.cc execution test
WARNING: program timed out.
FAIL: thread/pthread4.cc execution test
=== libstdc++-v3 Summary for unix/-fpic ===
# of expected passes 1331
# of unexpected failures 4
# of expected failures 2
Running target unix
FAIL: 22_locale/codecvt/encoding/wchar_t/wrapped_locale.cc execution test
FAIL: 22_locale/codecvt/max_length/wchar_t/wrapped_locale.cc execution test
FAIL: 22_locale/ctype/widen/wchar_t/2.cc execution test
WARNING: program timed out.
FAIL: thread/pthread4.cc execution test
=== libstdc++-v3 Summary for unix ===
# of expected passes 1331
# of unexpected failures 4
# of expected failures 2
=== libstdc++-v3 Summary ===
# of expected passes 5317
# of unexpected failures 23
# of expected failures 8
Compiler version: 3.4 20030327 (experimental)
Platform: sparc64-unknown-linux-gnu
configure flags: sparc64-linux --prefix=/usr/local/gcc-binutils --enable-shared --enable-threads=posix --enable-checking
Counting all warnings,
there are 228 warnings in stage0 of this bootstrap.
Number of warnings per file:
62 libiberty/regex.c
19 libjava/java/lang/mprec.c
12 libjava/gnu/java/nio/natSocketChannelImpl.cc
12 libjava/gnu/java/nio/natFileChannelImpl.cc
12 libiberty/hashtab.c
9 java/lang/Integer.h
8 libjava/java/lang/strtod.c
8 libjava/java/lang/dtoa.c
7 include/xregex2.h
6 libjava/java/lang/natClassLoader.cc
6 libjava/java/lang/e_exp.c
6 libf2c/libI77/rsne.c
6 fastjar/jartool.c
4 libobjc/linking.m
4 libjava/java/lang/w_exp.c
4 libffi/src/sparc/v8.S
2 /usr/local/src/gcc-binutils/trunk/gcc-binutils/boehm-gc/mark_rts.c
2 runtime-info.h
2 libobjc/Protocol.m
2 libobjc/Object.m
2 libobjc/encoding.c
2 libjava/verify.cc
2 libjava/prims.cc
2 libjava/jni.cc
2 libjava/java/lang/e_rem_pio2.c
2 libjava/java/lang/e_asin.c
2 libjava/gnu/gcj/runtime/natSharedLibLoader.cc
2 libjava/gnu/gcj/io/shs.cc
2 libiberty/md5.c
2 libffi/src/sparc/v9.S
2 libf2c/libI77/open.c
2 libf2c/libI77/inquire.c
2 java/net/natNetworkInterface.cc
2 include/java-signal.h
1 /usr/local/src/gcc-binutils/trunk/gcc-binutils/boehm-gc/dyn_load.c
1 /usr/local/src/gcc-binutils/trunk/gcc-binutils/bfd/elf.c
1 libf2c/libU77/srand_.c
1 libf2c/libU77/chmod_.c
1 libf2c/libI77/uio.c
1 lex.yy.c
1 configure
Number of warning types:
34 \`???' might be used uninitialized in this function
30 unused
24 signed and unsigned type in conditional expression
16 function \`???' was previously declared within a block
12 unused variable \`???'
12 suggest parentheses around + or - inside shift
9 this decimal constant is unsigned only in ISO
9 implicit declaration of function \`???'
9 \`???' defined but not used
8 dereferencing type-punned pointer will break strict-aliasing rules
7 ISO C90 does not support \`static' or type qualifiers in parameter array declarators
6 useless keyword or type name in empty declaration
6 unused parameter \`???'
6 empty declaration
4 suggest parentheses around assignment used as truth value
4 pointer targets in passing arg ??? of \`???' differ in signedness
4 comparison
3 this is the location of the previous definition
3 suggest parentheses around arithmetic in operand of |
3 \`STACKFRAME' redefined
2 string length \`???' is greater than the length \`???' ISO C89 compilers are required to support
2 statement
2 function returns address of local variable
2 \`???' defined but
2 comparison between signed and unsigned
2 comparison between signed and
2 cast
2 \`
1 comparison is always false due to limited range of data type
1 cast to pointer from integer of different size
1
Counting all warnings,
there are 12 warnings in stage3 of this bootstrap.
Number of warnings per file:
3 gcc/gcc.c
2 /usr/share/bison/bison.simple
2 gcc/objc/lang-specs.h
2 gcc/f/sta.c
2 gcc/crtstuff.c
1 gcc/java/jvspec.c
Number of warning types:
5 string length \`???' is greater than the length \`???' ISO C89 compilers are required to support
2 passing arg ??? of \`???' discards qualifiers from pointer target type
2 label \`???' defined but not used
2 dereferencing type-punned pointer will break strict-aliasing rules
1 traditional C rejects string concatenation