This is the mail archive of the gcc-testresults@gcc.gnu.org mailing list for the GCC project.
Index Nav: | [Date Index] [Subject Index] [Author Index] [Thread Index] | |
---|---|---|
Message Nav: | [Date Prev] [Date Next] | [Thread Prev] [Thread Next] |
Other format: | [Raw text] |
cat <<'EOF' | LAST_UPDATED: Native configuration is sparc64-sun-solaris2.8 === g++ tests === Running target unix === g++ Summary === # of expected passes 7349 # of expected failures 91 # of untested testcases 23 # of unsupported tests 4 /opt/gcc/gcc-3.2-branch/objdir/gcc/testsuite/../g++ version 3.2.3 20030326 (prerelease) === gcc tests === Running target unix WARNING: gcc.dg/20021014-1.c compilation failed to produce executable XPASS: gcc.dg/c99-intconst-1.c (test for excess errors) === gcc Summary === # of expected passes 18854 # of unexpected successes 1 # of expected failures 69 # of unsupported tests 118 /opt/gcc/gcc-3.2-branch/objdir/gcc/xgcc version 3.2.3 20030326 (prerelease) === libjava tests === Running target unix FAIL: FileHandleGcTest execution from source compiled test FAIL: FileHandleGcTest execution from bytecode->native test FAIL: FileHandleGcTest -O execution from source compiled test FAIL: FileHandleGcTest -O execution from bytecode->native test === libjava Summary === # of expected passes 2053 # of unexpected failures 4 # of expected failures 18 # of untested testcases 18 === libstdc++-v3 tests === Running target unix XPASS: 22_locale/collate_members_wchar_t.cc execution test XPASS: 22_locale/ctype_is_wchar_t.cc execution test XPASS: 22_locale/money_get_members_wchar_t.cc execution test XPASS: 22_locale/money_put_members_wchar_t.cc execution test XPASS: 22_locale/moneypunct_members_wchar_t.cc execution test XPASS: 22_locale/num_get_members_wchar_t.cc execution test XPASS: 22_locale/num_put_members_wchar_t.cc execution test XPASS: 22_locale/numpunct_members_wchar_t.cc execution test XPASS: 22_locale/time_get_members_wchar_t.cc execution test XPASS: 22_locale/time_put_members_wchar_t.cc execution test === libstdc++-v3 Summary === # of expected passes 432 # of unexpected successes 10 # of expected failures 17 Compiler version: 3.2.3 20030326 (prerelease) Platform: sparc64-sun-solaris2.8 configure flags: --host=sparc64-sun-solaris2.8 --prefix=/usr/local --enable-languages=c,c++,java --enable-libgcj --disable-nls --enable-shared --enable-threads=posix EOF Mail -s "Results for 3.2.3 20030326 (prerelease) testsuite on sparc64-sun-solaris2.8" gcc-testresults at gcc dot gnu dot org && mv /opt/gcc/gcc-3.2-branch/objdir/./gcc/testsuite/g++.sum /opt/gcc/gcc-3.2-branch/objdir/./gcc/testsuite/g++.sum.sent && mv /opt/gcc/gcc-3.2-branch/objdir/./gcc/testsuite/gcc.sum /opt/gcc/gcc-3.2-branch/objdir/./gcc/testsuite/gcc.sum.sent && mv /opt/gcc/gcc-3.2-branch/objdir/./sparc64-sun-solaris2.8/libjava/testsuite/libjava.sum /opt/gcc/gcc-3.2-branch/objdir/./sparc64-sun-solaris2.8/libjava/testsuite/libjava.sum.sent && mv /opt/gcc/gcc-3.2-branch/objdir/./sparc64-sun-solaris2.8/libstdc++-v3/testsuite/libstdc++-v3.sum /opt/gcc/gcc-3.2-branch/objdir/./sparc64-sun-solaris2.8/libstdc++-v3/testsuite/libstdc++-v3.sum.sent && mv /opt/gcc/gcc-3.2-branch/objdir/./gcc/testsuite/g++.log /opt/gcc/gcc-3.2-branch/objdir/./gcc/testsuite/g++.log.sent && mv /opt/gcc/gcc-3.2-branch/objdir/./gcc/testsuite/gcc.log /opt/gcc/gcc-3.2-branch/objdir/./gcc/testsuite/gcc.log.sent && mv /opt/gcc/gcc-3.2-branch/objdir/./sparc64-sun-solaris2.8/libjava/testsuite/libjava.log /opt/gcc/gcc-3.2-branch/objdir/./sparc64-sun-solaris2.8/libjava/testsuite/libjava.log.sent && mv /opt/gcc/gcc-3.2-branch/objdir/./sparc64-sun-solaris2.8/libstdc++-v3/testsuite/libstdc++-v3.log /opt/gcc/gcc-3.2-branch/objdir/./sparc64-sun-solaris2.8/libstdc++-v3/testsuite/libstdc++-v3.log.sent && true
Index Nav: | [Date Index] [Subject Index] [Author Index] [Thread Index] | |
---|---|---|
Message Nav: | [Date Prev] [Date Next] | [Thread Prev] [Thread Next] |