This is the mail archive of the
gcc-testresults@gcc.gnu.org
mailing list for the GCC project.
Results for 3.4 20030325 (experimental) testsuite on powerpc-unknown-linux-gnu
- From: Mark Wielaard <mark at wildebeest dot org>
- To: gcc-testresults at gcc dot gnu dot org, mark at wildebeest dot org
- Date: Wed, 26 Mar 2003 10:33:03 +0100
- Subject: Results for 3.4 20030325 (experimental) testsuite on powerpc-unknown-linux-gnu
Debian GNU/Linux 3.0
Linux 2.4.18-powerpc
binutils Version: 2.12.90.0.15-1
glibc Version: 2.2.5-15
Test results for libjava include the results of the Mauve testsuite
(see http://sources.redhat.com/mauve/)
LAST_UPDATED: Tue Mar 25 20:36:07 UTC 2003
Native configuration is powerpc-unknown-linux-gnu
=== g++ tests ===
Running target unix
FAIL: g++.dg/compat/break/bitfield7 y_tst.o compile
UNRESOLVED: g++.dg/compat/break/bitfield7 x_tst.o-y_tst.o link
UNRESOLVED: g++.dg/compat/break/bitfield7 x_tst.o-y_tst.o execute
FAIL: pch/system-1.C -g assembly comparison
FAIL: pch/system-1.C -O2 -g assembly comparison
FAIL: g++.robertl/eb42.C (test for excess errors)
=== g++ Summary ===
# of expected passes 8390
# of unexpected failures 4
# of expected failures 69
# of unresolved testcases 2
# of untested testcases 23
# of unsupported tests 19
/home/mark/src/gcc34/obj/gcc/testsuite/../g++ version 3.4 20030325 (experimental)
=== gcc tests ===
Running target unix
WARNING: program timed out.
FAIL: gcc.c-torture/compile/20001226-1.c, -O3 -g
WARNING: program timed out.
FAIL: gcc.c-torture/compile/20001226-1.c, -Os
FAIL: gcc.c-torture/execute/20030125-1.c execution, -O1
FAIL: gcc.c-torture/execute/20030125-1.c execution, -O2
FAIL: gcc.c-torture/execute/20030125-1.c execution, -O3 -fomit-frame-pointer
FAIL: gcc.c-torture/execute/20030125-1.c execution, -O3 -g
FAIL: gcc.c-torture/execute/20030125-1.c execution, -Os
FAIL: gcc.dg/20020103-1.c scan-assembler-not LC
FAIL: gcc.dg/20020118-1.c execution test
FAIL: gcc.dg/Wreturn-type.c (test for excess errors)
FAIL: gcc.dg/altivec-5.c (test for excess errors)
FAIL: gcc.dg/duff-2.c (test for excess errors)
FAIL: gcc.dg/ppc-sdata-1.c scan-assembler sdat at sdarel\\(13\\)
FAIL: gcc.dg/ppc-sdata-1.c scan-assembler sdat2 at sda21\\(2\\)
FAIL: gcc.dg/warn-1.c (test for warnings, line 8)
FAIL: gcc.dg/warn-1.c (test for warnings, line 15)
FAIL: gcc.dg/pch/inline-1.c (test for excess errors)
FAIL: pch/system-1.c -O3 -g assembly comparison
=== gcc Summary ===
# of expected passes 21451
# of unexpected failures 18
# of expected failures 69
# of untested testcases 1
# of unsupported tests 177
/home/mark/src/gcc34/obj/gcc/xgcc version 3.4 20030325 (experimental)
=== libjava tests ===
Running target unix
FAIL: 5.1.3-dtl-1
FAIL: 5.1.3-dtl-2
FAIL: 5.1.3-ftl-1
FAIL: 5.1.3-ftl-2
XPASS: 3.10.2-round-6
FAIL: Array_3 -O execution - source compiled test
WARNING: program timed out.
FAIL: SyncTest execution - gij test
WARNING: program timed out.
FAIL: SyncTest execution - gij test
FAIL: gnu.testlet.java.io.ObjectInputOutput.InputTest: gnu.testlet.java.io.ObjectInputOutput.Test\$GetPutField (number 1)
FAIL: gnu.testlet.java.io.ObjectInputOutput.OutputTest: Serializable: gnu.testlet.java.io.ObjectInputOutput.Test\$Extern () (number 2)
FAIL: gnu.testlet.java.io.ObjectInputOutput.OutputTest: Serializable: test(str=null, x=0) (number 2)
FAIL: gnu.testlet.java.lang.Double.DoubleTest: Error: test_longValue returned wrong results CYGNUS: Float to int conversions - 1 (number 1)
FAIL: gnu.testlet.java.lang.Double.DoubleTest: Error: test_shortbyteValue failed - 5 (number 1)
FAIL: gnu.testlet.java.lang.Float.FloatTest: Error: test_shortbyteValue failed - 5 (number 1)
FAIL: gnu.testlet.java.lang.String.surrogate: uncaught exception at number 1: java.lang.ArrayIndexOutOfBoundsException: 2
FAIL: gnu.testlet.java.net.DatagramSocket.DatagramSocketTest2: Expected IOException (number 1)
FAIL: gnu.testlet.java.net.DatagramSocket.DatagramSocketTest2: uncaught exception at "invalid_send_data" number 4: java.lang.IllegalArgumentException: Invalid length: -1
FAIL: gnu.testlet.java.net.Socket.SocketTest: Error : test_params failed - 1 get port did not return proper values (number 1)
FAIL: gnu.testlet.java.net.Socket.jdk13: unexpected error: Success (number 1)
FAIL: gnu.testlet.java.security.SecureRandom.Instance: uncaught exception at number 1: java.lang.InternalError: no SHA implementation found
FAIL: gnu.testlet.java.security.SecureRandom.SHA1PRNG: found implementation (number 1)
FAIL: gnu.testlet.java.security.SecureRandom.SHA1PRNG: no implementation found (number 1)
FAIL: gnu.testlet.java.security.Security.property: uncaught exception at number 1: java.lang.NullPointerException
WARNING: program timed out.
=== libjava Summary ===
# of expected passes 15164
# of unexpected failures 22
# of unexpected successes 1
# of expected failures 914
# of untested testcases 15
=== libstdc++-v3 tests ===
Running target unix
FAIL: 22_locale/codecvt/always_noconv/wchar_t/3.cc execution test
FAIL: 22_locale/codecvt/encoding/wchar_t/3.cc execution test
FAIL: 22_locale/codecvt/encoding/wchar_t/wrapped_locale.cc execution test
FAIL: 22_locale/codecvt/in/wchar_t/3.cc execution test
FAIL: 22_locale/codecvt/length/wchar_t/3.cc execution test
FAIL: 22_locale/codecvt/max_length/wchar_t/3.cc execution test
FAIL: 22_locale/codecvt/max_length/wchar_t/wrapped_locale.cc execution test
FAIL: 22_locale/codecvt/out/wchar_t/3.cc execution test
FAIL: 22_locale/codecvt/unshift/wchar_t/3.cc execution test
FAIL: 22_locale/ctype/narrow/wchar_t/3.cc execution test
FAIL: 22_locale/ctype/widen/wchar_t/2.cc execution test
FAIL: 22_locale/ctype/widen/wchar_t/3.cc execution test
WARNING: program timed out.
FAIL: thread/pthread4.cc execution test
=== libstdc++-v3 Summary ===
# of expected passes 1322
# of unexpected failures 13
# of expected failures 2
Compiler version: 3.4 20030325 (experimental)
Platform: powerpc-unknown-linux-gnu
configure flags: --enable-clocale=gnu --enable-shared --enable-threads=posix --enable-languages=c++,java --disable-multilib --prefix /usr/local/gcc34
time make bootstrap
real 22084.83
user 18283.55
sys 3026.29
time check
Command exited with non-zero status 2
real 24428.96
user 17173.82
sys 4945.16