This is the mail archive of the
gcc-testresults@gcc.gnu.org
mailing list for the GCC project.
Results for 3.3 20030324 (prerelease) testsuite on ia64-unknown-linux-gnu
- From: Tim Prince <timothyprince at sbcglobal dot net>
- To: gcc-testresults at gcc dot gnu dot org
- Date: Mon, 24 Mar 2003 21:51:44 -0800
- Subject: Results for 3.3 20030324 (prerelease) testsuite on ia64-unknown-linux-gnu
- Reply-to: tprince at computer dot org
Native configuration is ia64-unknown-linux-gnu
=== g77 tests ===
Running target unix
=== g77 Summary ===
# of expected passes 1656
# of unsupported tests 8
/home/tim/src/gnu/gcc-20030324/l64/gcc/testsuite/../g77 version 3.3 20030324
(prerelease)
=== gcc tests ===
Running target unix
XPASS: gcc.c-torture/compile/981223-1.c, -O2
XPASS: gcc.c-torture/compile/981223-1.c, -O3 -fomit-frame-pointer
XPASS: gcc.c-torture/compile/981223-1.c, -O3 -g
XPASS: gcc.c-torture/compile/981223-1.c, -Os
FAIL: gcc.dg/20021014-1.c execution test
FAIL: gcc.dg/duff-2.c (test for excess errors)
FAIL: gcc.dg/ia64-visibility-1.c (test for excess errors)
FAIL: gcc.dg/ia64-visibility-1.c scan-assembler \\.hidden.*variable_j
FAIL: gcc.dg/ia64-visibility-1.c scan-assembler \\.hidden.*variable_m
FAIL: gcc.dg/ia64-visibility-1.c scan-assembler \\.protected.*baz
FAIL: gcc.dg/ia64-visibility-2.c (test for excess errors)
FAIL: gcc.dg/nest.c execution test
FAIL: gcc.dg/ultrasp5.c (test for excess errors)
FAIL: gcc.dg/tls/alias-1.c (test for excess errors)
=== gcc Summary ===
# of expected passes 20425
# of unexpected failures 10
# of unexpected successes 4
# of expected failures 83
# of unsupported tests 152
/home/tim/src/gnu/gcc-20030324/l64/gcc/xgcc version 3.3 20030324 (prerelease)
=== g++ tests ===
Running target unix
FAIL: g++.dg/tls/init-2.C (test for excess errors)
FAIL: g++.law/profile1.C Execution test
FAIL: g++.pt/repo3.C (test for excess errors)
=== g++ Summary ===
# of expected passes 7688
# of unexpected failures 3
# of expected failures 97
# of untested testcases 23
# of unsupported tests 16
/home/tim/src/gnu/gcc-20030324/l64/gcc/testsuite/../g++ version 3.3 20030324
(prerelease)
=== objc tests ===
Running target unix
=== objc Summary ===
# of expected passes 1153
/home/tim/src/gnu/gcc-20030324/l64/gcc/xgcc version 3.3 20030324 (prerelease)
=== libstdc++-v3 tests ===
Running target unix
XPASS: 22_locale/ctype_is_char.cc execution test
XPASS: 22_locale/ctype_is_wchar_t.cc execution test
XPASS: 22_locale/members.cc execution test
XPASS: 22_locale/messages_byname.cc execution test
XPASS: 22_locale/messages_members_char.cc execution test
XPASS: 22_locale/money_get_members_char.cc execution test
XPASS: 22_locale/money_get_members_wchar_t.cc execution test
XPASS: 22_locale/money_put_members_char.cc execution test
XPASS: 22_locale/money_put_members_wchar_t.cc execution test
XPASS: 22_locale/moneypunct_byname.cc execution test
XPASS: 22_locale/moneypunct_members_char.cc execution test
XPASS: 22_locale/moneypunct_members_wchar_t.cc execution test
XPASS: 22_locale/num_get_members_char.cc execution test
XPASS: 22_locale/num_get_members_wchar_t.cc execution test
XPASS: 22_locale/num_put_members_char.cc execution test
XPASS: 22_locale/num_put_members_wchar_t.cc execution test
XPASS: 22_locale/numpunct_byname.cc execution test
XPASS: 22_locale/numpunct_members_char.cc execution test
XPASS: 22_locale/numpunct_members_wchar_t.cc execution test
XPASS: 22_locale/time_get_members_char.cc execution test
XPASS: 22_locale/time_get_members_wchar_t.cc execution test
XPASS: 22_locale/time_put_members_char.cc execution test
XPASS: 22_locale/time_put_members_wchar_t.cc execution test
FAIL: 25_algorithms/sort.cc (test for excess errors)
FAIL: 26_numerics/c99_classification_macros_c.cc (test for excess errors)
=== libstdc++-v3 Summary ===
# of expected passes 449
# of unexpected failures 2
# of unexpected successes 23
# of expected failures 4
Compiler version: 3.3 20030324 (prerelease)
Platform: ia64-unknown-linux-gnu
configure flags: --host=ia64-unknown-linux-gnu
BOOT_CFLAGS=-O2 -pipe
E
--
Tim Prince