This is the mail archive of the
gcc-testresults@gcc.gnu.org
mailing list for the GCC project.
Results for 3.3 20030321 (prerelease) testsuite on sparc64-unknown-linux-gnu
- From: c dot christian dot joensson at telia dot com
- To: gcc-testresults at gcc dot gnu dot org
- Date: Sun, 23 Mar 2003 13:59:13 +0100
- Subject: Results for 3.3 20030321 (prerelease) testsuite on sparc64-unknown-linux-gnu
Aurora SPARC Linux 1.0 (Ansel) Ultra1 single UltraSparc I sun4u:
binutils 2.13.90 20030319 sparc64-linux
bison-1.35-1
dejagnu-1.4.2-10 (ftp://ftp.redhat.com/pub/redhat/linux/rawhide/SRPMS/SRPMS)
expect-5.32.2-67
gcc 3.3 20030319 (prerelease) sparc64-linux
glibc-2.2.5-42
glibc-kernheaders-2.4-7.16sparc
glibc64-2.2.5-42
kernel-2.4.20-3.0sparc (experimental Aurora kernel)
tcl-8.3.3-67
LAST_UPDATED: Fri Mar 21 10:06:33 UTC 2003
Native configuration is sparc64-unknown-linux-gnu
=== binutils tests ===
Running target unix/-fPIC
=== binutils Summary for unix/-fPIC ===
# of expected passes 31
# of expected failures 1
Running target unix/-fpic
=== binutils Summary for unix/-fpic ===
# of expected passes 31
# of expected failures 1
Running target unix
=== binutils Summary for unix ===
# of expected passes 31
# of expected failures 1
=== binutils Summary ===
# of expected passes 93
# of expected failures 3
=== gas tests ===
Running target unix/-fPIC
=== gas Summary for unix/-fPIC ===
# of expected passes 49
# of expected failures 2
Running target unix/-fpic
ERROR: tcl error sourcing /usr/local/src/gcc-binutils/branch/gcc-binutils/gas/testsuite/gas/mips/mips.exp.
ERROR: mips_arch_create: arch "mips1" already exists
=== gas Summary for unix/-fpic ===
# of expected passes 49
# of expected failures 2
Running target unix
ERROR: tcl error sourcing /usr/local/src/gcc-binutils/branch/gcc-binutils/gas/testsuite/gas/mips/mips.exp.
ERROR: mips_arch_create: arch "mips1" already exists
=== gas Summary for unix ===
# of expected passes 49
# of expected failures 2
=== gas Summary ===
# of expected passes 147
# of expected failures 6
=== g77 tests ===
Running target unix/-fPIC
=== g77 Summary for unix/-fPIC ===
# of expected passes 1644
# of unsupported tests 8
Running target unix/-fpic
=== g77 Summary for unix/-fpic ===
# of expected passes 1644
# of unsupported tests 8
Running target unix
=== g77 Summary for unix ===
# of expected passes 1644
# of unsupported tests 8
=== g77 Summary ===
# of expected passes 4932
# of unsupported tests 24
/usr/local/src/gcc-binutils/branch/objdir/gcc/testsuite/../g77 version 3.3 20030321 (prerelease)
=== gcc tests ===
Running target unix/-fPIC
FAIL: gcc.c-torture/compile/simd-5.c, -O0
FAIL: gcc.c-torture/compile/simd-5.c, -O1
FAIL: gcc.c-torture/compile/simd-5.c, -O2
FAIL: gcc.c-torture/compile/simd-5.c, -O3 -fomit-frame-pointer
FAIL: gcc.c-torture/compile/simd-5.c, -O3 -g
FAIL: gcc.c-torture/compile/simd-5.c, -Os
FAIL: gcc.c-torture/execute/conversion.c execution, -O0
FAIL: gcc.c-torture/execute/conversion.c execution, -O1
FAIL: gcc.c-torture/execute/conversion.c execution, -O2
FAIL: gcc.c-torture/execute/conversion.c execution, -O3 -fomit-frame-pointer
FAIL: gcc.c-torture/execute/conversion.c execution, -O3 -g
FAIL: gcc.c-torture/execute/conversion.c execution, -Os
FAIL: gcc.c-torture/execute/strncmp-1.c execution, -O0
FAIL: gcc.c-torture/execute/strncmp-1.c execution, -O1
FAIL: gcc.c-torture/execute/strncmp-1.c execution, -O2
FAIL: gcc.c-torture/execute/strncmp-1.c execution, -O3 -fomit-frame-pointer
FAIL: gcc.c-torture/execute/strncmp-1.c execution, -O3 -fomit-frame-pointer -funroll-loops
FAIL: gcc.c-torture/execute/strncmp-1.c execution, -O3 -fomit-frame-pointer -funroll-all-loops -finline-functions
FAIL: gcc.c-torture/execute/strncmp-1.c execution, -O3 -g
FAIL: gcc.c-torture/execute/strncmp-1.c execution, -Os
FAIL: gcc.dg/20021014-1.c execution test
FAIL: gcc.dg/duff-2.c (test for excess errors)
FAIL: gcc.dg/nest.c execution test
FAIL: linkage.c
=== gcc Summary for unix/-fPIC ===
# of expected passes 20725
# of unexpected failures 24
# of expected failures 71
# of unsupported tests 153
Running target unix/-fpic
FAIL: gcc.c-torture/compile/simd-5.c, -O0
FAIL: gcc.c-torture/compile/simd-5.c, -O1
FAIL: gcc.c-torture/compile/simd-5.c, -O2
FAIL: gcc.c-torture/compile/simd-5.c, -O3 -fomit-frame-pointer
FAIL: gcc.c-torture/compile/simd-5.c, -O3 -g
FAIL: gcc.c-torture/compile/simd-5.c, -Os
FAIL: gcc.c-torture/execute/conversion.c execution, -O0
FAIL: gcc.c-torture/execute/conversion.c execution, -O1
FAIL: gcc.c-torture/execute/conversion.c execution, -O2
FAIL: gcc.c-torture/execute/conversion.c execution, -O3 -fomit-frame-pointer
FAIL: gcc.c-torture/execute/conversion.c execution, -O3 -g
FAIL: gcc.c-torture/execute/conversion.c execution, -Os
FAIL: gcc.c-torture/execute/strncmp-1.c execution, -O0
FAIL: gcc.c-torture/execute/strncmp-1.c execution, -O1
FAIL: gcc.c-torture/execute/strncmp-1.c execution, -O2
FAIL: gcc.c-torture/execute/strncmp-1.c execution, -O3 -fomit-frame-pointer
FAIL: gcc.c-torture/execute/strncmp-1.c execution, -O3 -fomit-frame-pointer -funroll-loops
FAIL: gcc.c-torture/execute/strncmp-1.c execution, -O3 -fomit-frame-pointer -funroll-all-loops -finline-functions
FAIL: gcc.c-torture/execute/strncmp-1.c execution, -O3 -g
FAIL: gcc.c-torture/execute/strncmp-1.c execution, -Os
FAIL: gcc.dg/20021014-1.c execution test
FAIL: gcc.dg/duff-2.c (test for excess errors)
FAIL: gcc.dg/nest.c execution test
FAIL: linkage.c
=== gcc Summary for unix/-fpic ===
# of expected passes 20725
# of unexpected failures 24
# of expected failures 71
# of unsupported tests 153
Running target unix
FAIL: gcc.c-torture/compile/simd-5.c, -O0
FAIL: gcc.c-torture/compile/simd-5.c, -O1
FAIL: gcc.c-torture/compile/simd-5.c, -O2
FAIL: gcc.c-torture/compile/simd-5.c, -O3 -fomit-frame-pointer
FAIL: gcc.c-torture/compile/simd-5.c, -O3 -g
FAIL: gcc.c-torture/compile/simd-5.c, -Os
FAIL: gcc.c-torture/execute/conversion.c execution, -O0
FAIL: gcc.c-torture/execute/conversion.c execution, -O1
FAIL: gcc.c-torture/execute/conversion.c execution, -O2
FAIL: gcc.c-torture/execute/conversion.c execution, -Os
FAIL: gcc.c-torture/execute/strncmp-1.c execution, -O0
FAIL: gcc.c-torture/execute/strncmp-1.c execution, -O1
FAIL: gcc.c-torture/execute/strncmp-1.c execution, -O2
FAIL: gcc.c-torture/execute/strncmp-1.c execution, -O3 -fomit-frame-pointer
FAIL: gcc.c-torture/execute/strncmp-1.c execution, -O3 -fomit-frame-pointer -funroll-loops
FAIL: gcc.c-torture/execute/strncmp-1.c execution, -O3 -fomit-frame-pointer -funroll-all-loops -finline-functions
FAIL: gcc.c-torture/execute/strncmp-1.c execution, -O3 -g
FAIL: gcc.c-torture/execute/strncmp-1.c execution, -Os
FAIL: gcc.dg/20021014-1.c execution test
FAIL: gcc.dg/duff-2.c (test for excess errors)
FAIL: gcc.dg/nest.c execution test
FAIL: linkage.c
=== gcc Summary for unix ===
# of expected passes 20727
# of unexpected failures 22
# of expected failures 71
# of unsupported tests 153
=== gcc Summary ===
# of expected passes 62177
# of unexpected failures 70
# of expected failures 213
# of unsupported tests 459
/usr/local/src/gcc-binutils/branch/objdir/gcc/xgcc version 3.3 20030321 (prerelease)
=== g++ tests ===
Running target unix/-fPIC
FAIL: g++.law/profile1.C Execution test
=== g++ Summary for unix/-fPIC ===
# of expected passes 7883
# of unexpected failures 1
# of expected failures 98
# of untested testcases 23
# of unsupported tests 16
Running target unix/-fpic
FAIL: g++.law/profile1.C Execution test
=== g++ Summary for unix/-fpic ===
# of expected passes 7883
# of unexpected failures 1
# of expected failures 98
# of untested testcases 23
# of unsupported tests 16
Running target unix
FAIL: g++.law/profile1.C Execution test
=== g++ Summary for unix ===
# of expected passes 7883
# of unexpected failures 1
# of expected failures 98
# of untested testcases 23
# of unsupported tests 16
=== g++ Summary ===
# of expected passes 23649
# of unexpected failures 3
# of expected failures 294
# of untested testcases 69
# of unsupported tests 48
/usr/local/src/gcc-binutils/branch/objdir/gcc/testsuite/../g++ version 3.3 20030321 (prerelease)
=== objc tests ===
Running target unix/-fPIC
=== objc Summary for unix/-fPIC ===
# of expected passes 1153
Running target unix/-fpic
=== objc Summary for unix/-fpic ===
# of expected passes 1153
Running target unix
=== objc Summary for unix ===
# of expected passes 1153
=== objc Summary ===
# of expected passes 3459
/usr/local/src/gcc-binutils/branch/objdir/gcc/xgcc version 3.3 20030321 (prerelease)
=== ld tests ===
Running target unix/-fPIC
FAIL: selective1
FAIL: selective2
ERROR: /usr/local/src/gcc-binutils/branch/gcc-binutils/ld/testsuite/ld-selective/3.cc: compilation failed
UNRESOLVED: selective4
ERROR: /usr/local/src/gcc-binutils/branch/gcc-binutils/ld/testsuite/ld-selective/4.cc: compilation failed
UNRESOLVED: selective5
ERROR: /usr/local/src/gcc-binutils/branch/gcc-binutils/ld/testsuite/ld-selective/5.cc: compilation failed
UNRESOLVED: selective6
FAIL: TLS -fpic -shared transitions
FAIL: TLS -fpic and -fno-pic exec transitions
FAIL: TLS -fno-pic -shared
FAIL: S-records
FAIL: S-records with constructors
=== ld Summary for unix/-fPIC ===
# of expected passes 144
# of unexpected failures 7
# of expected failures 13
# of unresolved testcases 3
Running target unix/-fpic
FAIL: vers3
FAIL: vers4
FAIL: vers4a
FAIL: vers6
FAIL: vers15
FAIL: vers19
FAIL: selective1
FAIL: selective2
ERROR: /usr/local/src/gcc-binutils/branch/gcc-binutils/ld/testsuite/ld-selective/3.cc: compilation failed
UNRESOLVED: selective4
ERROR: /usr/local/src/gcc-binutils/branch/gcc-binutils/ld/testsuite/ld-selective/4.cc: compilation failed
UNRESOLVED: selective5
ERROR: /usr/local/src/gcc-binutils/branch/gcc-binutils/ld/testsuite/ld-selective/5.cc: compilation failed
UNRESOLVED: selective6
FAIL: TLS -fpic -shared transitions
FAIL: TLS -fpic and -fno-pic exec transitions
FAIL: TLS -fno-pic -shared
FAIL: S-records
FAIL: S-records with constructors
=== ld Summary for unix/-fpic ===
# of expected passes 138
# of unexpected failures 13
# of expected failures 13
# of unresolved testcases 3
Running target unix
FAIL: visibility (hidden_normal) (non PIC)
FAIL: visibility (hidden_normal) (non PIC, load offset)
FAIL: visibility (hidden_normal) (PIC main, non PIC so)
FAIL: visibility (hidden_weak) (non PIC)
FAIL: visibility (hidden_weak) (non PIC, load offset)
FAIL: visibility (hidden_weak) (PIC main, non PIC so)
FAIL: visibility (protected) (non PIC)
FAIL: visibility (protected) (non PIC, load offset)
FAIL: visibility (protected) (PIC main, non PIC so)
FAIL: visibility (protected_undef_def) (non PIC)
FAIL: visibility (protected_undef_def) (non PIC, load offset)
FAIL: visibility (protected_undef_def) (PIC main, non PIC so)
FAIL: visibility (protected_weak) (non PIC)
FAIL: visibility (protected_weak) (non PIC, load offset)
FAIL: visibility (protected_weak) (PIC main, non PIC so)
FAIL: visibility (normal) (non PIC)
FAIL: visibility (normal) (non PIC, load offset)
FAIL: visibility (normal) (PIC main, non PIC so)
FAIL: selective1
FAIL: selective2
ERROR: /usr/local/src/gcc-binutils/branch/gcc-binutils/ld/testsuite/ld-selective/3.cc: compilation failed
UNRESOLVED: selective4
ERROR: /usr/local/src/gcc-binutils/branch/gcc-binutils/ld/testsuite/ld-selective/4.cc: compilation failed
UNRESOLVED: selective5
ERROR: /usr/local/src/gcc-binutils/branch/gcc-binutils/ld/testsuite/ld-selective/5.cc: compilation failed
UNRESOLVED: selective6
FAIL: shared (non PIC)
FAIL: shared (non PIC, load offset)
FAIL: shared (PIC main, non PIC so)
FAIL: TLS -fpic -shared transitions
FAIL: TLS -fpic and -fno-pic exec transitions
FAIL: TLS -fno-pic -shared
=== ld Summary for unix ===
# of expected passes 125
# of unexpected failures 26
# of expected failures 13
# of unresolved testcases 3
=== ld Summary ===
# of expected passes 407
# of unexpected failures 46
# of expected failures 39
# of unresolved testcases 9
=== libjava tests ===
Running target unix/-fPIC
FAIL: PR141 execution - gij test
FAIL: PR141 execution - gij test
WARNING: program timed out.
FAIL: SyncTest execution - gij test
FAIL: SyncTest execution - bytecode->native test
FAIL: SyncTest execution - gij test
FAIL: SyncTest -O execution - bytecode->native test
=== libjava Summary for unix/-fPIC ===
# of expected passes 2931
# of unexpected failures 6
# of expected failures 16
# of untested testcases 18
Running target unix/-fpic
FAIL: PR141 execution - gij test
FAIL: PR141 execution - gij test
FAIL: SyncTest execution - gij test
WARNING: program timed out.
FAIL: SyncTest execution - bytecode->native test
FAIL: SyncTest execution - gij test
FAIL: SyncTest -O execution - bytecode->native test
=== libjava Summary for unix/-fpic ===
# of expected passes 2931
# of unexpected failures 6
# of expected failures 16
# of untested testcases 18
Running target unix
FAIL: PR141 execution - gij test
FAIL: PR141 execution - gij test
FAIL: SyncTest execution - gij test
FAIL: SyncTest execution - bytecode->native test
FAIL: SyncTest execution - gij test
FAIL: SyncTest -O execution - bytecode->native test
=== libjava Summary for unix ===
# of expected passes 2931
# of unexpected failures 6
# of expected failures 16
# of untested testcases 18
=== libjava Summary ===
# of expected passes 8793
# of unexpected failures 18
# of expected failures 48
# of untested testcases 54
=== libstdc++-v3 tests ===
Running target unix/-fPIC
XPASS: 22_locale/collate_byname.cc execution test
XPASS: 22_locale/collate_members_char.cc execution test
XPASS: 22_locale/collate_members_wchar_t.cc execution test
XPASS: 22_locale/ctype_is_char.cc execution test
XPASS: 22_locale/ctype_is_wchar_t.cc execution test
XPASS: 22_locale/members.cc execution test
XPASS: 22_locale/messages_byname.cc execution test
XPASS: 22_locale/messages_members_char.cc execution test
XPASS: 22_locale/money_get_members_char.cc execution test
XPASS: 22_locale/money_get_members_wchar_t.cc execution test
XPASS: 22_locale/money_put_members_char.cc execution test
XPASS: 22_locale/money_put_members_wchar_t.cc execution test
XPASS: 22_locale/moneypunct_byname.cc execution test
XPASS: 22_locale/moneypunct_members_char.cc execution test
XPASS: 22_locale/moneypunct_members_wchar_t.cc execution test
XPASS: 22_locale/num_get_members_char.cc execution test
XPASS: 22_locale/num_get_members_wchar_t.cc execution test
XPASS: 22_locale/num_put_members_char.cc execution test
XPASS: 22_locale/num_put_members_wchar_t.cc execution test
XPASS: 22_locale/numpunct_byname.cc execution test
XPASS: 22_locale/numpunct_members_char.cc execution test
XPASS: 22_locale/numpunct_members_wchar_t.cc execution test
XPASS: 22_locale/time_get_members_char.cc execution test
XPASS: 22_locale/time_get_members_wchar_t.cc execution test
XPASS: 22_locale/time_put_members_char.cc execution test
XPASS: 22_locale/time_put_members_wchar_t.cc execution test
FAIL: 26_numerics/c99_classification_macros_c.cc (test for excess errors)
FAIL: thread/pthread2.cc execution test
FAIL: thread/pthread3.cc execution test
WARNING: program timed out.
FAIL: thread/pthread4.cc execution test
=== libstdc++-v3 Summary for unix/-fPIC ===
# of expected passes 447
# of unexpected failures 4
# of unexpected successes 26
# of expected failures 1
Running target unix/-fpic
XPASS: 22_locale/collate_byname.cc execution test
XPASS: 22_locale/collate_members_char.cc execution test
XPASS: 22_locale/collate_members_wchar_t.cc execution test
XPASS: 22_locale/ctype_is_char.cc execution test
XPASS: 22_locale/ctype_is_wchar_t.cc execution test
XPASS: 22_locale/members.cc execution test
XPASS: 22_locale/messages_byname.cc execution test
XPASS: 22_locale/messages_members_char.cc execution test
XPASS: 22_locale/money_get_members_char.cc execution test
XPASS: 22_locale/money_get_members_wchar_t.cc execution test
XPASS: 22_locale/money_put_members_char.cc execution test
XPASS: 22_locale/money_put_members_wchar_t.cc execution test
XPASS: 22_locale/moneypunct_byname.cc execution test
XPASS: 22_locale/moneypunct_members_char.cc execution test
XPASS: 22_locale/moneypunct_members_wchar_t.cc execution test
XPASS: 22_locale/num_get_members_char.cc execution test
XPASS: 22_locale/num_get_members_wchar_t.cc execution test
XPASS: 22_locale/num_put_members_char.cc execution test
XPASS: 22_locale/num_put_members_wchar_t.cc execution test
XPASS: 22_locale/numpunct_byname.cc execution test
XPASS: 22_locale/numpunct_members_char.cc execution test
XPASS: 22_locale/numpunct_members_wchar_t.cc execution test
XPASS: 22_locale/time_get_members_char.cc execution test
XPASS: 22_locale/time_get_members_wchar_t.cc execution test
XPASS: 22_locale/time_put_members_char.cc execution test
XPASS: 22_locale/time_put_members_wchar_t.cc execution test
FAIL: 26_numerics/c99_classification_macros_c.cc (test for excess errors)
FAIL: thread/pthread2.cc execution test
FAIL: thread/pthread3.cc execution test
WARNING: program timed out.
FAIL: thread/pthread4.cc execution test
=== libstdc++-v3 Summary for unix/-fpic ===
# of expected passes 447
# of unexpected failures 4
# of unexpected successes 26
# of expected failures 1
Running target unix
XPASS: 22_locale/collate_byname.cc execution test
XPASS: 22_locale/collate_members_char.cc execution test
XPASS: 22_locale/collate_members_wchar_t.cc execution test
XPASS: 22_locale/ctype_is_char.cc execution test
XPASS: 22_locale/ctype_is_wchar_t.cc execution test
XPASS: 22_locale/members.cc execution test
XPASS: 22_locale/messages_byname.cc execution test
XPASS: 22_locale/messages_members_char.cc execution test
XPASS: 22_locale/money_get_members_char.cc execution test
XPASS: 22_locale/money_get_members_wchar_t.cc execution test
XPASS: 22_locale/money_put_members_char.cc execution test
XPASS: 22_locale/money_put_members_wchar_t.cc execution test
XPASS: 22_locale/moneypunct_byname.cc execution test
XPASS: 22_locale/moneypunct_members_char.cc execution test
XPASS: 22_locale/moneypunct_members_wchar_t.cc execution test
XPASS: 22_locale/num_get_members_char.cc execution test
XPASS: 22_locale/num_get_members_wchar_t.cc execution test
XPASS: 22_locale/num_put_members_char.cc execution test
XPASS: 22_locale/num_put_members_wchar_t.cc execution test
XPASS: 22_locale/numpunct_byname.cc execution test
XPASS: 22_locale/numpunct_members_char.cc execution test
XPASS: 22_locale/numpunct_members_wchar_t.cc execution test
XPASS: 22_locale/time_get_members_char.cc execution test
XPASS: 22_locale/time_get_members_wchar_t.cc execution test
XPASS: 22_locale/time_put_members_char.cc execution test
XPASS: 22_locale/time_put_members_wchar_t.cc execution test
FAIL: 26_numerics/c99_classification_macros_c.cc (test for excess errors)
FAIL: thread/pthread2.cc execution test
FAIL: thread/pthread3.cc execution test
WARNING: program timed out.
FAIL: thread/pthread4.cc execution test
=== libstdc++-v3 Summary for unix ===
# of expected passes 447
# of unexpected failures 4
# of unexpected successes 26
# of expected failures 1
=== libstdc++-v3 Summary ===
# of expected passes 1341
# of unexpected failures 12
# of unexpected successes 78
# of expected failures 3
Compiler version: 3.3 20030321 (prerelease)
Platform: sparc64-unknown-linux-gnu
configure flags: --host=sparc64-linux --prefix=/usr/local/gcc-binutils --enable-shared --enable-threads=posix
Counting all warnings,
there are 175 warnings in stage0 of this bootstrap.
Number of warnings per file:
42 libiberty/regex.c
19 libjava/java/lang/mprec.c
12 libjava/gnu/java/nio/natSocketChannelImpl.cc
9 java/lang/Integer.h
8 libjava/java/lang/strtod.c
8 libjava/java/lang/dtoa.c
7 include/xregex2.h
6 libjava/java/lang/e_exp.c
6 libf2c/libI77/rsne.c
4 libobjc/linking.m
4 libjava/java/lang/w_exp.c
4 libffi/src/sparc/v8.S
2 /usr/local/src/gcc-binutils/branch/gcc-binutils/boehm-gc/mark_rts.c
2 runtime-info.h
2 libobjc/Protocol.m
2 libobjc/Object.m
2 libobjc/encoding.c
2 libjava/verify.cc
2 libjava/prims.cc
2 libjava/jni.cc
2 libjava/java/net/natNetworkInterface.cc
2 libjava/java/lang/e_rem_pio2.c
2 libjava/java/lang/e_asin.c
2 libjava/gnu/java/nio/natFileChannelImpl.cc
2 libjava/gnu/gcj/runtime/natSharedLibLoader.cc
2 libjava/gnu/gcj/io/shs.cc
2 libffi/src/sparc/v9.S
2 libf2c/libU77/vxtidate_.c
2 libf2c/libU77/hostnm_.c
2 libf2c/libU77/date_.c
2 libf2c/libI77/open.c
2 libf2c/libI77/inquire.c
2 include/java-signal.h
1 /usr/local/src/gcc-binutils/branch/gcc-binutils/boehm-gc/dyn_load.c
1 /usr/local/src/gcc-binutils/branch/gcc-binutils/bfd/elf.c
1 lex.yy.c
1 fastjar/jartool.c
Number of warning types:
34 \`???' might be used uninitialized in this function
24 signed and unsigned type in conditional expression
20 unused
12 suggest parentheses around + or - inside shift
9 this decimal constant is unsigned only in ISO
9 \`???' defined but not used
8 dereferencing type-punned pointer will break strict-aliasing rules
7 ISO C90 does not support \`static' or type qualifiers in parameter array declarators
6 useless keyword or type name in empty declaration
6 unused parameter \`???'
6 empty declaration
4 suggest parentheses around assignment used as truth value
4 control reaches end of non-void function
3 this is the location of the previous definition
3 suggest parentheses around arithmetic in operand of |
3 \`STACKFRAME' redefined
2 statement
2 implicit declaration of function \`???'
2 function returns address of local variable
2 \`???' defined but
2 comparison between signed and unsigned
2 comparison
2 \`
1 string length \`???' is greater than the length \`???' ISO C89 compilers are required to support
1 comparison is always false due to limited range of data type
1 cast to pointer from integer of different size
Counting all warnings,
there are 18 warnings in stage3 of this bootstrap.
Number of warnings per file:
4 gcc/gcc.c
3 /usr/share/bison/bison.simple
3 gcc/tlink.c
2 gcc/f/sta.c
2 gcc/crtstuff.c
1 gcc/ra-build.c
1 gcc/objc/lang-specs.h
1 gcc/java/jvspec.c
1 gcc/collect2.c
Number of warning types:
5 string length \`???' is greater than the length \`???' ISO C89 compilers are required to support
4 comparison of unsigned expression < 0 is always false
3 label \`???' defined but not used
2 passing arg ??? of \`???' discards qualifiers from pointer target type
2 dereferencing type-punned pointer will break strict-aliasing rules
1 traditional C rejects string concatenation
1 \`long' switch expression not converted to \`int' in ISO C