This is the mail archive of the
gcc-testresults@gcc.gnu.org
mailing list for the GCC project.
Results for 3.4 20030320 (experimental) testsuite on i586-redhat-linux-gnu
- From: Eric Botcazou <eric at localhost dot localdomain>
- To: gcc-testresults at gcc dot gnu dot org
- Date: Fri, 21 Mar 2003 10:33:57 +0100
- Subject: Results for 3.4 20030320 (experimental) testsuite on i586-redhat-linux-gnu
LAST_UPDATED: Thu Mar 20 23:04:50 UTC 2003
Native configuration is i586-redhat-linux-gnu
=== g77 tests ===
Running target unix
FAIL: g77.f-torture/execute/980520-1.f compilation, -O0
=== g77 Summary ===
# of expected passes 1648
# of unexpected failures 1
# of untested testcases 1
# of unsupported tests 8
/home/eric/cvs/gcc/obj/gcc/testsuite/../g77 version 3.4 20030320 (experimental)
=== gcc tests ===
Running target unix
FAIL: gcc.dg/Wreturn-type.c (test for excess errors)
FAIL: gcc.dg/duff-2.c (test for excess errors)
FAIL: gcc.dg/i386-ssetype-5.c scan-assembler-not movaps.*magic
FAIL: gcc.dg/uninit-C.c (test for excess errors)
FAIL: gcc.dg/warn-1.c (test for warnings, line 8)
FAIL: gcc.dg/warn-1.c (test for warnings, line 15)
FAIL: gcc.dg/pch/inline-1.c (test for excess errors)
=== gcc Summary ===
# of expected passes 21653
# of unexpected failures 7
# of expected failures 66
# of untested testcases 1
# of unsupported tests 88
/home/eric/cvs/gcc/obj/gcc/xgcc version 3.4 20030320 (experimental)
=== g++ tests ===
Running target unix
FAIL: g++.dg/opt/vtgc1.C scan-assembler-dem .vtable_inherit[ ]*vtable for Multivv3.*0
FAIL: g++.dg/opt/vtgc1.C scan-assembler-dem .vtable_inherit[ ]*VTT for Multivv3.*0
FAIL: g++.dg/opt/vtgc1.C scan-assembler-dem .vtable_inherit[ ]*vtable for Multiss2.*vtable for Base2
FAIL: g++.dg/opt/vtgc1.C scan-assembler-dem .vtable_inherit[ ]*vtable for Multivs1.*vtable for Base2
FAIL: g++.dg/opt/vtgc1.C scan-assembler-dem .vtable_inherit[ ]*VTT for Multivs1.*vtable for Base2
FAIL: g++.dg/opt/vtgc1.C scan-assembler-dem .vtable_inherit[ ]*vtable for Multisv0.*vtable for Side0
FAIL: g++.dg/opt/vtgc1.C scan-assembler-dem .vtable_inherit[ ]*VTT for Multisv0.*vtable for Side0
FAIL: g++.dg/opt/vtgc1.C scan-assembler-dem .vtable_inherit[ ]*vtable for Side0.*0
FAIL: g++.dg/opt/vtgc1.C scan-assembler-dem .vtable_inherit[ ]*vtable for VbasedA.*0
FAIL: g++.dg/opt/vtgc1.C scan-assembler-dem .vtable_inherit[ ]*VTT for VbasedA.*0
FAIL: g++.dg/opt/vtgc1.C scan-assembler-dem .vtable_inherit[ ]*vtable for Base2.*vtable for Base1
FAIL: g++.dg/opt/vtgc1.C scan-assembler-dem .vtable_inherit[ ]*vtable for Base1.*vtable for Base0
FAIL: g++.dg/opt/vtgc1.C scan-assembler-dem .vtable_inherit[ ]*vtable for Base0.*0
FAIL: pch/system-1.C -g assembly comparison
FAIL: pch/system-1.C -O2 -g assembly comparison
FAIL: g++.ext/overload1.C (test for excess errors)
FAIL: g++.other/new2.C (test for excess errors)
=== g++ Summary ===
# of expected passes 8409
# of unexpected failures 17
# of expected failures 69
# of untested testcases 9
# of unsupported tests 3
/home/eric/cvs/gcc/obj/gcc/testsuite/../g++ version 3.4 20030320 (experimental)
=== objc tests ===
Running target unix
=== objc Summary ===
# of expected passes 1153
/home/eric/cvs/gcc/obj/gcc/xgcc version 3.4 20030320 (experimental)
=== libstdc++-v3 tests ===
Running target unix
FAIL: 21_strings/basic_string/cons/wchar_t/2.cc (test for excess errors)
WARNING: 21_strings/basic_string/cons/wchar_t/2.cc compilation failed to produce executable
FAIL: 22_locale/codecvt/encoding/wchar_t/wrapped_locale.cc execution test
FAIL: 22_locale/codecvt/max_length/wchar_t/wrapped_locale.cc execution test
FAIL: 22_locale/ctype/widen/wchar_t/2.cc execution test
FAIL: 22_locale/messages/members/char/1.cc execution test
FAIL: 22_locale/messages/members/char/2.cc execution test
FAIL: 22_locale/messages/members/char/wrapped_env.cc execution test
FAIL: 22_locale/messages/members/char/wrapped_locale.cc execution test
FAIL: 22_locale/messages_byname/1.cc execution test
FAIL: 24_iterators/iterator.cc execution test
=== libstdc++-v3 Summary ===
# of expected passes 1320
# of unexpected failures 10
# of expected failures 2
Compiler version: 3.4 20030320 (experimental)
Platform: i586-redhat-linux-gnu
configure flags: --host=i586-redhat-linux-gnu --prefix=/usr/local --enable-languages=c,c++,objc,f77 --enable-checking=misc,tree,rtlflag --disable-nls