This is the mail archive of the
gcc-testresults@gcc.gnu.org
mailing list for the GCC project.
Results for 3.4 20030318 (experimental) testsuite on hppa-unknown-linux-gnu
- From: John David Anglin <dave at hiauly1 dot hia dot nrc dot ca>
- To: dave at hiauly1 dot hia dot nrc dot ca, gcc-testresults at gcc dot gnu dot org
- Date: Tue, 18 Mar 2003 12:27:35 -0500 (EST)
- Subject: Results for 3.4 20030318 (experimental) testsuite on hppa-unknown-linux-gnu
LAST_UPDATED: Tue Mar 18 03:37:05 UTC 2003
Native configuration is hppa-unknown-linux-gnu
=== g++ tests ===
Running target unix
FAIL: g++.dg/compat/break/bitfield7 y_tst.o compile
UNRESOLVED: g++.dg/compat/break/bitfield7 x_tst.o-y_tst.o link
UNRESOLVED: g++.dg/compat/break/bitfield7 x_tst.o-y_tst.o execute
FAIL: pch/system-1.C -g assembly comparison
FAIL: pch/system-1.C -O2 -g assembly comparison
XPASS: g++.other/init5.C Execution test
=== g++ Summary ===
# of expected passes 8364
# of unexpected failures 3
# of unexpected successes 1
# of expected failures 68
# of unresolved testcases 2
# of untested testcases 23
# of unsupported tests 19
/home/dave/gcc-3.4/objdir/gcc/testsuite/../g++ version 3.4 20030318 (experimental)
=== g77 tests ===
Running target unix
FAIL: g77.f-torture/execute/980520-1.f compilation, -O0
FAIL: g77.f-torture/noncompile/check0.f
=== g77 Summary ===
# of expected passes 1647
# of unexpected failures 2
# of untested testcases 1
# of unsupported tests 8
/home/dave/gcc-3.4/objdir/gcc/testsuite/../g77 version 3.4 20030318 (experimental)
=== gcc tests ===
Running target unix
FAIL: gcc.c-torture/execute/20010119-1.c compilation, -O2
UNRESOLVED: gcc.c-torture/execute/20010119-1.c execution, -O2
FAIL: gcc.c-torture/execute/20010119-1.c compilation, -O3 -fomit-frame-pointer
UNRESOLVED: gcc.c-torture/execute/20010119-1.c execution, -O3 -fomit-frame-pointer
FAIL: gcc.c-torture/execute/20010119-1.c compilation, -O3 -fomit-frame-pointer -funroll-loops
UNRESOLVED: gcc.c-torture/execute/20010119-1.c execution, -O3 -fomit-frame-pointer -funroll-loops
FAIL: gcc.c-torture/execute/20010119-1.c compilation, -O3 -fomit-frame-pointer -funroll-all-loops -finline-functions
UNRESOLVED: gcc.c-torture/execute/20010119-1.c execution, -O3 -fomit-frame-pointer -funroll-all-loops -finline-functions
FAIL: gcc.c-torture/execute/20010119-1.c compilation, -O3 -g
UNRESOLVED: gcc.c-torture/execute/20010119-1.c execution, -O3 -g
FAIL: gcc.c-torture/execute/20010119-1.c compilation, -Os
UNRESOLVED: gcc.c-torture/execute/20010119-1.c execution, -Os
FAIL: gcc.dg/Wreturn-type.c (test for excess errors)
FAIL: gcc.dg/duff-2.c (test for excess errors)
FAIL: gcc.dg/uninit-C.c (test for excess errors)
FAIL: gcc.dg/warn-1.c (test for warnings, line 8)
FAIL: gcc.dg/warn-1.c (test for warnings, line 15)
FAIL: gcc.dg/pch/inline-1.c (test for excess errors)
=== gcc Summary ===
# of expected passes 21358
# of unexpected failures 12
# of expected failures 69
# of unresolved testcases 6
# of untested testcases 1
# of unsupported tests 193
/home/dave/gcc-3.4/objdir/gcc/xgcc version 3.4 20030318 (experimental)
=== objc tests ===
Running target unix
=== objc Summary ===
# of expected passes 1153
/home/dave/gcc-3.4/objdir/gcc/xgcc version 3.4 20030318 (experimental)
=== libstdc++-v3 tests ===
Running target unix
FAIL: 22_locale/codecvt/always_noconv/wchar_t/3.cc execution test
FAIL: 22_locale/codecvt/always_noconv/wchar_t/4.cc execution test
FAIL: 22_locale/codecvt/encoding/wchar_t/3.cc execution test
FAIL: 22_locale/codecvt/encoding/wchar_t/4.cc execution test
FAIL: 22_locale/codecvt/in/wchar_t/3.cc execution test
FAIL: 22_locale/codecvt/in/wchar_t/4.cc execution test
FAIL: 22_locale/codecvt/in/wchar_t/7.cc execution test
FAIL: 22_locale/codecvt/in/wchar_t/8.cc execution test
FAIL: 22_locale/codecvt/in/wchar_t/9.cc execution test
FAIL: 22_locale/codecvt/length/wchar_t/3.cc execution test
FAIL: 22_locale/codecvt/length/wchar_t/4.cc execution test
FAIL: 22_locale/codecvt/length/wchar_t/7.cc execution test
FAIL: 22_locale/codecvt/max_length/wchar_t/3.cc execution test
FAIL: 22_locale/codecvt/max_length/wchar_t/4.cc execution test
FAIL: 22_locale/codecvt/out/wchar_t/3.cc execution test
FAIL: 22_locale/codecvt/out/wchar_t/4.cc execution test
FAIL: 22_locale/codecvt/unshift/wchar_t/3.cc execution test
FAIL: 22_locale/codecvt/unshift/wchar_t/4.cc execution test
FAIL: 22_locale/collate/compare/wchar_t/1.cc execution test
FAIL: 22_locale/collate/compare/wchar_t/2.cc execution test
FAIL: 22_locale/collate/compare/wchar_t/3.cc execution test
FAIL: 22_locale/collate/hash/wchar_t/2.cc execution test
FAIL: 22_locale/collate/transform/wchar_t/2.cc execution test
FAIL: 22_locale/collate/transform/wchar_t/3.cc execution test
FAIL: 22_locale/collate_byname/1.cc execution test
FAIL: 22_locale/ctype/is/wchar_t/1.cc execution test
FAIL: 22_locale/ctype/is/wchar_t/2.cc execution test
FAIL: 22_locale/ctype/narrow/wchar_t/3.cc execution test
FAIL: 22_locale/ctype/widen/wchar_t/3.cc execution test
FAIL: 22_locale/locale/cons/2.cc execution test
FAIL: 22_locale/messages_byname/1.cc execution test
FAIL: 22_locale/money_get/get/wchar_t/1.cc execution test
FAIL: 22_locale/money_get/get/wchar_t/2.cc execution test
FAIL: 22_locale/money_get/get/wchar_t/3.cc execution test
FAIL: 22_locale/money_get/get/wchar_t/4.cc execution test
FAIL: 22_locale/money_put/put/wchar_t/1.cc execution test
FAIL: 22_locale/money_put/put/wchar_t/2.cc execution test
FAIL: 22_locale/money_put/put/wchar_t/3.cc execution test
FAIL: 22_locale/moneypunct/members/wchar_t/2.cc execution test
FAIL: 22_locale/num_get/get/wchar_t/1.cc execution test
FAIL: 22_locale/num_get/get/wchar_t/2.cc execution test
FAIL: 22_locale/num_get/get/wchar_t/3.cc execution test
FAIL: 22_locale/num_get/get/wchar_t/5.cc execution test
FAIL: 22_locale/num_get/get/wchar_t/6.cc execution test
FAIL: 22_locale/num_put/put/wchar_t/1.cc execution test
FAIL: 22_locale/num_put/put/wchar_t/2.cc execution test
FAIL: 22_locale/num_put/put/wchar_t/3.cc execution test
FAIL: 22_locale/num_put/put/wchar_t/5.cc execution test
FAIL: 22_locale/numpunct/members/wchar_t/1.cc execution test
FAIL: 22_locale/numpunct/members/wchar_t/2.cc execution test
FAIL: 22_locale/time_get/date_order/wchar_t/1.cc execution test
FAIL: 22_locale/time_get/get_date/wchar_t/1.cc execution test
FAIL: 22_locale/time_get/get_date/wchar_t/2.cc execution test
FAIL: 22_locale/time_get/get_monthname/wchar_t/1.cc execution test
FAIL: 22_locale/time_get/get_monthname/wchar_t/2.cc execution test
FAIL: 22_locale/time_get/get_time/wchar_t/1.cc execution test
FAIL: 22_locale/time_get/get_time/wchar_t/2.cc execution test
FAIL: 22_locale/time_get/get_weekday/wchar_t/1.cc execution test
FAIL: 22_locale/time_get/get_weekday/wchar_t/2.cc execution test
FAIL: 22_locale/time_get/get_year/wchar_t/1.cc execution test
FAIL: 22_locale/time_put/put/wchar_t/1.cc execution test
FAIL: 22_locale/time_put/put/wchar_t/2.cc execution test
FAIL: 22_locale/time_put/put/wchar_t/3.cc execution test
FAIL: 22_locale/time_put/put/wchar_t/4.cc execution test
FAIL: 22_locale/time_put/put/wchar_t/5.cc execution test
FAIL: 22_locale/time_put/put/wchar_t/6.cc execution test
FAIL: 22_locale/time_put/put/wchar_t/7.cc execution test
FAIL: 22_locale/time_put/put/wchar_t/8.cc execution test
FAIL: 27_io/ios_init.cc execution test
=== libstdc++-v3 Summary ===
# of expected passes 1138
# of unexpected failures 69
# of expected failures 2
Compiler version: 3.4 20030318 (experimental)
Platform: hppa-unknown-linux-gnu
configure flags: --with-gnu-as --with-as=/home/dave/opt/gnu/bin/as --with-gnu-ld --with-ld=/home/dave/opt/gnu/bin/ld --enable-shared --disable-nls --prefix=/home/dave/opt/gnu --with-local-prefix=/home/dave/opt/gnu --enable-threads=posix --enable-__cxa_atexit --host=hppa-linux