This is the mail archive of the
gcc-testresults@gcc.gnu.org
mailing list for the GCC project.
Results for gcc testsuite on i686-pc-linux-gnu
- From: "Autocrasher" <autocrasher at devphil dot com>
- To: gcc-testresults at gcc dot gnu dot org
- Date: 18 Mar 2003 14:00:02 -0000
- Subject: Results for gcc testsuite on i686-pc-linux-gnu
The configure/build/test log and libstdc++-v3 regression plots can be
found at http://www.devphil.com/build/
Host was specified as athlon_mp-pc-linux-gnu.
This particular run used standard (previously installed) binutils.
- The Autocrasher (Phil's Builder Bot, version 1.1)
LAST_UPDATED: Mon Feb 3 08:33:41 UTC 2003
Native configuration is i686-pc-linux-gnu
=== libstdc++-v3 tests ===
Running target unix
FAIL: 21_strings/basic_string/append/wchar_t/1.cc -DDEBUG_ASSERT execution test
FAIL: 21_strings/basic_string/cons/wchar_t/2.cc -DDEBUG_ASSERT (test for excess errors)
WARNING: 21_strings/basic_string/cons/wchar_t/2.cc -DDEBUG_ASSERT compilation failed to produce executable
FAIL: 22_locale/codecvt/always_noconv/wchar_t/3.cc -DDEBUG_ASSERT execution test
FAIL: 22_locale/codecvt/encoding/wchar_t/3.cc -DDEBUG_ASSERT execution test
FAIL: 22_locale/codecvt/in/wchar_t/3.cc -DDEBUG_ASSERT execution test
FAIL: 22_locale/codecvt/length/wchar_t/3.cc -DDEBUG_ASSERT execution test
FAIL: 22_locale/codecvt/max_length/wchar_t/3.cc -DDEBUG_ASSERT execution test
FAIL: 22_locale/codecvt/out/wchar_t/3.cc -DDEBUG_ASSERT execution test
FAIL: 22_locale/codecvt/unshift/wchar_t/3.cc -DDEBUG_ASSERT execution test
FAIL: 22_locale/ctype/narrow/wchar_t/3.cc -DDEBUG_ASSERT execution test
FAIL: 22_locale/ctype/widen/wchar_t/3.cc -DDEBUG_ASSERT execution test
FAIL: 22_locale/messages/members/char/1.cc -DDEBUG_ASSERT execution test
FAIL: 22_locale/messages/members/char/2.cc -DDEBUG_ASSERT execution test
FAIL: 22_locale/messages/members/char/wrapped_env.cc -DDEBUG_ASSERT execution test
FAIL: 22_locale/messages/members/char/wrapped_locale.cc -DDEBUG_ASSERT execution test
FAIL: 22_locale/messages_byname/1.cc -DDEBUG_ASSERT execution test
FAIL: 22_locale/time_get/get_monthname/char/1.cc -DDEBUG_ASSERT execution test
FAIL: 22_locale/time_get/get_monthname/char/2.cc -DDEBUG_ASSERT execution test
FAIL: 22_locale/time_get/get_monthname/char/wrapped_env.cc -DDEBUG_ASSERT execution test
FAIL: 22_locale/time_get/get_monthname/char/wrapped_locale.cc -DDEBUG_ASSERT execution test
FAIL: 22_locale/time_get/get_monthname/wchar_t/1.cc -DDEBUG_ASSERT execution test
FAIL: 22_locale/time_get/get_monthname/wchar_t/2.cc -DDEBUG_ASSERT execution test
FAIL: 22_locale/time_get/get_monthname/wchar_t/wrapped_env.cc -DDEBUG_ASSERT execution test
FAIL: 22_locale/time_get/get_monthname/wchar_t/wrapped_locale.cc -DDEBUG_ASSERT execution test
FAIL: 22_locale/time_get/get_time/char/3.cc -DDEBUG_ASSERT execution test
FAIL: 22_locale/time_get/get_time/char/wrapped_env.cc -DDEBUG_ASSERT execution test
FAIL: 22_locale/time_get/get_time/char/wrapped_locale.cc -DDEBUG_ASSERT execution test
FAIL: 22_locale/time_get/get_time/wchar_t/3.cc -DDEBUG_ASSERT execution test
FAIL: 22_locale/time_get/get_time/wchar_t/wrapped_env.cc -DDEBUG_ASSERT execution test
FAIL: 22_locale/time_get/get_time/wchar_t/wrapped_locale.cc -DDEBUG_ASSERT execution test
FAIL: 23_containers/deque_ctor.cc -DDEBUG_ASSERT execution test
FAIL: 24_iterators/iterator.cc -DDEBUG_ASSERT execution test
FAIL: backward/header_deque_h.cc -Wno-deprecated (test for excess errors)
WARNING: backward/header_deque_h.cc -Wno-deprecated compilation failed to produce executable
FAIL: backward/header_hashtable_h.cc -Wno-deprecated (test for excess errors)
WARNING: backward/header_hashtable_h.cc -Wno-deprecated compilation failed to produce executable
FAIL: backward/header_rope_h.cc -Wno-deprecated (test for excess errors)
WARNING: backward/header_rope_h.cc -Wno-deprecated compilation failed to produce executable
FAIL: ext/allocators.cc -DDEBUG_ASSERT (test for excess errors)
WARNING: ext/allocators.cc -DDEBUG_ASSERT compilation failed to produce executable
FAIL: ext/rope.cc -DDEBUG_ASSERT (test for excess errors)
WARNING: ext/rope.cc -DDEBUG_ASSERT compilation failed to produce executable
=== libstdc++-v3 Summary ===
# of expected passes 1288
# of unexpected failures 37
# of expected failures 2
=== g++ tests ===
Running target unix
Compiler version: gcc
Platform: i686-pc-linux-gnu
configure flags: --prefix=/home/pme/build/install-2003-03-18 --enable-shared --disable-nls --disable-werror --host=athlon_mp-pc-linux-gnu --enable-threads=posix --enable-__cxa_atexit --enable-languages=c++ --with-dwarf2 --enable-cxx-flags=-march=athlon-mp --enable-install-libiberty --enable-concept-checks --enable-gdbtk --enable-debug