This is the mail archive of the
gcc-testresults@gcc.gnu.org
mailing list for the GCC project.
Results for 3.4 20030313 (experimental) testsuite on i686-suse-linux-gnu
- From: Andreas Jaeger <aj at suse dot de>
- To: gcc-testresults at gcc dot gnu dot org
- Date: Thu, 13 Mar 2003 13:54:27 +0100
- Subject: Results for 3.4 20030313 (experimental) testsuite on i686-suse-linux-gnu
Bootstrap and regtesting on i686-linux-gnu.
CVS sources: mainline
LAST_UPDATED: Thu Mar 13 10:55:04 UTC 2003
Native configuration is i686-suse-linux-gnu
=== g++ tests ===
Running target unix
FAIL: pch/system-1.C -g assembly comparison
FAIL: pch/system-1.C -O2 -g assembly comparison
XPASS: g++.other/init5.C Execution test
FAIL: g++.robertl/eb42.C (test for excess errors)
=== g++ Summary ===
# of expected passes 8377
# of unexpected failures 3
# of unexpected successes 1
# of expected failures 68
# of untested testcases 9
# of unsupported tests 3
/builds/gcc/checking/gcc/testsuite/../g++ version 3.4 20030313 (experimental)
=== g77 tests ===
Running target unix
FAIL: g77.f-torture/execute/980520-1.f compilation, -O0
=== g77 Summary ===
# of expected passes 1658
# of unexpected failures 1
# of untested testcases 1
/builds/gcc/checking/gcc/testsuite/../g77 version 3.4 20030313 (experimental)
=== gcc tests ===
Running target unix
FAIL: gcc.c-torture/compile/20000728-1.c, -O2
FAIL: gcc.c-torture/compile/20000825-1.c, -Os
FAIL: gcc.c-torture/compile/20000827-1.c, -Os
FAIL: gcc.c-torture/compile/20010117-2.c, -Os
FAIL: gcc.c-torture/compile/20010329-1.c, -Os
FAIL: gcc.c-torture/compile/20020120-1.c, -Os
FAIL: gcc.c-torture/compile/920625-1.c, -Os
FAIL: gcc.c-torture/execute/20030120-1.c compilation, -Os
UNRESOLVED: gcc.c-torture/execute/20030120-1.c execution, -Os
FAIL: gcc.c-torture/execute/900409-1.c compilation, -Os
UNRESOLVED: gcc.c-torture/execute/900409-1.c execution, -Os
FAIL: gcc.c-torture/execute/930123-1.c compilation, -Os
UNRESOLVED: gcc.c-torture/execute/930123-1.c execution, -Os
FAIL: gcc.c-torture/execute/930126-1.c compilation, -Os
UNRESOLVED: gcc.c-torture/execute/930126-1.c execution, -Os
FAIL: gcc.c-torture/execute/930603-3.c compilation, -Os
UNRESOLVED: gcc.c-torture/execute/930603-3.c execution, -Os
FAIL: gcc.c-torture/execute/930718-1.c compilation, -Os
UNRESOLVED: gcc.c-torture/execute/930718-1.c execution, -Os
FAIL: gcc.c-torture/execute/950322-1.c compilation, -Os
UNRESOLVED: gcc.c-torture/execute/950322-1.c execution, -Os
FAIL: gcc.dg/20020531-1.c (test for excess errors)
FAIL: gcc.dg/Wreturn-type.c (test for excess errors)
FAIL: gcc.dg/duff-2.c (test for excess errors)
FAIL: gcc.dg/i386-ssetype-5.c scan-assembler-not movaps.*magic
FAIL: gcc.dg/uninit-C.c (test for excess errors)
FAIL: gcc.dg/warn-1.c (test for warnings, line 8)
FAIL: gcc.dg/warn-1.c (test for warnings, line 15)
FAIL: gcc.dg/pch/inline-1.c (test for excess errors)
=== gcc Summary ===
# of expected passes 21613
# of unexpected failures 22
# of expected failures 67
# of unresolved testcases 7
# of untested testcases 1
# of unsupported tests 87
/builds/gcc/checking/gcc/xgcc version 3.4 20030313 (experimental)
=== objc tests ===
Running target unix
=== objc Summary ===
# of expected passes 1153
/builds/gcc/checking/gcc/xgcc version 3.4 20030313 (experimental)
=== treelang tests ===
Running target unix
=== treelang Summary ===
# of expected passes 1
=== libjava tests ===
Running target unix
WARNING: program timed out.
FAIL: SyncTest execution - gij test
WARNING: program timed out.
FAIL: SyncTest execution - gij test
=== libjava Summary ===
# of expected passes 2957
# of unexpected failures 2
# of expected failures 16
# of untested testcases 14
=== libstdc++-v3 tests ===
Running target unix
FAIL: 22_locale/codecvt/encoding/wchar_t/wrapped_locale.cc execution test
FAIL: 22_locale/codecvt/max_length/wchar_t/wrapped_locale.cc execution test
FAIL: 22_locale/messages/members/char/1.cc execution test
FAIL: 22_locale/messages/members/char/2.cc execution test
FAIL: 22_locale/messages/members/char/wrapped_env.cc execution test
FAIL: 22_locale/messages/members/char/wrapped_locale.cc execution test
FAIL: 22_locale/messages_byname/1.cc execution test
FAIL: 24_iterators/iterator.cc execution test
=== libstdc++-v3 Summary ===
# of expected passes 1193
# of unexpected failures 8
# of expected failures 2
Compiler version: 3.4 20030313 (experimental)
Platform: i686-suse-linux-gnu
configure flags: --prefix=/opt/gcc/3.4-devel --disable-nls --enable-threads=posix --enable-clocale=gnu --enable-__cxa_atexit --enable-shared --enable-languages=c,c++,f77,java,objc,ada,treelang --enable-checking=misc,tree,rtl,gc,rtlflag --with-system-zlib i686-suse-linux-gnu