This is the mail archive of the
gcc-testresults@gcc.gnu.org
mailing list for the GCC project.
Results for 3.5-tree-ssa 20030302 (experimental) testsuite on powerpc-unknown-linux-gnu
- From: Toon Moene <toon at moene dot indiv dot nluug dot nl>
- To: gcc-testresults at gcc dot gnu dot org
- Date: Sat, 08 Mar 2003 17:54:29 +0100
- Subject: Results for 3.5-tree-ssa 20030302 (experimental) testsuite on powerpc-unknown-linux-gnu
LAST_UPDATED:
Native configuration is powerpc-unknown-linux-gnu
=== g77 tests ===
Running target unix
FAIL: g77.f-torture/execute/u77-test.f execution, -O0
FAIL: g77.f-torture/execute/u77-test.f execution, -O1
FAIL: g77.f-torture/execute/u77-test.f execution, -O2
FAIL: g77.f-torture/execute/u77-test.f execution, -O3 -fomit-frame-pointer
FAIL: g77.f-torture/execute/u77-test.f execution, -O3 -fomit-frame-pointer -funroll-loops
FAIL: g77.f-torture/execute/u77-test.f execution, -O3 -fomit-frame-pointer -funroll-all-loops -finline-functions
FAIL: g77.f-torture/execute/u77-test.f execution, -O3 -g
FAIL: g77.f-torture/execute/u77-test.f execution, -Os
=== g77 Summary ===
# of expected passes 1636
# of unexpected failures 8
# of unsupported tests 8
/home/toon/gcc-g95/obj/gcc/testsuite/../g77 version 3.5-tree-ssa 20030302 (experimental)
=== g95 tests ===
Running target unix
FAIL: g95.f95-torture/execute/character_select_1.f90 compilation, -O0
FAIL: g95.f95-torture/execute/character_select_1.f90 compilation, -O1
FAIL: g95.f95-torture/execute/character_select_1.f90 compilation, -O2
FAIL: g95.f95-torture/execute/character_select_1.f90 compilation, -O2 -fomit-frame-pointer -finline-functions
FAIL: g95.f95-torture/execute/character_select_1.f90 compilation, -O2 -fomit-frame-pointer -finline-functions -funroll-loops
FAIL: g95.f95-torture/execute/character_select_1.f90 compilation, -O2 -fomit-frame-pointer -finline-functions -funroll-all-loops
FAIL: g95.f95-torture/execute/character_select_1.f90 compilation, -O3 -g
FAIL: g95.f95-torture/execute/character_select_1.f90 compilation, -Os
FAIL: g95.f95-torture/execute/intrinsic_present.f90 execution, -O0
=== g95 Summary ===
# of expected passes 975
# of unexpected failures 9
# of untested testcases 8
/home/toon/gcc-g95/obj/gcc/testsuite/../g95 version 3.5-tree-ssa 20030302 (experimental)
=== gcc tests ===
Running target unix
WARNING: program timed out.
FAIL: gcc.c-torture/compile/20001226-1.c, -O3 -g
FAIL: gcc.c-torture/compile/20001226-1.c, -Os
FAIL: gcc.c-torture/execute/20000603-1.c execution, -O3 -fomit-frame-pointer
FAIL: gcc.c-torture/execute/20000603-1.c execution, -O3 -g
FAIL: gcc.c-torture/execute/20030125-1.c execution, -O1
FAIL: gcc.c-torture/execute/20030125-1.c execution, -O2
FAIL: gcc.c-torture/execute/20030125-1.c execution, -O3 -fomit-frame-pointer
FAIL: gcc.c-torture/execute/20030125-1.c execution, -O3 -g
FAIL: gcc.c-torture/execute/20030125-1.c execution, -Os
FAIL: gcc.c-torture/execute/stdio-opt-1.c execution, -O1
FAIL: gcc.c-torture/execute/stdio-opt-1.c execution, -O2
FAIL: gcc.c-torture/execute/stdio-opt-1.c execution, -O3 -fomit-frame-pointer
FAIL: gcc.c-torture/execute/stdio-opt-1.c execution, -O3 -g
FAIL: gcc.c-torture/execute/stdio-opt-1.c execution, -Os
FAIL: gcc.c-torture/execute/string-opt-1.c execution, -O1
FAIL: gcc.c-torture/execute/string-opt-1.c execution, -O2
FAIL: gcc.c-torture/execute/string-opt-1.c execution, -O3 -fomit-frame-pointer
FAIL: gcc.c-torture/execute/string-opt-1.c execution, -O3 -g
FAIL: gcc.c-torture/execute/string-opt-1.c execution, -Os
FAIL: gcc.c-torture/execute/string-opt-10.c execution, -O1
FAIL: gcc.c-torture/execute/string-opt-10.c execution, -O2
FAIL: gcc.c-torture/execute/string-opt-10.c execution, -O3 -fomit-frame-pointer
FAIL: gcc.c-torture/execute/string-opt-10.c execution, -O3 -g
FAIL: gcc.c-torture/execute/string-opt-10.c execution, -Os
FAIL: gcc.c-torture/execute/string-opt-11.c execution, -O1
FAIL: gcc.c-torture/execute/string-opt-11.c execution, -O2
FAIL: gcc.c-torture/execute/string-opt-11.c execution, -O3 -fomit-frame-pointer
FAIL: gcc.c-torture/execute/string-opt-11.c execution, -O3 -g
FAIL: gcc.c-torture/execute/string-opt-11.c execution, -Os
FAIL: gcc.c-torture/execute/string-opt-12.c execution, -O1
FAIL: gcc.c-torture/execute/string-opt-12.c execution, -O2
FAIL: gcc.c-torture/execute/string-opt-12.c execution, -O3 -fomit-frame-pointer
FAIL: gcc.c-torture/execute/string-opt-12.c execution, -O3 -g
FAIL: gcc.c-torture/execute/string-opt-12.c execution, -Os
FAIL: gcc.c-torture/execute/string-opt-3.c execution, -O1
FAIL: gcc.c-torture/execute/string-opt-3.c execution, -O2
FAIL: gcc.c-torture/execute/string-opt-3.c execution, -O3 -fomit-frame-pointer
FAIL: gcc.c-torture/execute/string-opt-3.c execution, -O3 -g
FAIL: gcc.c-torture/execute/string-opt-3.c execution, -Os
FAIL: gcc.c-torture/execute/string-opt-4.c execution, -O1
FAIL: gcc.c-torture/execute/string-opt-4.c execution, -O2
FAIL: gcc.c-torture/execute/string-opt-4.c execution, -O3 -fomit-frame-pointer
FAIL: gcc.c-torture/execute/string-opt-4.c execution, -O3 -g
FAIL: gcc.c-torture/execute/string-opt-4.c execution, -Os
FAIL: gcc.c-torture/execute/string-opt-6.c execution, -O1
FAIL: gcc.c-torture/execute/string-opt-6.c execution, -O2
FAIL: gcc.c-torture/execute/string-opt-6.c execution, -O3 -fomit-frame-pointer
FAIL: gcc.c-torture/execute/string-opt-6.c execution, -O3 -g
FAIL: gcc.c-torture/execute/string-opt-6.c execution, -Os
FAIL: gcc.c-torture/execute/string-opt-7.c execution, -O1
FAIL: gcc.c-torture/execute/string-opt-7.c execution, -O2
FAIL: gcc.c-torture/execute/string-opt-7.c execution, -O3 -fomit-frame-pointer
FAIL: gcc.c-torture/execute/string-opt-7.c execution, -O3 -g
FAIL: gcc.c-torture/execute/string-opt-7.c execution, -Os
FAIL: gcc.c-torture/execute/string-opt-9.c execution, -O1
FAIL: gcc.c-torture/execute/string-opt-9.c execution, -O2
FAIL: gcc.c-torture/execute/string-opt-9.c execution, -O3 -fomit-frame-pointer
FAIL: gcc.c-torture/execute/string-opt-9.c execution, -O3 -g
FAIL: gcc.c-torture/execute/string-opt-9.c execution, -Os
FAIL: gcc.dg/20020103-1.c scan-assembler-not LC
FAIL: gcc.dg/20020118-1.c execution test
FAIL: gcc.dg/20020304-1.c (test for excess errors)
FAIL: gcc.dg/Wswitch-2.c enum e4 (test for warnings, line 20)
FAIL: gcc.dg/Wswitch-2.c enum e1 (test for warnings, line 29)
FAIL: gcc.dg/Wswitch-default.c (test for warnings, line 14)
FAIL: gcc.dg/Wswitch-default.c (test for warnings, line 22)
FAIL: gcc.dg/Wswitch-default.c (test for warnings, line 31)
FAIL: gcc.dg/Wswitch-default.c (test for warnings, line 41)
FAIL: gcc.dg/Wswitch-default.c (test for warnings, line 53)
FAIL: gcc.dg/Wswitch-default.c (test for excess errors)
FAIL: gcc.dg/Wswitch-enum.c enum e1 (test for warnings, line 23)
FAIL: gcc.dg/Wswitch-enum.c enum e2 (test for warnings, line 23)
FAIL: gcc.dg/Wswitch-enum.c enum e1 (test for warnings, line 28)
FAIL: gcc.dg/Wswitch-enum.c enum e2 (test for warnings, line 28)
FAIL: gcc.dg/Wswitch-enum.c enum e2 (test for warnings, line 32)
FAIL: gcc.dg/Wswitch-enum.c enum e2 (test for warnings, line 37)
FAIL: gcc.dg/Wswitch-enum.c excess 3 (test for warnings, line 54)
FAIL: gcc.dg/Wswitch-enum.c excess 3 (test for warnings, line 61)
FAIL: gcc.dg/Wswitch.c enum e1 (test for warnings, line 23)
FAIL: gcc.dg/Wswitch.c enum e2 (test for warnings, line 23)
FAIL: gcc.dg/Wswitch.c enum e2 (test for warnings, line 32)
FAIL: gcc.dg/Wswitch.c excess 3 (test for warnings, line 54)
FAIL: gcc.dg/Wunreachable-1.c (test for warnings, line 21)
FAIL: gcc.dg/altivec-5.c (test for excess errors)
FAIL: gcc.dg/doloop-1.c scan-assembler bdnz
FAIL: gcc.dg/doloop-1.c scan-assembler-not blt
FAIL: gcc.dg/noreturn-1.c detect falling off end of noreturn (test for warnings, line 10)
FAIL: gcc.dg/noreturn-1.c detect noreturn candidate (test for warnings, line 31)
FAIL: gcc.dg/noreturn-1.c detect return from noreturn (test for warnings, line 38)
FAIL: gcc.dg/noreturn-1.c detect return from tail call (test for warnings, line 59)
FAIL: gcc.dg/noreturn-1.c (test for excess errors)
FAIL: gcc.dg/noreturn-4.c warn for main (test for warnings, line 10)
FAIL: gcc.dg/noreturn-4.c (test for excess errors)
FAIL: gcc.dg/old-style-asm-1.c scan-assembler L2
FAIL: gcc.dg/return-type-1.c warning for falling off end of non-void function (test for warnings, line 8)
FAIL: gcc.dg/return-type-1.c (test for excess errors)
XPASS: gcc.dg/uninit-4.c uninitialized variable warning (test for bogus messages, line 26)
XPASS: gcc.dg/uninit-5.c uninitialized variable warning (test for bogus messages, line 13)
XPASS: gcc.dg/uninit-5.c uninitialized variable warning (test for bogus messages, line 27)
XPASS: gcc.dg/uninit-8.c uninitialized variable warning (test for bogus messages, line 14)
FAIL: gcc.dg/warn-1.c (test for warnings, line 8)
FAIL: gcc.dg/warn-1.c (test for warnings, line 15)
FAIL: gcc.dg/warn-1.c (test for excess errors)
FAIL: 165: expected branch percentages not found: 11
FAIL: gcc.misc-tests/gcov-4b.c gcov: 0 failures in line counts, 1 in branch percentages, 0 in return percentages
=== gcc Summary ===
# of expected passes 21278
# of unexpected failures 101
# of unexpected successes 4
# of expected failures 64
# of unsupported tests 165
/home/toon/gcc-g95/obj/gcc/xgcc version 3.5-tree-ssa 20030302 (experimental)
Compiler version: 3.5-tree-ssa 20030302 (experimental)
Platform: powerpc-unknown-linux-gnu
configure flags: --prefix=/home/toon/gcc-g95/install --disable-nls --disable-multilib --enable-languages=f77,f95 --with-libbanshee