This is the mail archive of the
gcc-testresults@gcc.gnu.org
mailing list for the GCC project.
Results for 3.2.2 testsuite on sparc-sun-solaris2.6
- From: Lars Schouw <schouwl at tk1d1140app dot tokyo dot dresdnerkb dot com>
- To: gcc-testresults at gcc dot gnu dot org
- Date: Fri, 7 Mar 2003 08:34:26 +0900 (JST)
- Subject: Results for 3.2.2 testsuite on sparc-sun-solaris2.6
LAST_UPDATED:
Native configuration is sparc-sun-solaris2.6
=== g++ tests ===
Running target unix
FAIL: g++.robertl/eb130.C (test for excess errors)
FAIL: g++.robertl/eb132.C (test for excess errors)
FAIL: g++.robertl/eb73.C (test for excess errors)
=== g++ Summary ===
# of expected passes 7259
# of unexpected failures 3
# of expected failures 91
# of untested testcases 21
# of unsupported tests 4
/home/schouwl/unpack/gcc/gcc-3.2.2/gcc/testsuite/../g++ version 3.2.2
=== g77 tests ===
Running target unix
=== g77 Summary ===
# of expected passes 1458
# of unsupported tests 8
/home/schouwl/unpack/gcc/gcc-3.2.2/gcc/testsuite/../g77 version 3.2.2
=== gcc tests ===
Running target unix
WARNING: gcc.dg/20021014-1.c compilation failed to produce executable
FAIL: gcc.dg/special/gcsec-1.c (test for excess errors)
WARNING: gcc.dg/special/gcsec-1.c compilation failed to produce executable
=== gcc Summary ===
# of expected passes 18331
# of unexpected failures 1
# of expected failures 66
# of unsupported tests 111
/home/schouwl/unpack/gcc/gcc-3.2.2/gcc/xgcc version 3.2.2
=== objc tests ===
Running target unix
=== objc Summary ===
# of expected passes 1035
# of expected failures 6
/home/schouwl/unpack/gcc/gcc-3.2.2/gcc/xgcc version 3.2.2
=== libjava tests ===
Running target unix
FAIL: FileHandleGcTest execution from source compiled test
FAIL: FileHandleGcTest execution from bytecode->native test
FAIL: FileHandleGcTest -O execution from source compiled test
FAIL: FileHandleGcTest -O execution from bytecode->native test
FAIL: Throw_2 execution from source compiled test
FAIL: Throw_2 execution from bytecode->native test
FAIL: Throw_2 -O execution from source compiled test
FAIL: Throw_2 -O execution from bytecode->native test
=== libjava Summary ===
# of expected passes 2045
# of unexpected failures 8
# of expected failures 18
# of untested testcases 22
=== libstdc++-v3 tests ===
Running target unix
XPASS: 22_locale/collate_members_wchar_t.cc execution test
XPASS: 22_locale/ctype_is_wchar_t.cc execution test
XPASS: 22_locale/money_get_members_wchar_t.cc execution test
XPASS: 22_locale/money_put_members_wchar_t.cc execution test
XPASS: 22_locale/moneypunct_members_wchar_t.cc execution test
XPASS: 22_locale/num_get_members_wchar_t.cc execution test
XPASS: 22_locale/num_put_members_wchar_t.cc execution test
XPASS: 22_locale/numpunct_members_wchar_t.cc execution test
XPASS: 22_locale/time_get_members_wchar_t.cc execution test
XPASS: 22_locale/time_put_members_wchar_t.cc execution test
FAIL: thread/pthread1.cc (test for excess errors)
WARNING: thread/pthread1.cc compilation failed to produce executable
FAIL: thread/pthread2.cc (test for excess errors)
WARNING: thread/pthread2.cc compilation failed to produce executable
FAIL: thread/pthread3.cc (test for excess errors)
WARNING: thread/pthread3.cc compilation failed to produce executable
FAIL: thread/pthread4.cc (test for excess errors)
WARNING: thread/pthread4.cc compilation failed to produce executable
FAIL: thread/pthread5.cc (test for excess errors)
WARNING: thread/pthread5.cc compilation failed to produce executable
FAIL: thread/pthread6.cc (test for excess errors)
WARNING: thread/pthread6.cc compilation failed to produce executable
=== libstdc++-v3 Summary ===
# of expected passes 420
# of unexpected failures 6
# of unexpected successes 10
# of expected failures 17
Compiler version: 3.2.2
Platform: sparc-sun-solaris2.6
configure flags: --host=sparc-sun-solaris2.6 --prefix=/home/schouwl/install/gcc