This is the mail archive of the
gcc-testresults@gcc.gnu.org
mailing list for the GCC project.
Results for 3.2.3 20030305 (prerelease) testsuite on sparc-suse-linux-gnu
- From: Robert Schiele <schiele at pi3 dot informatik dot uni-mannheim dot de>
- To: gcc-testresults at gcc dot gnu dot org
- Date: Thu, 6 Mar 2003 11:23:57 +0100
- Subject: Results for 3.2.3 20030305 (prerelease) testsuite on sparc-suse-linux-gnu
LAST_UPDATED: Wed Mar 5 23:19:39 UTC 2003
Native configuration is sparc-suse-linux-gnu
=== g++ tests ===
Running target unix
XPASS: g++.other/init5.C Execution test
=== g++ Summary ===
# of expected passes 7347
# of unexpected successes 1
# of expected failures 88
# of untested testcases 22
# of unsupported tests 5
/local/gccbuild/gcc/testsuite/../g++ version 3.2.3 20030305 (prerelease)
=== g77 tests ===
Running target unix
=== g77 Summary ===
# of expected passes 1458
# of unsupported tests 8
/local/gccbuild/gcc/testsuite/../g77 version 3.2.3 20030305 (prerelease)
=== gcc tests ===
Running target unix
WARNING: program timed out.
FAIL: gcc.c-torture/compile/20001226-1.c, -O3 -g
FAIL: gcc.dg/format/c90-scanf-1.c writing into NULL (test for warnings, line 118)
FAIL: gcc.dg/format/c90-scanf-1.c (test for excess errors)
FAIL: gcc.dg/format/c99-printf-1.c %hhn unsigned char (test for warnings, line 196)
FAIL: gcc.dg/format/c99-printf-1.c (test for excess errors)
=== gcc Summary ===
# of expected passes 18534
# of unexpected failures 5
# of expected failures 66
# of unsupported tests 113
/local/gccbuild/gcc/xgcc version 3.2.3 20030305 (prerelease)
=== objc tests ===
Running target unix
=== objc Summary ===
# of expected passes 1035
# of expected failures 6
/local/gccbuild/gcc/xgcc version 3.2.3 20030305 (prerelease)
=== libstdc++-v3 tests ===
Running target unix
XPASS: 22_locale/ctype_is_wchar_t.cc execution test
XPASS: 22_locale/members.cc execution test
XPASS: 22_locale/messages_byname.cc execution test
XPASS: 22_locale/messages_members_char.cc execution test
XPASS: 22_locale/money_get_members_wchar_t.cc execution test
XPASS: 22_locale/money_put_members_wchar_t.cc execution test
XPASS: 22_locale/moneypunct_byname.cc execution test
XPASS: 22_locale/moneypunct_members_char.cc execution test
XPASS: 22_locale/moneypunct_members_wchar_t.cc execution test
XPASS: 22_locale/num_get_members_char.cc execution test
XPASS: 22_locale/num_get_members_wchar_t.cc execution test
XPASS: 22_locale/num_put_members_char.cc execution test
XPASS: 22_locale/num_put_members_wchar_t.cc execution test
XPASS: 22_locale/numpunct_byname.cc execution test
XPASS: 22_locale/numpunct_members_char.cc execution test
XPASS: 22_locale/numpunct_members_wchar_t.cc execution test
FAIL: 22_locale/operators.cc execution test
XPASS: 22_locale/time_get_members_wchar_t.cc execution test
XPASS: 22_locale/time_put_members_char.cc execution test
XPASS: 22_locale/time_put_members_wchar_t.cc execution test
FAIL: 26_numerics/c99_classification_macros_c.cc (test for excess errors)
=== libstdc++-v3 Summary ===
# of expected passes 431
# of unexpected failures 2
# of unexpected successes 19
# of expected failures 7
Compiler version: 3.2.3 20030305 (prerelease)
Platform: sparc-suse-linux-gnu
configure flags: --host=sparc-suse-linux --enable-threads=posix --prefix=/opt/Pkg/Linux/sparc64/gcc323 --enable-languages=c,c++,f77,objc --disable-libgcj --with-gxx-include-dir=/opt/Pkg/Linux/sparc64/gcc323/include/g++ --with-system-zlib --enable-shared --enable-__cxa_atexit