This is the mail archive of the
gcc-testresults@gcc.gnu.org
mailing list for the GCC project.
Results for 3.420030226(experimental) testsuite on alpha-unknown-linux-gnu
- From: Michael Ritzert <michael dot ritzert at realtech dot de>
- To: gcc-testresults at gcc dot gnu dot org
- Date: Sun, 02 Mar 2003 17:21:38 +0100
- Subject: Results for 3.420030226(experimental) testsuite on alpha-unknown-linux-gnu
Native configuration is alpha-unknown-linux-gnu
=== libstdc++-v3 tests ===
Running target unix
WARNING: program timed out.
FAIL: 17_intro/headers.cc (test for excess errors)
WARNING: 17_intro/headers.cc compilation failed to produce executable
WARNING: program timed out.
FAIL: 21_strings/inserters_extractors.cc (test for excess errors)
WARNING: 21_strings/inserters_extractors.cc compilation failed to produce executable
WARNING: program timed out.
FAIL: 21_strings/operations.cc (test for excess errors)
WARNING: 21_strings/operations.cc compilation failed to produce executable
WARNING: program timed out.
FAIL: 21_strings/replace.cc (test for excess errors)
WARNING: 21_strings/replace.cc compilation failed to produce executable
WARNING: program timed out.
FAIL: 22_locale/codecvt/1.cc (test for excess errors)
FAIL: 22_locale/codecvt/always_noconv/char/wrapped_locale.cc execution test
FAIL: 22_locale/codecvt/always_noconv/wchar_t/wrapped_locale.cc execution test
FAIL: 22_locale/codecvt/encoding/char/wrapped_locale.cc execution test
FAIL: 22_locale/codecvt/encoding/wchar_t/4.cc execution test
FAIL: 22_locale/codecvt/encoding/wchar_t/wrapped_locale.cc execution test
FAIL: 22_locale/codecvt/in/char/wrapped_locale.cc execution test
FAIL: 22_locale/codecvt/in/wchar_t/2.cc execution test
FAIL: 22_locale/codecvt/in/wchar_t/3.cc execution test
FAIL: 22_locale/codecvt/in/wchar_t/4.cc execution test
FAIL: 22_locale/codecvt/in/wchar_t/8.cc execution test
FAIL: 22_locale/codecvt/in/wchar_t/9.cc execution test
FAIL: 22_locale/codecvt/in/wchar_t/wrapped_locale.cc execution test
FAIL: 22_locale/codecvt/length/char/wrapped_locale.cc execution test
FAIL: 22_locale/codecvt/length/wchar_t/2.cc execution test
FAIL: 22_locale/codecvt/length/wchar_t/3.cc execution test
FAIL: 22_locale/codecvt/length/wchar_t/4.cc execution test
FAIL: 22_locale/codecvt/length/wchar_t/wrapped_locale.cc execution test
FAIL: 22_locale/codecvt/max_length/char/wrapped_locale.cc execution test
FAIL: 22_locale/codecvt/max_length/wchar_t/4.cc execution test
FAIL: 22_locale/codecvt/max_length/wchar_t/wrapped_locale.cc execution test
FAIL: 22_locale/codecvt/out/char/wrapped_locale.cc execution test
FAIL: 22_locale/codecvt/out/wchar_t/2.cc execution test
FAIL: 22_locale/codecvt/out/wchar_t/3.cc execution test
FAIL: 22_locale/codecvt/out/wchar_t/4.cc execution test
FAIL: 22_locale/codecvt/out/wchar_t/wrapped_locale.cc execution test
FAIL: 22_locale/codecvt/unshift/char/wrapped_locale.cc execution test
FAIL: 22_locale/codecvt/unshift/wchar_t/wrapped_locale.cc execution test
FAIL: 22_locale/collate/compare/char/2.cc execution test
FAIL: 22_locale/collate/compare/char/wrapped_env.cc execution test
FAIL: 22_locale/collate/compare/char/wrapped_locale.cc execution test
FAIL: 22_locale/collate/compare/wchar_t/2.cc execution test
FAIL: 22_locale/collate/compare/wchar_t/wrapped_env.cc execution test
FAIL: 22_locale/collate/compare/wchar_t/wrapped_locale.cc execution test
FAIL: 22_locale/collate/hash/char/wrapped_locale.cc execution test
FAIL: 22_locale/collate/hash/wchar_t/wrapped_locale.cc execution test
FAIL: 22_locale/collate/transform/char/2.cc execution test
FAIL: 22_locale/collate/transform/char/wrapped_env.cc execution test
FAIL: 22_locale/collate/transform/char/wrapped_locale.cc execution test
FAIL: 22_locale/collate/transform/wchar_t/2.cc execution test
FAIL: 22_locale/collate/transform/wchar_t/wrapped_env.cc execution test
FAIL: 22_locale/collate/transform/wchar_t/wrapped_locale.cc execution test
FAIL: 22_locale/collate_byname/1.cc execution test
FAIL: 22_locale/ctype/cons/char/wrapped_locale.cc execution test
FAIL: 22_locale/ctype/is/char/2.cc execution test
FAIL: 22_locale/ctype/is/char/wrapped_env.cc execution test
FAIL: 22_locale/ctype/is/char/wrapped_locale.cc execution test
FAIL: 22_locale/ctype/is/wchar_t/2.cc execution test
FAIL: 22_locale/ctype/is/wchar_t/wrapped_env.cc execution test
FAIL: 22_locale/ctype/is/wchar_t/wrapped_locale.cc execution test
FAIL: 22_locale/ctype/narrow/char/wrapped_locale.cc execution test
FAIL: 22_locale/ctype/narrow/wchar_t/wrapped_locale.cc execution test
WARNING: program timed out.
FAIL: 22_locale/ctype/scan/char/1.cc (test for excess errors)
WARNING: 22_locale/ctype/scan/char/1.cc compilation failed to produce executable
WARNING: program timed out.
FAIL: 22_locale/ctype/scan/char/wrapped_env.cc (test for excess errors)
WARNING: 22_locale/ctype/scan/char/wrapped_env.cc compilation failed to produce executable
WARNING: program timed out.
FAIL: 22_locale/ctype/scan/char/wrapped_locale.cc (test for excess errors)
WARNING: 22_locale/ctype/scan/char/wrapped_locale.cc compilation failed to produce executable
WARNING: program timed out.
FAIL: 22_locale/ctype/scan/wchar_t/1.cc (test for excess errors)
WARNING: 22_locale/ctype/scan/wchar_t/1.cc compilation failed to produce executable
WARNING: program timed out.
FAIL: 22_locale/ctype/scan/wchar_t/wrapped_locale.cc (test for excess errors)
WARNING: 22_locale/ctype/scan/wchar_t/wrapped_locale.cc compilation failed to produce executable
FAIL: 22_locale/ctype/to/char/wrapped_locale.cc execution test
FAIL: 22_locale/ctype/to/wchar_t/wrapped_locale.cc execution test
FAIL: 22_locale/ctype/widen/char/wrapped_locale.cc execution test
FAIL: 22_locale/ctype/widen/wchar_t/wrapped_locale.cc execution test
WARNING: program timed out.
FAIL: 22_locale/facet/2.cc (test for excess errors)
WARNING: 22_locale/facet/2.cc compilation failed to produce executable
FAIL: 22_locale/locale/cons/7.cc execution test
FAIL: 22_locale/messages/members/char/1.cc execution test
FAIL: 22_locale/messages/members/char/2.cc execution test
FAIL: 22_locale/messages/members/char/wrapped_env.cc execution test
FAIL: 22_locale/messages/members/char/wrapped_locale.cc execution test
FAIL: 22_locale/messages_byname/1.cc execution test
WARNING: program timed out.
FAIL: 22_locale/money_get/get/char/1.cc (test for excess errors)
WARNING: 22_locale/money_get/get/char/1.cc compilation failed to produce executable
WARNING: program timed out.
FAIL: 22_locale/money_get/get/char/2.cc (test for excess errors)
WARNING: 22_locale/money_get/get/char/2.cc compilation failed to produce executable
FAIL: 22_locale/money_get/get/char/3.cc execution test
FAIL: 22_locale/money_get/get/char/4.cc execution test
WARNING: program timed out.
FAIL: 22_locale/money_get/get/char/7.cc (test for excess errors)
WARNING: 22_locale/money_get/get/char/7.cc compilation failed to produce executable
WARNING: program timed out.
FAIL: 22_locale/money_get/get/char/wrapped_env.cc (test for excess errors)
WARNING: 22_locale/money_get/get/char/wrapped_env.cc compilation failed to produce executable
WARNING: program timed out.
FAIL: 22_locale/money_get/get/char/wrapped_locale.cc (test for excess errors)
WARNING: 22_locale/money_get/get/char/wrapped_locale.cc compilation failed to produce executable
WARNING: program timed out.
FAIL: 22_locale/money_get/get/wchar_t/1.cc (test for excess errors)
WARNING: 22_locale/money_get/get/wchar_t/1.cc compilation failed to produce executable
FAIL: 22_locale/money_get/get/wchar_t/2.cc execution test
WARNING: program timed out.
FAIL: 22_locale/money_get/get/wchar_t/3.cc (test for excess errors)
WARNING: 22_locale/money_get/get/wchar_t/3.cc compilation failed to produce executable
FAIL: 22_locale/money_get/get/wchar_t/4.cc execution test
WARNING: program timed out.
FAIL: 22_locale/money_get/get/wchar_t/7.cc (test for excess errors)
WARNING: 22_locale/money_get/get/wchar_t/7.cc compilation failed to produce executable
WARNING: program timed out.
FAIL: 22_locale/money_get/get/wchar_t/wrapped_env.cc (test for excess errors)
WARNING: 22_locale/money_get/get/wchar_t/wrapped_env.cc compilation failed to produce executable
WARNING: program timed out.
FAIL: 22_locale/money_get/get/wchar_t/wrapped_locale.cc (test for excess errors)
WARNING: 22_locale/money_get/get/wchar_t/wrapped_locale.cc compilation failed to produce executable
FAIL: 22_locale/money_put/put/char/1.cc execution test
FAIL: 22_locale/money_put/put/char/2.cc execution test
WARNING: program timed out.
FAIL: 22_locale/money_put/put/char/3.cc (test for excess errors)
WARNING: 22_locale/money_put/put/char/3.cc compilation failed to produce executable
FAIL: 22_locale/money_put/put/char/wrapped_env.cc execution test
WARNING: program timed out.
FAIL: 22_locale/money_put/put/char/wrapped_locale.cc (test for excess errors)
WARNING: 22_locale/money_put/put/char/wrapped_locale.cc compilation failed to produce executable
FAIL: 22_locale/money_put/put/wchar_t/1.cc execution test
FAIL: 22_locale/money_put/put/wchar_t/2.cc execution test
FAIL: 22_locale/money_put/put/wchar_t/3.cc execution test
FAIL: 22_locale/money_put/put/wchar_t/wrapped_env.cc execution test
WARNING: program timed out.
FAIL: 22_locale/money_put/put/wchar_t/wrapped_locale.cc (test for excess errors)
WARNING: 22_locale/money_put/put/wchar_t/wrapped_locale.cc compilation failed to produce executable
FAIL: 22_locale/moneypunct/members/char/2.cc execution test
FAIL: 22_locale/moneypunct/members/char/wrapped_env.cc execution test
FAIL: 22_locale/moneypunct/members/char/wrapped_locale.cc execution test
FAIL: 22_locale/moneypunct/members/wchar_t/2.cc execution test
FAIL: 22_locale/moneypunct/members/wchar_t/wrapped_env.cc execution test
FAIL: 22_locale/moneypunct/members/wchar_t/wrapped_locale.cc execution test
FAIL: 22_locale/moneypunct_byname/1.cc execution test
FAIL: 22_locale/num_get/get/char/1.cc execution test
FAIL: 22_locale/num_get/get/char/3.cc execution test
FAIL: 22_locale/num_get/get/char/5.cc execution test
FAIL: 22_locale/num_get/get/char/6.cc execution test
FAIL: 22_locale/num_get/get/char/wrapped_env.cc execution test
WARNING: program timed out.
FAIL: 22_locale/num_get/get/char/wrapped_locale.cc (test for excess errors)
WARNING: 22_locale/num_get/get/char/wrapped_locale.cc compilation failed to produce executable
WARNING: program timed out.
FAIL: 22_locale/num_get/get/wchar_t/1.cc (test for excess errors)
WARNING: 22_locale/num_get/get/wchar_t/1.cc compilation failed to produce executable
FAIL: 22_locale/num_get/get/wchar_t/3.cc execution test
FAIL: 22_locale/num_get/get/wchar_t/5.cc execution test
FAIL: 22_locale/num_get/get/wchar_t/6.cc execution test
FAIL: 22_locale/num_get/get/wchar_t/wrapped_env.cc execution test
WARNING: program timed out.
FAIL: 22_locale/num_get/get/wchar_t/wrapped_locale.cc (test for excess errors)
WARNING: 22_locale/num_get/get/wchar_t/wrapped_locale.cc compilation failed to produce executable
FAIL: 22_locale/num_put/put/char/1.cc execution test
WARNING: program timed out.
FAIL: 22_locale/num_put/put/char/2.cc (test for excess errors)
WARNING: 22_locale/num_put/put/char/2.cc compilation failed to produce executable
FAIL: 22_locale/num_put/put/char/3.cc execution test
FAIL: 22_locale/num_put/put/char/wrapped_env.cc execution test
WARNING: program timed out.
FAIL: 22_locale/num_put/put/char/wrapped_locale.cc (test for excess errors)
WARNING: 22_locale/num_put/put/char/wrapped_locale.cc compilation failed to produce executable
WARNING: program timed out.
FAIL: 22_locale/num_put/put/wchar_t/1.cc (test for excess errors)
WARNING: 22_locale/num_put/put/wchar_t/1.cc compilation failed to produce executable
FAIL: 22_locale/num_put/put/wchar_t/3.cc execution test
FAIL: 22_locale/num_put/put/wchar_t/wrapped_env.cc execution test
WARNING: program timed out.
FAIL: 22_locale/num_put/put/wchar_t/wrapped_locale.cc (test for excess errors)
WARNING: 22_locale/num_put/put/wchar_t/wrapped_locale.cc compilation failed to produce executable
FAIL: 22_locale/numpunct/members/char/2.cc execution test
FAIL: 22_locale/numpunct/members/char/wrapped_env.cc execution test
FAIL: 22_locale/numpunct/members/char/wrapped_locale.cc execution test
FAIL: 22_locale/numpunct/members/wchar_t/2.cc execution test
FAIL: 22_locale/numpunct/members/wchar_t/wrapped_env.cc execution test
FAIL: 22_locale/numpunct/members/wchar_t/wrapped_locale.cc execution test
FAIL: 22_locale/numpunct_byname/1.cc execution test
FAIL: 22_locale/time_get/date_order/char/wrapped_locale.cc execution test
FAIL: 22_locale/time_get/date_order/wchar_t/wrapped_locale.cc execution test
FAIL: 22_locale/time_get/get_date/char/2.cc execution test
FAIL: 22_locale/time_get/get_date/char/wrapped_env.cc execution test
FAIL: 22_locale/time_get/get_date/char/wrapped_locale.cc execution test
FAIL: 22_locale/time_get/get_date/wchar_t/2.cc execution test
FAIL: 22_locale/time_get/get_date/wchar_t/wrapped_env.cc execution test
FAIL: 22_locale/time_get/get_date/wchar_t/wrapped_locale.cc execution test
WARNING: program timed out.
FAIL: 22_locale/time_get/get_monthname/char/wrapped_locale.cc (test for excess errors)
WARNING: 22_locale/time_get/get_monthname/char/wrapped_locale.cc compilation failed to produce executable
FAIL: 22_locale/time_get/get_monthname/wchar_t/wrapped_locale.cc execution test
WARNING: program timed out.
FAIL: 22_locale/time_get/get_time/char/1.cc (test for excess errors)
FAIL: 22_locale/time_get/get_time/char/1.cc execution test
FAIL: 22_locale/time_get/get_time/char/2.cc execution test
FAIL: 22_locale/time_get/get_time/char/wrapped_env.cc execution test
FAIL: 22_locale/time_get/get_time/char/wrapped_locale.cc execution test
WARNING: program timed out.
FAIL: 22_locale/time_get/get_time/wchar_t/1.cc (test for excess errors)
WARNING: 22_locale/time_get/get_time/wchar_t/1.cc compilation failed to produce executable
FAIL: 22_locale/time_get/get_time/wchar_t/2.cc execution test
FAIL: 22_locale/time_get/get_time/wchar_t/wrapped_env.cc execution test
FAIL: 22_locale/time_get/get_time/wchar_t/wrapped_locale.cc execution test
FAIL: 22_locale/time_get/get_weekday/char/2.cc execution test
FAIL: 22_locale/time_get/get_weekday/char/wrapped_env.cc execution test
FAIL: 22_locale/time_get/get_weekday/char/wrapped_locale.cc execution test
FAIL: 22_locale/time_get/get_weekday/wchar_t/2.cc execution test
FAIL: 22_locale/time_get/get_weekday/wchar_t/wrapped_env.cc execution test
FAIL: 22_locale/time_get/get_weekday/wchar_t/wrapped_locale.cc execution test
WARNING: program timed out.
FAIL: 22_locale/time_get/get_year/char/1.cc (test for excess errors)
WARNING: 22_locale/time_get/get_year/char/1.cc compilation failed to produce executable
WARNING: program timed out.
FAIL: 22_locale/time_get/get_year/char/wrapped_locale.cc (test for excess errors)
WARNING: 22_locale/time_get/get_year/char/wrapped_locale.cc compilation failed to produce executable
FAIL: 22_locale/time_get/get_year/wchar_t/wrapped_locale.cc execution test
FAIL: 22_locale/time_put/put/char/2.cc execution test
FAIL: 22_locale/time_put/put/char/4.cc execution test
FAIL: 22_locale/time_put/put/char/6.cc execution test
FAIL: 22_locale/time_put/put/char/8.cc execution test
FAIL: 22_locale/time_put/put/char/wrapped_env.cc execution test
WARNING: program timed out.
FAIL: 22_locale/time_put/put/char/wrapped_locale.cc (test for excess errors)
WARNING: 22_locale/time_put/put/char/wrapped_locale.cc compilation failed to produce executable
FAIL: 22_locale/time_put/put/wchar_t/2.cc execution test
FAIL: 22_locale/time_put/put/wchar_t/4.cc execution test
FAIL: 22_locale/time_put/put/wchar_t/6.cc execution test
FAIL: 22_locale/time_put/put/wchar_t/8.cc execution test
FAIL: 22_locale/time_put/put/wchar_t/wrapped_env.cc execution test
WARNING: program timed out.
FAIL: 22_locale/time_put/put/wchar_t/wrapped_locale.cc (test for excess errors)
WARNING: 22_locale/time_put/put/wchar_t/wrapped_locale.cc compilation failed to produce executable
FAIL: 23_containers/deque_ctor.cc execution test
WARNING: program timed out.
FAIL: 23_containers/map_operators.cc (test for excess errors)
WARNING: 23_containers/map_operators.cc compilation failed to produce executable
WARNING: program timed out.
FAIL: 24_iterators/istreambuf_iterator.cc (test for excess errors)
WARNING: 24_iterators/istreambuf_iterator.cc compilation failed to produce executable
WARNING: program timed out.
FAIL: 24_iterators/iterator.cc (test for excess errors)
WARNING: 24_iterators/iterator.cc compilation failed to produce executable
WARNING: program timed out.
FAIL: 26_numerics/complex_value.cc (test for excess errors)
WARNING: 26_numerics/complex_value.cc compilation failed to produce executable
FAIL: 26_numerics/fabs_inline.cc (test for excess errors)
WARNING: 26_numerics/fabs_inline.cc compilation failed to produce executable
WARNING: program timed out.
FAIL: 26_numerics/valarray_operators.cc (test for excess errors)
WARNING: 26_numerics/valarray_operators.cc compilation failed to produce executable
FAIL: 27_io/filebuf_members.cc execution test
FAIL: 27_io/ios_init.cc execution test
WARNING: program timed out.
FAIL: 27_io/ios_manip_basefield.cc (test for excess errors)
FAIL: 27_io/ios_manip_basefield.cc execution test
WARNING: program timed out.
FAIL: 27_io/istream_extractor_arith/01.cc (test for excess errors)
WARNING: 27_io/istream_extractor_arith/01.cc compilation failed to produce executable
WARNING: program timed out.
FAIL: 27_io/istream_extractor_arith/09.cc (test for excess errors)
WARNING: 27_io/istream_extractor_arith/09.cc compilation failed to produce executable
WARNING: program timed out.
FAIL: 27_io/istream_extractor_arith/11.cc (test for excess errors)
WARNING: 27_io/istream_extractor_arith/11.cc compilation failed to produce executable
WARNING: program timed out.
FAIL: 27_io/istream_extractor_char.cc (test for excess errors)
WARNING: 27_io/istream_extractor_char.cc compilation failed to produce executable
WARNING: program timed out.
FAIL: 27_io/istream_manip.cc (test for excess errors)
WARNING: 27_io/istream_manip.cc compilation failed to produce executable
WARNING: program timed out.
FAIL: 27_io/istream_sentry.cc (test for excess errors)
WARNING: 27_io/istream_sentry.cc compilation failed to produce executable
FAIL: 27_io/istream_unformatted.cc execution test
WARNING: program timed out.
FAIL: 27_io/istringstream.cc (test for excess errors)
WARNING: program timed out.
FAIL: 27_io/narrow_stream_objects.cc (test for excess errors)
WARNING: 27_io/narrow_stream_objects.cc compilation failed to produce executable
WARNING: program timed out.
FAIL: 27_io/ostream_inserter_arith.cc (test for excess errors)
WARNING: 27_io/ostream_inserter_arith.cc compilation failed to produce executable
WARNING: program timed out.
FAIL: 27_io/ostream_inserter_char.cc (test for excess errors)
WARNING: 27_io/ostream_inserter_char.cc compilation failed to produce executable
WARNING: program timed out.
FAIL: 27_io/ostream_manip.cc (test for excess errors)
WARNING: 27_io/ostream_manip.cc compilation failed to produce executable
WARNING: program timed out.
FAIL: 27_io/ostream_sentry.cc (test for excess errors)
WARNING: 27_io/ostream_sentry.cc compilation failed to produce executable
WARNING: program timed out.
FAIL: 27_io/stringbuf.cc (test for excess errors)
WARNING: program timed out.
FAIL: 27_io/stringbuf_members.cc (test for excess errors)
WARNING: 27_io/stringbuf_members.cc compilation failed to produce executable
WARNING: program timed out.
FAIL: 27_io/stringbuf_virtuals.cc (test for excess errors)
WARNING: 27_io/stringbuf_virtuals.cc compilation failed to produce executable
WARNING: program timed out.
FAIL: 27_io/stringstream_members.cc (test for excess errors)
WARNING: 27_io/stringstream_members.cc compilation failed to produce executable
WARNING: program timed out.
FAIL: 27_io/wide_stream_objects.cc (test for excess errors)
WARNING: 27_io/wide_stream_objects.cc compilation failed to produce executable
WARNING: program timed out.
FAIL: backward/header_deque_h.cc (test for excess errors)
WARNING: backward/header_deque_h.cc compilation failed to produce executable
WARNING: program timed out.
FAIL: ext/hash_set.cc (test for excess errors)
WARNING: ext/hash_set.cc compilation failed to produce executable
WARNING: program timed out.
FAIL: ext/headers.cc (test for excess errors)
WARNING: ext/headers.cc compilation failed to produce executable
WARNING: program timed out.
FAIL: thread/pthread4.cc execution test
=== libstdc++-v3 Summary ===
# of expected passes 781
# of unexpected failures 204
# of expected failures 3
=== g++ tests ===
Running target unix
WARNING: program timed out.
FAIL: g++.dg/eh/omit-frame-pointer.C (test for excess errors)
WARNING: g++.dg/eh/omit-frame-pointer.C compilation failed to produce executable
FAIL: g++.dg/other/error2.C (test for errors, line 14)
FAIL: g++.dg/other/error2.C (test for excess errors)
WARNING: program timed out.
FAIL: g++.dg/parse/parse5.C (test for excess errors)
FAIL: g++.dg/parse/saved1.C (test for errors, line 6)
WARNING: program timed out.
FAIL: g++.dg/template/friend.C (test for excess errors)
WARNING: program timed out.
FAIL: g++.dg/template/friend10.C (test for excess errors)
WARNING: g++.dg/template/friend10.C compilation failed to produce executable
FAIL: g++.dg/warn/Wunused-2.C (test for warnings, line 5)
FAIL: g++.dg/warn/implicit-typename1.C (test for warnings, line 16)
WARNING: program timed out.
FAIL: g++.dg/pch/system-1.C (test for excess errors)
WARNING: system-1.s doesn't exist
WARNING: program timed out.
FAIL: system-1.H (test for excess errors)
WARNING: program timed out.
FAIL: g++.dg/pch/system-1.C (test for excess errors)
WARNING: system-1.s doesn't exist
WARNING: program timed out.
FAIL: g++.benjamin/15071.C (test for excess errors)
FAIL: g++.brendan/array-refs.C caused compiler crash
WARNING: program timed out.
FAIL: g++.brendan/copy9.C (test for excess errors)
FAIL: g++.bugs/900519_07.C caused compiler crash
FAIL: g++.oliva/template9.C caused compiler crash
WARNING: program timed out.
FAIL: g++.other/headers1.C (test for excess errors)
WARNING: program timed out.
FAIL: g++.other/inline14.C (test for excess errors)
FAIL: g++.pt/defarg8.C caused compiler crash
FAIL: g++.pt/repo3.C (test for excess errors)
=== g++ Summary ===
# of expected passes 8263
# of unexpected failures 21
# of expected failures 70
# of untested testcases 26
# of unsupported tests 17
/home/obj/alpha/gcc-HEAD/gcc/testsuite/../g++ version 3.4 20030226 (experimental)
=== gcc tests ===
Running target unix
WARNING: program timed out.
FAIL: gcc.c-torture/compile/20001226-1.c, -O0
WARNING: program timed out.
FAIL: gcc.c-torture/compile/20001226-1.c, -O1
WARNING: program timed out.
FAIL: gcc.c-torture/compile/20001226-1.c, -O2
WARNING: program timed out.
FAIL: gcc.c-torture/compile/20001226-1.c, -O3 -fomit-frame-pointer
WARNING: program timed out.
FAIL: gcc.c-torture/compile/20001226-1.c, -O3 -g
WARNING: program timed out.
FAIL: gcc.c-torture/compile/20001226-1.c, -Os
FAIL: gcc.c-torture/execute/simd-2.c compilation, -O3 -fomit-frame-pointer
UNRESOLVED: gcc.c-torture/execute/simd-2.c execution, -O3 -fomit-frame-pointer
FAIL: gcc.c-torture/execute/simd-2.c compilation, -O3 -g
UNRESOLVED: gcc.c-torture/execute/simd-2.c execution, -O3 -g
WARNING: program timed out.
WARNING: program timed out.
FAIL: gcc.dg/c99-intconst-1.c (test for excess errors)
FAIL: gcc.dg/duff-2.c (test for excess errors)
FAIL: gcc.dg/noreturn-1.c detect falling off end of noreturn (test for warnings, line 11)
FAIL: gcc.dg/noreturn-1.c (test for excess errors)
FAIL: gcc.dg/return-type-1.c warning for falling off end of non-void function (test for warnings, line 9)
FAIL: gcc.dg/return-type-1.c (test for excess errors)
FAIL: gcc.dg/pch/inline-1.c (test for excess errors)
=== gcc Summary ===
# of expected passes 21323
# of unexpected failures 15
# of expected failures 80
# of unresolved testcases 2
# of untested testcases 1
# of unsupported tests 172
/home/obj/alpha/gcc-HEAD/gcc/xgcc version 3.4 20030226 (experimental)
Compiler version: 3.420030226(experimental)
Platform: alpha-unknown-linux-gnu
configure flags: --enable-threads --prefix=/home/obj/alpha/install --disable-nls --enable-languages=c,c++
Counting all warnings,
there are 11 warnings in stage3 of this bootstrap.
Number of warnings per file:
5 c-p9358.c
2 gcc/crtstuff.c
2 /usr/share/bison.simple
1 insn-conditions.c
1 gcc/gcc.c
Number of warning types:
5 traditional C rejects ISO C style function definitions
2 string length `???' is greater than the length `???' ISO C89 compilers are required to support
2 passing arg ??? of `???' discards qualifiers from pointer target type
2 comparison between signed and unsigned