This is the mail archive of the
gcc-testresults@gcc.gnu.org
mailing list for the GCC project.
Results for 3.4 20030301 (experimental) testsuite on i486-suse-linux-gnu
- From: rschiele at uni-mannheim dot de (Robert Schiele)
- To: gcc-testresults at gcc dot gnu dot org
- Date: Sun, 2 Mar 2003 05:07:25 +0100 (CET)
- Subject: Results for 3.4 20030301 (experimental) testsuite on i486-suse-linux-gnu
LAST_UPDATED: Sat Mar 1 23:36:12 UTC 2003
Native configuration is i486-suse-linux-gnu
=== g++ tests ===
Running target unix
FAIL: g++.dg/warn/Wunused-2.C (test for warnings, line 5)
FAIL: g++.oliva/template1.C instantiated from here (test for errors, line 15)
XPASS: g++.other/init5.C Execution test
=== g++ Summary ===
# of expected passes 8300
# of unexpected failures 2
# of unexpected successes 1
# of expected failures 68
# of untested testcases 27
# of unsupported tests 3
/local/build/gcc/testsuite/../g++ version 3.4 20030301 (experimental)
=== g77 tests ===
Running target unix
=== g77 Summary ===
# of expected passes 1644
# of unsupported tests 8
/local/build/gcc/testsuite/../g77 version 3.4 20030301 (experimental)
=== gcc tests ===
Running target unix
FAIL: gcc.dg/20020531-1.c (test for excess errors)
FAIL: gcc.dg/duff-2.c (test for excess errors)
FAIL: gcc.dg/uninit-C.c (test for excess errors)
=== gcc Summary ===
# of expected passes 21211
# of unexpected failures 3
# of expected failures 66
# of untested testcases 228
# of unsupported tests 82
/local/build/gcc/xgcc version 3.4 20030301 (experimental)
=== objc tests ===
Running target unix
=== objc Summary ===
# of expected passes 1153
/local/build/gcc/xgcc version 3.4 20030301 (experimental)
=== libstdc++-v3 tests ===
Running target unix
FAIL: 22_locale/codecvt/always_noconv/wchar_t/3.cc execution test
FAIL: 22_locale/codecvt/encoding/wchar_t/3.cc execution test
FAIL: 22_locale/codecvt/encoding/wchar_t/wrapped_locale.cc execution test
FAIL: 22_locale/codecvt/in/wchar_t/3.cc execution test
FAIL: 22_locale/codecvt/length/wchar_t/3.cc execution test
FAIL: 22_locale/codecvt/max_length/wchar_t/3.cc execution test
FAIL: 22_locale/codecvt/max_length/wchar_t/wrapped_locale.cc execution test
FAIL: 22_locale/codecvt/out/wchar_t/3.cc execution test
FAIL: 22_locale/codecvt/unshift/wchar_t/3.cc execution test
FAIL: 24_iterators/iterator.cc execution test
=== libstdc++-v3 Summary ===
# of expected passes 1177
# of unexpected failures 10
# of expected failures 3
Compiler version: 3.4 20030301 (experimental)
Platform: i486-suse-linux-gnu
configure flags: --enable-threads=posix --prefix=/local/inst/gcc34 --enable-languages=c,c++,f77,objc --disable-checking --disable-libgcj --with-gxx-include-dir=/local/inst/gcc34/include/g++ --with-system-zlib --enable-shared --enable-__cxa_atexit i486-suse-linux