This is the mail archive of the gcc-testresults@gcc.gnu.org mailing list for the GCC project.


Index Nav: [Date Index] [Subject Index] [Author Index] [Thread Index]
Message Nav: [Date Prev] [Date Next] [Thread Prev] [Thread Next]
Other format: [Raw text]

Results for 3.4 20030301 (experimental) testsuite on powerpc-unknown-eabisim


LAST_UPDATED: Sat Mar  1 07:32:05 UTC 2003

Target is powerpc-unknown-eabisim
Host   is i686-pc-linux-gnu

		=== g++ tests ===


Running target powerpc-sim
FAIL: g++.dg/bprob/g++-bprob-1.C compilation,  -g  -fprofile-arcs
UNRESOLVED: g++.dg/bprob/g++-bprob-1.C execution,    -g  -fprofile-arcs
UNRESOLVED: g++.dg/bprob/g++-bprob-1.C compilation,  -g  -fbranch-probabilities
UNRESOLVED: g++.dg/bprob/g++-bprob-1.C execution,    -g  -fbranch-probabilities
FAIL: g++.dg/bprob/g++-bprob-1.C compilation,  -O0  -fprofile-arcs
UNRESOLVED: g++.dg/bprob/g++-bprob-1.C execution,    -O0  -fprofile-arcs
UNRESOLVED: g++.dg/bprob/g++-bprob-1.C compilation,  -O0  -fbranch-probabilities
UNRESOLVED: g++.dg/bprob/g++-bprob-1.C execution,    -O0  -fbranch-probabilities
FAIL: g++.dg/bprob/g++-bprob-1.C compilation,  -O1  -fprofile-arcs
UNRESOLVED: g++.dg/bprob/g++-bprob-1.C execution,    -O1  -fprofile-arcs
UNRESOLVED: g++.dg/bprob/g++-bprob-1.C compilation,  -O1  -fbranch-probabilities
UNRESOLVED: g++.dg/bprob/g++-bprob-1.C execution,    -O1  -fbranch-probabilities
FAIL: g++.dg/bprob/g++-bprob-1.C compilation,  -O2  -fprofile-arcs
UNRESOLVED: g++.dg/bprob/g++-bprob-1.C execution,    -O2  -fprofile-arcs
UNRESOLVED: g++.dg/bprob/g++-bprob-1.C compilation,  -O2  -fbranch-probabilities
UNRESOLVED: g++.dg/bprob/g++-bprob-1.C execution,    -O2  -fbranch-probabilities
FAIL: g++.dg/bprob/g++-bprob-1.C compilation,  -O3  -fprofile-arcs
UNRESOLVED: g++.dg/bprob/g++-bprob-1.C execution,    -O3  -fprofile-arcs
UNRESOLVED: g++.dg/bprob/g++-bprob-1.C compilation,  -O3  -fbranch-probabilities
UNRESOLVED: g++.dg/bprob/g++-bprob-1.C execution,    -O3  -fbranch-probabilities
FAIL: g++.dg/bprob/g++-bprob-1.C compilation,  -O3 -g  -fprofile-arcs
UNRESOLVED: g++.dg/bprob/g++-bprob-1.C execution,    -O3 -g  -fprofile-arcs
UNRESOLVED: g++.dg/bprob/g++-bprob-1.C compilation,  -O3 -g  -fbranch-probabilities
UNRESOLVED: g++.dg/bprob/g++-bprob-1.C execution,    -O3 -g  -fbranch-probabilities
FAIL: g++.dg/bprob/g++-bprob-1.C compilation,  -Os  -fprofile-arcs
UNRESOLVED: g++.dg/bprob/g++-bprob-1.C execution,    -Os  -fprofile-arcs
UNRESOLVED: g++.dg/bprob/g++-bprob-1.C compilation,  -Os  -fbranch-probabilities
UNRESOLVED: g++.dg/bprob/g++-bprob-1.C execution,    -Os  -fbranch-probabilities
FAIL: g++.dg/compat/abi/bitfield1 x_tst.o-y_tst.o link
UNRESOLVED: g++.dg/compat/abi/bitfield1 x_tst.o-y_tst.o execute 
FAIL: g++.dg/compat/abi/bitfield2 x_tst.o-y_tst.o link
UNRESOLVED: g++.dg/compat/abi/bitfield2 x_tst.o-y_tst.o execute 
FAIL: g++.dg/compat/abi/vbase8-10 x_tst.o-y_tst.o link
UNRESOLVED: g++.dg/compat/abi/vbase8-10 x_tst.o-y_tst.o execute 
FAIL: g++.dg/compat/abi/vbase8-21 x_tst.o-y_tst.o link
UNRESOLVED: g++.dg/compat/abi/vbase8-21 x_tst.o-y_tst.o execute 
FAIL: g++.dg/compat/abi/vbase8-22 x_tst.o-y_tst.o link
UNRESOLVED: g++.dg/compat/abi/vbase8-22 x_tst.o-y_tst.o execute 
FAIL: g++.dg/compat/abi/vbase8-4 x_tst.o-y_tst.o link
UNRESOLVED: g++.dg/compat/abi/vbase8-4 x_tst.o-y_tst.o execute 
FAIL: g++.dg/compat/break/bitfield5 x_tst.o-y_tst.o link
UNRESOLVED: g++.dg/compat/break/bitfield5 x_tst.o-y_tst.o execute 
FAIL: g++.dg/compat/break/bitfield7 y_tst.o compile
UNRESOLVED: g++.dg/compat/break/bitfield7 x_tst.o-y_tst.o link 
UNRESOLVED: g++.dg/compat/break/bitfield7 x_tst.o-y_tst.o execute 
FAIL: g++.dg/compat/break/empty6 x_tst.o-y_tst.o link
UNRESOLVED: g++.dg/compat/break/empty6 x_tst.o-y_tst.o execute 
FAIL: g++.dg/compat/break/vbase10 x_tst.o-y_tst.o link
UNRESOLVED: g++.dg/compat/break/vbase10 x_tst.o-y_tst.o execute 
FAIL: g++.dg/compat/break/vbase11 x_tst.o-y_tst.o link
UNRESOLVED: g++.dg/compat/break/vbase11 x_tst.o-y_tst.o execute 
FAIL: g++.dg/compat/eh/ctor1 x_tst.o-y_tst.o link
UNRESOLVED: g++.dg/compat/eh/ctor1 x_tst.o-y_tst.o execute 
FAIL: g++.dg/compat/eh/ctor2 x_tst.o-y_tst.o link
UNRESOLVED: g++.dg/compat/eh/ctor2 x_tst.o-y_tst.o execute 
FAIL: g++.dg/compat/eh/dtor1 x_tst.o-y_tst.o link
UNRESOLVED: g++.dg/compat/eh/dtor1 x_tst.o-y_tst.o execute 
FAIL: g++.dg/compat/eh/filter1 x_tst.o-y_tst.o link
UNRESOLVED: g++.dg/compat/eh/filter1 x_tst.o-y_tst.o execute 
FAIL: g++.dg/compat/eh/filter2 x_tst.o-y_tst.o link
UNRESOLVED: g++.dg/compat/eh/filter2 x_tst.o-y_tst.o execute 
FAIL: g++.dg/compat/eh/new1 x_tst.o-y_tst.o link
UNRESOLVED: g++.dg/compat/eh/new1 x_tst.o-y_tst.o execute 
FAIL: g++.dg/compat/eh/nrv1 x_tst.o-y_tst.o link
UNRESOLVED: g++.dg/compat/eh/nrv1 x_tst.o-y_tst.o execute 
FAIL: g++.dg/compat/eh/spec3 x_tst.o-y_tst.o link
UNRESOLVED: g++.dg/compat/eh/spec3 x_tst.o-y_tst.o execute 
FAIL: g++.dg/compat/eh/template1 x_tst.o-y_tst.o link
UNRESOLVED: g++.dg/compat/eh/template1 x_tst.o-y_tst.o execute 
FAIL: g++.dg/compat/eh/unexpected1 x_tst.o-y_tst.o link
UNRESOLVED: g++.dg/compat/eh/unexpected1 x_tst.o-y_tst.o execute 
FAIL: g++.dg/compat/init/array5 x_tst.o-y_tst.o link
UNRESOLVED: g++.dg/compat/init/array5 x_tst.o-y_tst.o execute 
FAIL: g++.dg/compat/init/byval1 x_tst.o-y_tst.o link
UNRESOLVED: g++.dg/compat/init/byval1 x_tst.o-y_tst.o execute 
FAIL: g++.dg/compat/init/dtor1 x_tst.o-y_tst.o link
UNRESOLVED: g++.dg/compat/init/dtor1 x_tst.o-y_tst.o execute 
FAIL: g++.dg/compat/init/elide1 x_tst.o-y_tst.o link
UNRESOLVED: g++.dg/compat/init/elide1 x_tst.o-y_tst.o execute 
FAIL: g++.dg/compat/init/init-ref2 x_tst.o-y_tst.o link
UNRESOLVED: g++.dg/compat/init/init-ref2 x_tst.o-y_tst.o execute 
FAIL: g++.dg/abi/bitfield4.C (test for excess errors)
WARNING: g++.dg/abi/bitfield4.C compilation failed to produce executable
FAIL: g++.dg/abi/empty11.C (test for excess errors)
WARNING: g++.dg/abi/empty11.C compilation failed to produce executable
FAIL: g++.dg/abi/empty4.C (test for excess errors)
WARNING: g++.dg/abi/empty4.C compilation failed to produce executable
FAIL: g++.dg/abi/layout1.C (test for excess errors)
WARNING: g++.dg/abi/layout1.C compilation failed to produce executable
FAIL: g++.dg/abi/layout2.C (test for excess errors)
WARNING: g++.dg/abi/layout2.C compilation failed to produce executable
FAIL: g++.dg/abi/mangle17.C (test for excess errors)
FAIL: g++.dg/abi/mangle2.C (test for excess errors)
WARNING: g++.dg/abi/mangle2.C compilation failed to produce executable
FAIL: g++.dg/abi/param1.C (test for excess errors)
WARNING: g++.dg/abi/param1.C compilation failed to produce executable
FAIL: g++.dg/abi/rtti2.C (test for excess errors)
WARNING: g++.dg/abi/rtti2.C compilation failed to produce executable
FAIL: g++.dg/abi/vbase12.C (test for excess errors)
WARNING: g++.dg/abi/vbase12.C compilation failed to produce executable
FAIL: g++.dg/abi/vbase13.C (test for excess errors)
WARNING: g++.dg/abi/vbase13.C compilation failed to produce executable
FAIL: g++.dg/abi/vbase8-10.C (test for excess errors)
WARNING: g++.dg/abi/vbase8-10.C compilation failed to produce executable
FAIL: g++.dg/abi/vbase8-21.C (test for excess errors)
WARNING: g++.dg/abi/vbase8-21.C compilation failed to produce executable
FAIL: g++.dg/abi/vbase8-22.C (test for excess errors)
WARNING: g++.dg/abi/vbase8-22.C compilation failed to produce executable
FAIL: g++.dg/abi/vbase8-4.C (test for excess errors)
WARNING: g++.dg/abi/vbase8-4.C compilation failed to produce executable
FAIL: g++.dg/abi/vcall1.C (test for excess errors)
WARNING: g++.dg/abi/vcall1.C compilation failed to produce executable
FAIL: g++.dg/abi/vthunk1.C (test for excess errors)
FAIL: g++.dg/eh/ctor1.C (test for excess errors)
WARNING: g++.dg/eh/ctor1.C compilation failed to produce executable
FAIL: g++.dg/eh/ctor2.C (test for excess errors)
WARNING: g++.dg/eh/ctor2.C compilation failed to produce executable
FAIL: g++.dg/eh/dtor1.C (test for excess errors)
WARNING: g++.dg/eh/dtor1.C compilation failed to produce executable
FAIL: g++.dg/eh/filter1.C (test for excess errors)
WARNING: g++.dg/eh/filter1.C compilation failed to produce executable
FAIL: g++.dg/eh/filter2.C (test for excess errors)
WARNING: g++.dg/eh/filter2.C compilation failed to produce executable
FAIL: g++.dg/eh/loop1.C (test for excess errors)
WARNING: g++.dg/eh/loop1.C compilation failed to produce executable
FAIL: g++.dg/eh/loop2.C (test for excess errors)
WARNING: g++.dg/eh/loop2.C compilation failed to produce executable
FAIL: g++.dg/eh/new1.C (test for excess errors)
WARNING: g++.dg/eh/new1.C compilation failed to produce executable
FAIL: g++.dg/eh/omit-frame-pointer.C (test for excess errors)
WARNING: g++.dg/eh/omit-frame-pointer.C compilation failed to produce executable
FAIL: g++.dg/eh/omit-frame-pointer2.C (test for excess errors)
WARNING: g++.dg/eh/omit-frame-pointer2.C compilation failed to produce executable
FAIL: g++.dg/eh/registers1.C (test for excess errors)
WARNING: g++.dg/eh/registers1.C compilation failed to produce executable
FAIL: g++.dg/eh/spec3.C (test for excess errors)
WARNING: g++.dg/eh/spec3.C compilation failed to produce executable
FAIL: g++.dg/eh/template1.C (test for excess errors)
WARNING: g++.dg/eh/template1.C compilation failed to produce executable
FAIL: g++.dg/eh/unexpected1.C (test for excess errors)
WARNING: g++.dg/eh/unexpected1.C compilation failed to produce executable
FAIL: g++.dg/ext/alignof1.C (test for excess errors)
WARNING: g++.dg/ext/alignof1.C compilation failed to produce executable
FAIL: g++.dg/inherit/covariant1.C (test for excess errors)
WARNING: g++.dg/inherit/covariant1.C compilation failed to produce executable
FAIL: g++.dg/inherit/covariant2.C (test for excess errors)
WARNING: g++.dg/inherit/covariant2.C compilation failed to produce executable
FAIL: g++.dg/inherit/covariant3.C (test for excess errors)
WARNING: g++.dg/inherit/covariant3.C compilation failed to produce executable
FAIL: g++.dg/inherit/covariant4.C (test for excess errors)
WARNING: g++.dg/inherit/covariant4.C compilation failed to produce executable
FAIL: g++.dg/inherit/operator1.C (test for excess errors)
WARNING: g++.dg/inherit/operator1.C compilation failed to produce executable
FAIL: g++.dg/inherit/using1.C (test for excess errors)
FAIL: g++.dg/inherit/using2.C (test for excess errors)
WARNING: g++.dg/inherit/using2.C compilation failed to produce executable
FAIL: g++.dg/init/array5.C (test for excess errors)
WARNING: g++.dg/init/array5.C compilation failed to produce executable
FAIL: g++.dg/init/byval1.C (test for excess errors)
WARNING: g++.dg/init/byval1.C compilation failed to produce executable
FAIL: g++.dg/init/copy3.C (test for excess errors)
WARNING: g++.dg/init/copy3.C compilation failed to produce executable
FAIL: g++.dg/init/ctor1.C (test for excess errors)
WARNING: g++.dg/init/ctor1.C compilation failed to produce executable
FAIL: g++.dg/init/dtor1.C (test for excess errors)
WARNING: g++.dg/init/dtor1.C compilation failed to produce executable
FAIL: g++.dg/init/elide1.C (test for excess errors)
WARNING: g++.dg/init/elide1.C compilation failed to produce executable
FAIL: g++.dg/init/elide2.C (test for excess errors)
WARNING: g++.dg/init/elide2.C compilation failed to produce executable
FAIL: g++.dg/init/elide3.C (test for excess errors)
WARNING: g++.dg/init/elide3.C compilation failed to produce executable
FAIL: g++.dg/init/empty1.C (test for excess errors)
WARNING: g++.dg/init/empty1.C compilation failed to produce executable
FAIL: g++.dg/init/init-ref3.C (test for excess errors)
FAIL: g++.dg/init/pm1.C (test for excess errors)
WARNING: g++.dg/init/pm1.C compilation failed to produce executable
FAIL: g++.dg/lookup/template1.C (test for excess errors)
WARNING: g++.dg/lookup/template1.C compilation failed to produce executable
FAIL: g++.dg/lookup/two-stage1.C (test for excess errors)
WARNING: g++.dg/lookup/two-stage1.C compilation failed to produce executable
FAIL: g++.dg/opt/cleanup1.C (test for excess errors)
WARNING: g++.dg/opt/cleanup1.C compilation failed to produce executable
FAIL: g++.dg/opt/const1.C (test for excess errors)
WARNING: g++.dg/opt/const1.C compilation failed to produce executable
FAIL: g++.dg/opt/inline2.C (test for excess errors)
FAIL: g++.dg/opt/nrv1.C (test for excess errors)
WARNING: g++.dg/opt/nrv1.C compilation failed to produce executable
FAIL: g++.dg/opt/nrv5.C (test for excess errors)
WARNING: g++.dg/opt/nrv5.C compilation failed to produce executable
FAIL: g++.dg/opt/pr6713.C (test for excess errors)
WARNING: g++.dg/opt/pr6713.C compilation failed to produce executable
FAIL: g++.dg/opt/preinc1.C (test for excess errors)
WARNING: g++.dg/opt/preinc1.C compilation failed to produce executable
FAIL: g++.dg/opt/reg-stack.C (test for excess errors)
WARNING: g++.dg/opt/reg-stack.C compilation failed to produce executable
FAIL: g++.dg/opt/thunk1.C (test for excess errors)
WARNING: g++.dg/opt/thunk1.C compilation failed to produce executable
FAIL: g++.dg/other/copy1.C (test for excess errors)
WARNING: g++.dg/other/copy1.C compilation failed to produce executable
FAIL: g++.dg/other/copy2.C (test for excess errors)
WARNING: g++.dg/other/copy2.C compilation failed to produce executable
FAIL: g++.dg/other/ptrmem1.C (test for excess errors)
WARNING: g++.dg/other/ptrmem1.C compilation failed to produce executable
FAIL: g++.dg/overload/member2.C (test for excess errors)
WARNING: g++.dg/overload/member2.C compilation failed to produce executable
FAIL: g++.dg/rtti/cv1.C (test for excess errors)
WARNING: g++.dg/rtti/cv1.C compilation failed to produce executable
FAIL: g++.dg/template/conv2.C (test for excess errors)
WARNING: g++.dg/template/conv2.C compilation failed to produce executable
FAIL: g++.dg/template/conv3.C (test for excess errors)
WARNING: g++.dg/template/conv3.C compilation failed to produce executable
FAIL: g++.dg/template/ctor2.C (test for excess errors)
WARNING: g++.dg/template/ctor2.C compilation failed to produce executable
FAIL: g++.dg/template/deduce1.C (test for excess errors)
WARNING: g++.dg/template/deduce1.C compilation failed to produce executable
FAIL: g++.dg/template/friend.C (test for excess errors)
FAIL: g++.dg/template/friend10.C (test for excess errors)
WARNING: g++.dg/template/friend10.C compilation failed to produce executable
FAIL: g++.dg/template/partial1.C (test for excess errors)
WARNING: g++.dg/template/partial1.C compilation failed to produce executable
FAIL: g++.dg/template/pretty1.C (test for excess errors)
WARNING: g++.dg/template/pretty1.C compilation failed to produce executable
FAIL: g++.dg/template/qual2.C (test for excess errors)
WARNING: g++.dg/template/qual2.C compilation failed to produce executable
FAIL: g++.dg/template/qualttp12.C (test for excess errors)
FAIL: g++.dg/template/qualttp16.C (test for excess errors)
WARNING: g++.dg/template/qualttp16.C compilation failed to produce executable
FAIL: g++.dg/template/union1.C (test for excess errors)
WARNING: g++.dg/template/union1.C compilation failed to produce executable
FAIL: g++.dg/template/vtable1.C (test for excess errors)
WARNING: g++.dg/template/vtable1.C compilation failed to produce executable
FAIL: g++.dg/warn/Wunused-2.C  (test for warnings, line 5)
FAIL: g++.dg/warn/implicit-typename1.C  (test for warnings, line 16)
FAIL: conpr-1.C
FAIL: g++.dg/special/conpr-2.C (test for excess errors)
WARNING: g++.dg/special/conpr-2.C compilation failed to produce executable
FAIL: g++.dg/special/conpr-3.C (test for excess errors)
WARNING: g++.dg/special/conpr-3.C compilation failed to produce executable
FAIL: g++.dg/special/conpr-3.C (test for excess errors)
WARNING: g++.dg/special/conpr-3.C compilation failed to produce executable
FAIL: initp1.C
FAIL: g++.abi/arraynew.C (test for excess errors)
FAIL: g++.abi/cxa_vec.C (test for excess errors)
FAIL: g++.abi/primary.C (test for excess errors)
FAIL: g++.abi/primary2.C (test for excess errors)
FAIL: g++.abi/primary3.C (test for excess errors)
FAIL: g++.abi/primary4.C (test for excess errors)
FAIL: g++.abi/primary5.C (test for excess errors)
FAIL: g++.abi/ptrflags.C (test for excess errors)
FAIL: g++.abi/ptrmem.C (test for excess errors)
FAIL: g++.abi/vbase1.C (test for excess errors)
FAIL: g++.abi/vbase2.C (test for excess errors)
FAIL: g++.abi/vbase3.C (test for excess errors)
FAIL: g++.abi/vbase4.C (test for excess errors)
FAIL: g++.abi/vbase7.C (test for excess errors)
FAIL: g++.abi/vbase8-5.C (test for excess errors)
FAIL: g++.abi/vbase8-9.C (test for excess errors)
FAIL: g++.abi/vmihint.C (test for excess errors)
FAIL: g++.abi/vtable.C (test for excess errors)
FAIL: g++.abi/vtable2.C (test for excess errors)
FAIL: g++.abi/vtable3a.C (test for excess errors)
FAIL: g++.abi/vtable3b.C (test for excess errors)
FAIL: g++.abi/vtable3c.C (test for excess errors)
FAIL: g++.abi/vtable3d.C (test for excess errors)
FAIL: g++.abi/vtable3e.C (test for excess errors)
FAIL: g++.abi/vtable3f.C (test for excess errors)
FAIL: g++.abi/vtable3g.C (test for excess errors)
FAIL: g++.abi/vtable3h.C (test for excess errors)
FAIL: g++.abi/vtable3i.C (test for excess errors)
FAIL: g++.abi/vtable3j.C (test for excess errors)
FAIL: g++.benjamin/15071.C (test for excess errors)
FAIL: g++.benjamin/15351-1.C (test for excess errors)
FAIL: g++.benjamin/15351-2.C (test for excess errors)
FAIL: g++.benjamin/15822.C (test for excess errors)
FAIL: g++.benjamin/bool01.C (test for excess errors)
FAIL: g++.benjamin/bool02.C (test for excess errors)
FAIL: g++.benjamin/p12475.C (test for excess errors)
FAIL: g++.benjamin/tem06.C (test for excess errors)
FAIL: g++.benjamin/typeid01.C (test for excess errors)
FAIL: g++.bob/delete1.C (test for excess errors)
FAIL: g++.bob/template4.C (test for excess errors)
FAIL: g++.brendan/code-gen1.C (test for excess errors)
FAIL: g++.brendan/code-gen3.C (test for excess errors)
FAIL: g++.brendan/code-gen6.C (test for excess errors)
FAIL: g++.brendan/copy1.C (test for excess errors)
FAIL: g++.brendan/copy2.C (test for excess errors)
FAIL: g++.brendan/copy3.C (test for excess errors)
FAIL: g++.brendan/copy4.C (test for excess errors)
FAIL: g++.brendan/copy5.C (test for excess errors)
FAIL: g++.brendan/copy6.C (test for excess errors)
FAIL: g++.brendan/copy7.C (test for excess errors)
FAIL: g++.brendan/copy8.C (test for excess errors)
FAIL: g++.brendan/copy9.C (test for excess errors)
FAIL: g++.brendan/dtors1.C (test for excess errors)
FAIL: g++.brendan/dtors2.C (test for excess errors)
FAIL: g++.brendan/dtors3.C (test for excess errors)
FAIL: g++.brendan/eh1.C (test for excess errors)
FAIL: g++.brendan/groff1.C (test for excess errors)
FAIL: g++.brendan/init3.C (test for excess errors)
FAIL: g++.brendan/nest21.C (test for excess errors)
FAIL: g++.brendan/new2.C (test for excess errors)
FAIL: g++.brendan/new3.C (test for excess errors)
FAIL: g++.brendan/operators5.C (test for excess errors)
FAIL: g++.brendan/overload2.C (test for excess errors)
FAIL: g++.brendan/overload7.C (test for excess errors)
FAIL: g++.brendan/ptolemy2.C (test for excess errors)
FAIL: g++.brendan/redecl2.C (test for excess errors)
FAIL: g++.brendan/reference1.C (test for excess errors)
FAIL: g++.brendan/template24.C (test for excess errors)
FAIL: g++.brendan/template3.C (test for excess errors)
FAIL: g++.brendan/vtables1.C (test for excess errors)
FAIL: g++.bugs/900207_03.C (test for excess errors)
FAIL: g++.bugs/900212_03.C (test for excess errors)
FAIL: g++.bugs/900321_02.C (test for excess errors)
FAIL: g++.bugs/900331_03.C (test for excess errors)
FAIL: g++.bugs/900520_04.C (test for excess errors)
FAIL: g++.bugs/900520_05.C (test for excess errors)
FAIL: g++.bugs/900520_06.C (test for excess errors)
FAIL: g++.eh/badalloc1.C (test for excess errors)
FAIL: g++.eh/catch11.C (test for excess errors)
FAIL: g++.eh/catch12.C (test for excess errors)
FAIL: g++.eh/catch3.C (test for excess errors)
FAIL: g++.eh/catch3p.C (test for excess errors)
FAIL: g++.eh/catch4.C (test for excess errors)
FAIL: g++.eh/catch4p.C (test for excess errors)
FAIL: g++.eh/catch5.C (test for excess errors)
FAIL: g++.eh/catch5p.C (test for excess errors)
FAIL: g++.eh/catch6.C (test for excess errors)
FAIL: g++.eh/catch6p.C (test for excess errors)
FAIL: g++.eh/catch7.C (test for excess errors)
FAIL: g++.eh/catch7p.C (test for excess errors)
FAIL: g++.eh/catch8.C (test for excess errors)
FAIL: g++.eh/catch8p.C (test for excess errors)
FAIL: g++.eh/catch9.C (test for excess errors)
FAIL: g++.eh/catch9p.C (test for excess errors)
FAIL: g++.eh/catchptr1.C (test for excess errors)
FAIL: g++.eh/cleanup1.C (test for excess errors)
FAIL: g++.eh/cleanup2.C (test for excess errors)
FAIL: g++.eh/flow1.C (test for excess errors)
FAIL: g++.eh/fntry1.C (test for excess errors)
FAIL: g++.eh/ia64-1.C (test for excess errors)
FAIL: g++.eh/inline2.C (test for excess errors)
FAIL: g++.eh/new1.C (test for excess errors)
FAIL: g++.eh/new2.C (test for excess errors)
FAIL: g++.eh/pdel1.C (test for excess errors)
FAIL: g++.eh/pdel2.C (test for excess errors)
FAIL: g++.eh/ptr1.C (test for excess errors)
FAIL: g++.eh/ptrmem1.C (test for excess errors)
FAIL: g++.eh/rethrow1.C (test for excess errors)
FAIL: g++.eh/rethrow2.C (test for excess errors)
FAIL: g++.eh/rethrow3.C (test for excess errors)
FAIL: g++.eh/rethrow4.C (test for excess errors)
FAIL: g++.eh/rethrow5.C (test for excess errors)
FAIL: g++.eh/rethrow6.C (test for excess errors)
FAIL: g++.eh/spec1.C (test for excess errors)
FAIL: g++.eh/spec2.C (test for excess errors)
FAIL: g++.eh/spec3.C (test for excess errors)
FAIL: g++.eh/spec4.C (test for excess errors)
FAIL: g++.eh/spec7.C (test for excess errors)
FAIL: g++.eh/terminate1.C (test for excess errors)
FAIL: g++.eh/terminate2.C (test for excess errors)
FAIL: g++.eh/tmpl1.C (test for excess errors)
FAIL: g++.eh/unwind1.C (test for excess errors)
FAIL: g++.eh/vbase1.C (test for excess errors)
FAIL: g++.eh/vbase2.C (test for excess errors)
FAIL: g++.eh/vbase4.C (test for excess errors)
FAIL: g++.ext/attrib5.C (test for excess errors)
FAIL: g++.ext/label2.C (test for excess errors)
FAIL: g++.ext/pretty3.C (test for excess errors)
FAIL: g++.ext/pretty4.C (test for excess errors)
FAIL: g++.ext/typename1.C (test for excess errors)
FAIL: g++.jason/2371.C (test for excess errors)
FAIL: g++.jason/byval.C (test for excess errors)
FAIL: g++.jason/cond2.C (test for excess errors)
FAIL: g++.jason/const.C (test for excess errors)
FAIL: g++.jason/conversion6.C (test for excess errors)
FAIL: g++.jason/conversion9.C (test for excess errors)
FAIL: g++.jason/ctor1.C (test for excess errors)
FAIL: g++.jason/dcast2.C (test for excess errors)
FAIL: g++.jason/dcast3.C (test for excess errors)
FAIL: g++.jason/dtor5.C (test for excess errors)
FAIL: g++.jason/friend.C (test for excess errors)
FAIL: g++.jason/groff1.C (test for excess errors)
FAIL: g++.jason/init3.C (test for excess errors)
FAIL: g++.jason/inline.C (test for excess errors)
FAIL: g++.jason/inline3.C (test for excess errors)
FAIL: g++.jason/mangle3.C (test for excess errors)
FAIL: g++.jason/mi.C (test for excess errors)
FAIL: g++.jason/mutable1.C (test for excess errors)
FAIL: g++.jason/net2.C (test for excess errors)
FAIL: g++.jason/new2.C (test for excess errors)
FAIL: g++.jason/new3.C (test for excess errors)
FAIL: g++.jason/new4.C (test for excess errors)
FAIL: g++.jason/new5.C (test for excess errors)
FAIL: g++.jason/offset2.C (test for excess errors)
FAIL: g++.jason/opeq.C (test for excess errors)
FAIL: g++.jason/opeq5.C (test for excess errors)
FAIL: g++.jason/optimize2.C (test for excess errors)
FAIL: g++.jason/overload11.C (test for excess errors)
FAIL: g++.jason/overload12.C (test for excess errors)
FAIL: g++.jason/overload13.C (test for excess errors)
FAIL: g++.jason/overload36.C (test for excess errors)
FAIL: g++.jason/parse12.C (test for excess errors)
FAIL: g++.jason/parse9.C (test for excess errors)
FAIL: g++.jason/pmem2.C (test for excess errors)
FAIL: g++.jason/pmf7.C (test for excess errors)
FAIL: g++.jason/pmf8.C (test for excess errors)
FAIL: g++.jason/ref10.C (test for excess errors)
FAIL: g++.jason/ref11.C (test for excess errors)
FAIL: g++.jason/ref7.C (test for excess errors)
FAIL: g++.jason/ref8.C (test for excess errors)
FAIL: g++.jason/ref9.C (test for excess errors)
FAIL: g++.jason/return.C (test for excess errors)
FAIL: g++.jason/return2.C (test for excess errors)
FAIL: g++.jason/return3.C (test for excess errors)
FAIL: g++.jason/rfg10.C (test for excess errors)
FAIL: g++.jason/rvalue1.C (test for excess errors)
FAIL: g++.jason/rvalue2.C (test for excess errors)
FAIL: g++.jason/static1.C (test for excess errors)
FAIL: g++.jason/synth5.C (test for excess errors)
FAIL: g++.jason/synth7.C (test for excess errors)
FAIL: g++.jason/tempinst1.C (test for excess errors)
FAIL: g++.jason/template14.C (test for excess errors)
FAIL: g++.jason/template15.C (test for excess errors)
FAIL: g++.jason/template16.C (test for excess errors)
FAIL: g++.jason/template19.C (test for excess errors)
FAIL: g++.jason/template20.C (test for excess errors)
FAIL: g++.jason/template24.C (test for excess errors)
FAIL: g++.jason/template25.C (test for excess errors)
FAIL: g++.jason/template26.C (test for excess errors)
FAIL: g++.jason/template27.C (test for excess errors)
FAIL: g++.jason/template28.C (test for excess errors)
FAIL: g++.jason/template31.C (test for excess errors)
FAIL: g++.jason/template36.C (test for excess errors)
FAIL: g++.jason/template37.C (test for excess errors)
FAIL: g++.jason/template40.C (test for excess errors)
FAIL: g++.jason/template41.C (test for excess errors)
FAIL: g++.jason/template42.C (test for excess errors)
FAIL: g++.jason/template44.C (test for excess errors)
FAIL: g++.jason/template6.C (test for excess errors)
FAIL: g++.jason/temporary.C (test for excess errors)
FAIL: g++.jason/temporary3.C (test for excess errors)
FAIL: g++.jason/temporary4.C (test for excess errors)
FAIL: g++.jason/temporary5.C (test for excess errors)
FAIL: g++.jason/temporary7.C (test for excess errors)
FAIL: g++.jason/temporary8.C (test for excess errors)
FAIL: g++.jason/thunk1.C (test for excess errors)
FAIL: g++.jason/thunk3.C (test for excess errors)
FAIL: g++.jason/typeid1.C (test for excess errors)
FAIL: g++.jason/typeid2.C (test for excess errors)
FAIL: g++.jason/vecdel.C (test for excess errors)
FAIL: g++.jason/virtual2.C (test for excess errors)
FAIL: g++.jason/warning5.C (test for excess errors)
FAIL: g++.law/arg8.C (test for excess errors)
FAIL: g++.law/arm13.C (test for excess errors)
FAIL: g++.law/arm15.C (test for excess errors)
FAIL: g++.law/arm7.C (test for excess errors)
FAIL: g++.law/array1.C (test for excess errors)
FAIL: g++.law/code-gen2.C (test for excess errors)
FAIL: g++.law/code-gen5.C (test for excess errors)
FAIL: g++.law/copy1.C (test for excess errors)
FAIL: g++.law/ctors12.C (test for excess errors)
FAIL: g++.law/ctors15.C (test for excess errors)
FAIL: g++.law/ctors16.C (test for excess errors)
FAIL: g++.law/ctors4.C (test for excess errors)
FAIL: g++.law/ctors8.C (test for excess errors)
FAIL: g++.law/cvt12.C (test for excess errors)
FAIL: g++.law/cvt2.C (test for excess errors)
FAIL: g++.law/cvt4.C (test for excess errors)
FAIL: g++.law/cvt7.C (test for excess errors)
FAIL: g++.law/dtors2.C (test for excess errors)
FAIL: g++.law/dtors3.C (test for excess errors)
FAIL: g++.law/dtors4.C (test for excess errors)
FAIL: g++.law/dtors5.C (test for excess errors)
FAIL: g++.law/init13.C (test for excess errors)
FAIL: g++.law/init9.C (test for excess errors)
FAIL: g++.law/inline4.C (test for excess errors)
FAIL: g++.law/operators15.C (test for excess errors)
FAIL: g++.law/operators16.C (test for excess errors)
FAIL: g++.law/operators23.C (test for excess errors)
FAIL: g++.law/operators27.C (test for excess errors)
FAIL: g++.law/operators8.C (test for excess errors)
FAIL: g++.law/refs1.C (test for excess errors)
FAIL: g++.law/scope2.C (test for excess errors)
FAIL: g++.law/temps2.C (test for excess errors)
FAIL: g++.law/temps3.C (test for excess errors)
FAIL: g++.law/temps5.C (test for excess errors)
FAIL: g++.law/virtual2.C (test for excess errors)
FAIL: g++.law/virtual3.C (test for excess errors)
FAIL: g++.law/virtual4.C (test for excess errors)
FAIL: g++.law/vtable3.C (test for excess errors)
FAIL: g++.martin/bitset1.C (test for excess errors)
FAIL: g++.martin/conv1.C (test for excess errors)
FAIL: g++.martin/eval1.C (test for excess errors)
FAIL: g++.martin/new1.C (test for excess errors)
FAIL: g++.martin/overload1.C (test for excess errors)
FAIL: g++.martin/pmf1.C (test for excess errors)
FAIL: g++.martin/pmf2.C (test for excess errors)
FAIL: g++.martin/sts_conv.C (test for excess errors)
FAIL: g++.martin/sts_iarr.C (test for excess errors)
FAIL: g++.martin/sts_partial.C (test for excess errors)
FAIL: g++.mike/align1.C (test for excess errors)
FAIL: g++.mike/align2.C (test for excess errors)
FAIL: g++.mike/asm2.C (test for excess errors)
FAIL: g++.mike/bool2.C (test for excess errors)
FAIL: g++.mike/dyncast1.C (test for excess errors)
FAIL: g++.mike/dyncast2.C (test for excess errors)
FAIL: g++.mike/dyncast3.C (test for excess errors)
FAIL: g++.mike/dyncast5.C (test for excess errors)
FAIL: g++.mike/dyncast7.C (test for excess errors)
FAIL: g++.mike/dyncast8.C (test for excess errors)
FAIL: g++.mike/dyncast9.C (test for excess errors)
FAIL: g++.mike/eh10.C (test for excess errors)
FAIL: g++.mike/eh12.C (test for excess errors)
FAIL: g++.mike/eh14.C (test for excess errors)
FAIL: g++.mike/eh16.C (test for excess errors)
FAIL: g++.mike/eh17.C (test for excess errors)
FAIL: g++.mike/eh18.C (test for excess errors)
FAIL: g++.mike/eh2.C (test for excess errors)
FAIL: g++.mike/eh21.C (test for excess errors)
FAIL: g++.mike/eh23.C (test for excess errors)
FAIL: g++.mike/eh24.C (test for excess errors)
FAIL: g++.mike/eh25.C (test for excess errors)
FAIL: g++.mike/eh26.C (test for excess errors)
FAIL: g++.mike/eh27.C (test for excess errors)
FAIL: g++.mike/eh28.C (test for excess errors)
FAIL: g++.mike/eh29.C (test for excess errors)
FAIL: g++.mike/eh3.C (test for excess errors)
FAIL: g++.mike/eh31.C (test for excess errors)
FAIL: g++.mike/eh33.C (test for excess errors)
FAIL: g++.mike/eh34.C (test for excess errors)
FAIL: g++.mike/eh35.C (test for excess errors)
FAIL: g++.mike/eh36.C (test for excess errors)
FAIL: g++.mike/eh37.C (test for excess errors)
FAIL: g++.mike/eh38.C (test for excess errors)
FAIL: g++.mike/eh39.C (test for excess errors)
FAIL: g++.mike/eh40.C (test for excess errors)
FAIL: g++.mike/eh41.C (test for excess errors)
FAIL: g++.mike/eh42.C (test for excess errors)
FAIL: g++.mike/eh44.C (test for excess errors)
FAIL: g++.mike/eh45.C (test for excess errors)
FAIL: g++.mike/eh47.C (test for excess errors)
FAIL: g++.mike/eh48.C (test for excess errors)
FAIL: g++.mike/eh49.C (test for excess errors)
FAIL: g++.mike/eh5.C (test for excess errors)
FAIL: g++.mike/eh50.C (test for excess errors)
FAIL: g++.mike/eh51.C (test for excess errors)
FAIL: g++.mike/eh53.C (test for excess errors)
FAIL: g++.mike/eh55.C (test for excess errors)
FAIL: g++.mike/eh56.C (test for excess errors)
FAIL: g++.mike/eh59.C (test for excess errors)
FAIL: g++.mike/eh6.C (test for excess errors)
FAIL: g++.mike/eh8.C (test for excess errors)
FAIL: g++.mike/hog1.C (test for excess errors)
FAIL: g++.mike/init1.C (test for excess errors)
FAIL: g++.mike/leak1.C (test for excess errors)
FAIL: g++.mike/mangle3.C (test for excess errors)
FAIL: g++.mike/mi1.C (test for excess errors)
FAIL: g++.mike/mi2.C (test for excess errors)
FAIL: g++.mike/misc1.C (test for excess errors)
FAIL: g++.mike/misc13.C (test for excess errors)
FAIL: g++.mike/misc14.C (test for excess errors)
FAIL: g++.mike/net15.C (test for excess errors)
FAIL: g++.mike/net16.C (test for excess errors)
FAIL: g++.mike/net17.C (test for excess errors)
FAIL: g++.mike/net21.C (test for excess errors)
FAIL: g++.mike/net26.C (test for excess errors)
FAIL: g++.mike/net34.C (test for excess errors)
FAIL: g++.mike/net35.C (test for excess errors)
FAIL: g++.mike/net37.C (test for excess errors)
FAIL: g++.mike/net38.C (test for excess errors)
FAIL: g++.mike/net39.C (test for excess errors)
FAIL: g++.mike/net40.C (test for excess errors)
FAIL: g++.mike/net46.C (test for excess errors)
FAIL: g++.mike/offset1.C (test for excess errors)
FAIL: g++.mike/p10148.C (test for excess errors)
FAIL: g++.mike/p10849a.C (test for excess errors)
FAIL: g++.mike/p11667.C (test for excess errors)
FAIL: g++.mike/p12306.C (test for excess errors)
FAIL: g++.mike/p12306a.C (test for excess errors)
FAIL: g++.mike/p1248.C (test for excess errors)
FAIL: g++.mike/p1567.C (test for excess errors)
FAIL: g++.mike/p16146.C (test for excess errors)
FAIL: g++.mike/p1862.C (test for excess errors)
FAIL: g++.mike/p2394.C (test for excess errors)
FAIL: g++.mike/p2736.C (test for excess errors)
FAIL: g++.mike/p2846.C (test for excess errors)
FAIL: g++.mike/p2846a.C (test for excess errors)
FAIL: g++.mike/p2846b.C (test for excess errors)
FAIL: g++.mike/p2960.C (test for excess errors)
FAIL: g++.mike/p3041.C (test for excess errors)
FAIL: g++.mike/p3060d.C (test for excess errors)
FAIL: g++.mike/p3068.C (test for excess errors)
FAIL: g++.mike/p3139.C (test for excess errors)
FAIL: g++.mike/p3570.C (test for excess errors)
FAIL: g++.mike/p3579.C (test for excess errors)
FAIL: g++.mike/p3708.C (test for excess errors)
FAIL: g++.mike/p3708a.C (test for excess errors)
FAIL: g++.mike/p3708b.C (test for excess errors)
FAIL: g++.mike/p4068.C (test for excess errors)
FAIL: g++.mike/p4104.C (test for excess errors)
FAIL: g++.mike/p4246.C (test for excess errors)
FAIL: g++.mike/p4511.C (test for excess errors)
FAIL: g++.mike/p4623.C (test for excess errors)
FAIL: g++.mike/p4667.C (test for excess errors)
FAIL: g++.mike/p4736a.C (test for excess errors)
FAIL: g++.mike/p4736b.C (test for excess errors)
FAIL: g++.mike/p4736c.C (test for excess errors)
FAIL: g++.mike/p5469.C (test for excess errors)
FAIL: g++.mike/p5469a.C (test for excess errors)
FAIL: g++.mike/p5571.C (test for excess errors)
FAIL: g++.mike/p5673.C (test for excess errors)
FAIL: g++.mike/p5718.C (test for excess errors)
FAIL: g++.mike/p5840.C (test for excess errors)
FAIL: g++.mike/p658.C (test for excess errors)
FAIL: g++.mike/p6610a.C (test for excess errors)
FAIL: g++.mike/p6610b.C (test for excess errors)
FAIL: g++.mike/p6611.C (test for excess errors)
FAIL: g++.mike/p6927.C (test for excess errors)
FAIL: g++.mike/p7325.C (test for excess errors)
FAIL: g++.mike/p755.C (test for excess errors)
FAIL: g++.mike/p755a.C (test for excess errors)
FAIL: g++.mike/p7651.C (test for excess errors)
FAIL: g++.mike/p783.C (test for excess errors)
FAIL: g++.mike/p783a.C (test for excess errors)
FAIL: g++.mike/p783b.C (test for excess errors)
FAIL: g++.mike/p786.C (test for excess errors)
FAIL: g++.mike/p7865.C (test for excess errors)
FAIL: g++.mike/p789.C (test for excess errors)
FAIL: g++.mike/p789a.C (test for excess errors)
FAIL: g++.mike/p7912.C (test for excess errors)
FAIL: g++.mike/p8018.C (test for excess errors)
FAIL: g++.mike/p8155.C (test for excess errors)
FAIL: g++.mike/p8483.C (test for excess errors)
FAIL: g++.mike/p9206.C (test for excess errors)
FAIL: g++.mike/p9706.C (test for excess errors)
FAIL: g++.mike/p9732a.C (test for excess errors)
FAIL: g++.mike/p9732b.C (test for excess errors)
FAIL: g++.mike/pmf1.C (test for excess errors)
FAIL: g++.mike/pmf2.C (test for excess errors)
FAIL: g++.mike/pmf7.C (test for excess errors)
FAIL: g++.mike/pmf8.C (test for excess errors)
FAIL: g++.mike/pmf9.C (test for excess errors)
FAIL: g++.mike/pt1.C (test for excess errors)
FAIL: g++.mike/pt2.C (test for excess errors)
FAIL: g++.mike/ref1.C (test for excess errors)
FAIL: g++.mike/rtti3.C (test for excess errors)
FAIL: g++.mike/temp.C (test for excess errors)
FAIL: g++.mike/thunk2.C (test for excess errors)
FAIL: g++.mike/thunk3.C (test for excess errors)
FAIL: g++.mike/virt2.C (test for excess errors)
FAIL: g++.mike/virt4.C (test for excess errors)
FAIL: g++.mike/virt5.C (test for excess errors)
FAIL: g++.mike/virt6.C (test for excess errors)
FAIL: g++.mike/vtable1.C (test for excess errors)
FAIL: g++.niklas/t140.C (test for excess errors)
FAIL: g++.ns/alias3.C (test for excess errors)
FAIL: g++.ns/alias6.C (test for excess errors)
FAIL: g++.ns/anon1.C (test for excess errors)
FAIL: g++.ns/koenig3.C (test for excess errors)
FAIL: g++.ns/koenig4.C (test for excess errors)
FAIL: g++.ns/new1.C (test for excess errors)
FAIL: g++.ns/template11.C (test for excess errors)
FAIL: g++.ns/template18.C (test for excess errors)
FAIL: g++.ns/template3.C (test for excess errors)
FAIL: g++.ns/template4.C (test for excess errors)
FAIL: g++.ns/template5.C (test for excess errors)
FAIL: g++.ns/template9.C (test for excess errors)
FAIL: g++.ns/using13.C (test for excess errors)
FAIL: g++.oliva/delete2.C (test for excess errors)
FAIL: g++.oliva/delete3.C (test for excess errors)
FAIL: g++.oliva/delete4.C (test for excess errors)
FAIL: g++.oliva/delete5.C (test for excess errors)
FAIL: g++.oliva/new1.C (test for excess errors)
FAIL: g++.oliva/thunk1.C (test for excess errors)
FAIL: g++.other/addrof1.C (test for excess errors)
FAIL: g++.other/array1.C (test for excess errors)
FAIL: g++.other/array2.C (test for excess errors)
FAIL: g++.other/badopt1.C (test for excess errors)
FAIL: g++.other/call1.C (test for excess errors)
FAIL: g++.other/cleanup1.C (test for excess errors)
FAIL: g++.other/comdat1.C (test for excess errors)
FAIL: g++.other/comdat2.C (test for excess errors)
FAIL: g++.other/comdat3.C (test for excess errors)
FAIL: g++.other/conv4.C (test for excess errors)
FAIL: g++.other/copy1.C (test for excess errors)
FAIL: g++.other/copy2.C (test for excess errors)
FAIL: g++.other/copy3.C (test for excess errors)
FAIL: g++.other/crash22.C (test for excess errors)
FAIL: g++.other/ctor1.C (test for excess errors)
FAIL: g++.other/delete3.C (test for excess errors)
FAIL: g++.other/delete5.C (test for excess errors)
FAIL: g++.other/delete6.C (test for excess errors)
FAIL: g++.other/delete7.C (test for excess errors)
FAIL: g++.other/dtor10.C (test for excess errors)
FAIL: g++.other/dtor11.C (test for excess errors)
FAIL: g++.other/dtor12.C (test for excess errors)
FAIL: g++.other/dtor5.C (test for excess errors)
FAIL: g++.other/dtor9.C (test for excess errors)
FAIL: g++.other/dyncast1.C (test for excess errors)
FAIL: g++.other/dyncast2.C (test for excess errors)
FAIL: g++.other/dyncast3.C (test for excess errors)
FAIL: g++.other/dyncast4.C (test for excess errors)
FAIL: g++.other/dyncast5.C (test for excess errors)
FAIL: g++.other/dyncast6.C (test for excess errors)
FAIL: g++.other/eh3.C (test for excess errors)
FAIL: g++.other/empty1.C (test for excess errors)
FAIL: g++.other/enum1.C (test for excess errors)
FAIL: g++.other/field2.C (test for excess errors)
FAIL: g++.other/goto4.C (test for excess errors)
FAIL: g++.other/headers1.C (test for excess errors)
FAIL: g++.other/init10.C (test for excess errors)
FAIL: g++.other/init11.C (test for excess errors)
FAIL: g++.other/init12.C (test for excess errors)
FAIL: g++.other/init13.C (test for excess errors)
FAIL: g++.other/init2.C (test for excess errors)
FAIL: g++.other/init5.C (test for excess errors)
FAIL: g++.other/init7.C (test for excess errors)
FAIL: g++.other/inline23.C (test for excess errors)
FAIL: g++.other/inline7.C (test for excess errors)
FAIL: g++.other/inline8.C (test for excess errors)
FAIL: g++.other/local1.C (test for excess errors)
FAIL: g++.other/local3.C (test for excess errors)
FAIL: g++.other/local4.C (test for excess errors)
FAIL: g++.other/lookup21.C (test for excess errors)
FAIL: g++.other/lookup4.C (test for excess errors)
FAIL: g++.other/lookup6.C (test for excess errors)
FAIL: g++.other/loop1.C (test for excess errors)
FAIL: g++.other/mangle3.C (test for excess errors)
FAIL: g++.other/new3.C (test for excess errors)
FAIL: g++.other/new5.C (test for excess errors)
FAIL: g++.other/new7.C (test for excess errors)
FAIL: g++.other/null1.C (test for excess errors)
FAIL: g++.other/op2.C (test for excess errors)
FAIL: g++.other/op3.C (test for excess errors)
FAIL: g++.other/optimize1.C (test for excess errors)
FAIL: g++.other/optimize2.C (test for excess errors)
FAIL: g++.other/overcnv2.C (test for excess errors)
FAIL: g++.other/overload1.C (test for excess errors)
FAIL: g++.other/overload14.C (test for excess errors)
FAIL: g++.other/overload2.C (test for excess errors)
FAIL: g++.other/overload6.C (test for excess errors)
FAIL: g++.other/overload7.C (test for excess errors)
FAIL: g++.other/overload8.C (test for excess errors)
FAIL: g++.other/overload9.C (test for excess errors)
FAIL: g++.other/pmf4.C (test for excess errors)
FAIL: g++.other/pmf5.C (test for excess errors)
FAIL: g++.other/ptrmem8.C (test for excess errors)
FAIL: g++.other/ptrmem9.C (test for excess errors)
FAIL: g++.other/reload1.C (test for excess errors)
FAIL: g++.other/rtti1.C (test for excess errors)
FAIL: g++.other/rtti2.C (test for excess errors)
FAIL: g++.other/rtti3.C (test for excess errors)
FAIL: g++.other/rtti4.C (test for excess errors)
FAIL: g++.other/rttid3.C (test for excess errors)
FAIL: g++.other/rttid4.C (test for excess errors)
FAIL: g++.other/sibcall1.C (test for excess errors)
FAIL: g++.other/singleton.C (test for excess errors)
FAIL: g++.other/static16.C (test for excess errors)
FAIL: g++.other/static20.C (test for excess errors)
FAIL: g++.other/temporary1.C (test for excess errors)
FAIL: g++.other/thunk1.C (test for excess errors)
FAIL: g++.other/unchanging1.C (test for excess errors)
FAIL: g++.other/union2.C (test for excess errors)
FAIL: g++.other/using6.C (test for excess errors)
FAIL: g++.other/vbase1.C (test for excess errors)
FAIL: g++.other/vbase2.C (test for excess errors)
FAIL: g++.other/vbase5.C (test for excess errors)
FAIL: g++.other/virtual2.C (test for excess errors)
FAIL: g++.other/virtual3.C (test for excess errors)
FAIL: g++.other/virtual8.C (test for excess errors)
FAIL: g++.other/virtual9.C (test for excess errors)
FAIL: g++.other/vtbl2.C (test for excess errors)
FAIL: g++.pt/alignof.C (test for excess errors)
FAIL: g++.pt/array1.C (test for excess errors)
FAIL: g++.pt/copy1.C (test for excess errors)
FAIL: g++.pt/crash18.C (test for excess errors)
FAIL: g++.pt/deduct4.C (test for excess errors)
FAIL: g++.pt/deduct5.C (test for excess errors)
FAIL: g++.pt/deduct7.C (test for excess errors)
FAIL: g++.pt/defarg.C (test for excess errors)
FAIL: g++.pt/eichin01.C (test for excess errors)
FAIL: g++.pt/eichin01a.C (test for excess errors)
FAIL: g++.pt/eichin01b.C (test for excess errors)
FAIL: g++.pt/enum3.C (test for excess errors)
FAIL: g++.pt/enum7.C (test for excess errors)
FAIL: g++.pt/explarg1.C (test for excess errors)
FAIL: g++.pt/explicit13.C (test for excess errors)
FAIL: g++.pt/explicit18.C (test for excess errors)
FAIL: g++.pt/explicit29.C (test for excess errors)
FAIL: g++.pt/explicit31.C (test for excess errors)
FAIL: g++.pt/explicit37.C (test for excess errors)
FAIL: g++.pt/explicit40.C (test for excess errors)
FAIL: g++.pt/explicit42.C (test for excess errors)
FAIL: g++.pt/explicit43.C (test for excess errors)
FAIL: g++.pt/explicit50.C (test for excess errors)
FAIL: g++.pt/explicit51.C (test for excess errors)
FAIL: g++.pt/explicit52.C (test for excess errors)
FAIL: g++.pt/explicit53.C (test for excess errors)
FAIL: g++.pt/explicit54.C (test for excess errors)
FAIL: g++.pt/explicit55.C (test for excess errors)
FAIL: g++.pt/explicit56.C (test for excess errors)
FAIL: g++.pt/explicit57.C (test for excess errors)
FAIL: g++.pt/explicit58.C (test for excess errors)
FAIL: g++.pt/explicit59.C (test for excess errors)
FAIL: g++.pt/explicit60.C (test for excess errors)
FAIL: g++.pt/explicit61.C (test for excess errors)
FAIL: g++.pt/explicit62.C (test for excess errors)
FAIL: g++.pt/explicit63.C (test for excess errors)
FAIL: g++.pt/explicit64.C (test for excess errors)
FAIL: g++.pt/explicit65.C (test for excess errors)
FAIL: g++.pt/explicit66.C (test for excess errors)
FAIL: g++.pt/explicit74.C (test for excess errors)
FAIL: g++.pt/expr1.C (test for excess errors)
FAIL: g++.pt/fntry1.C (test for excess errors)
FAIL: g++.pt/friend1.C (test for excess errors)
FAIL: g++.pt/friend10.C (test for excess errors)
FAIL: g++.pt/friend12.C (test for excess errors)
FAIL: g++.pt/friend13.C (test for excess errors)
FAIL: g++.pt/friend33.C (test for excess errors)
FAIL: g++.pt/friend4.C (test for excess errors)
FAIL: g++.pt/friend5.C (test for excess errors)
FAIL: g++.pt/friend6.C (test for excess errors)
FAIL: g++.pt/friend7.C (test for excess errors)
FAIL: g++.pt/friend8.C (test for excess errors)
FAIL: g++.pt/friend9.C (test for excess errors)
FAIL: g++.pt/inherit1.C (test for excess errors)
FAIL: g++.pt/instantiate4.C (test for excess errors)
FAIL: g++.pt/instantiate5.C (test for excess errors)
FAIL: g++.pt/instantiate6.C (test for excess errors)
FAIL: g++.pt/link1.C (test for excess errors)
FAIL: g++.pt/local1.C (test for excess errors)
FAIL: g++.pt/local2.C (test for excess errors)
FAIL: g++.pt/local3.C (test for excess errors)
FAIL: g++.pt/local4.C (test for excess errors)
FAIL: g++.pt/local5.C (test for excess errors)
FAIL: g++.pt/local6.C (test for excess errors)
FAIL: g++.pt/lookup3.C (test for excess errors)
FAIL: g++.pt/memclass1.C (test for excess errors)
FAIL: g++.pt/memclass2.C (test for excess errors)
FAIL: g++.pt/memclass3.C (test for excess errors)
FAIL: g++.pt/memclass4.C (test for excess errors)
FAIL: g++.pt/memclass5.C (test for excess errors)
FAIL: g++.pt/memclass6.C (test for excess errors)
FAIL: g++.pt/memtemp10.C (test for excess errors)
FAIL: g++.pt/memtemp11.C (test for excess errors)
FAIL: g++.pt/memtemp14.C (test for excess errors)
FAIL: g++.pt/memtemp16.C (test for excess errors)
FAIL: g++.pt/memtemp17.C (test for excess errors)
FAIL: g++.pt/memtemp19.C (test for excess errors)
FAIL: g++.pt/memtemp20.C (test for excess errors)
FAIL: g++.pt/memtemp23.C (test for excess errors)
FAIL: g++.pt/memtemp24.C (test for excess errors)
FAIL: g++.pt/memtemp25.C (test for excess errors)
FAIL: g++.pt/memtemp26.C (test for excess errors)
FAIL: g++.pt/memtemp27.C (test for excess errors)
FAIL: g++.pt/memtemp28.C (test for excess errors)
FAIL: g++.pt/memtemp29.C (test for excess errors)
FAIL: g++.pt/memtemp3.C (test for excess errors)
FAIL: g++.pt/memtemp30.C (test for excess errors)
FAIL: g++.pt/memtemp31.C (test for excess errors)
FAIL: g++.pt/memtemp32.C (test for excess errors)
FAIL: g++.pt/memtemp33.C (test for excess errors)
FAIL: g++.pt/memtemp34.C (test for excess errors)
FAIL: g++.pt/memtemp42.C (test for excess errors)
FAIL: g++.pt/memtemp43.C (test for excess errors)
FAIL: g++.pt/memtemp44.C (test for excess errors)
FAIL: g++.pt/memtemp45.C (test for excess errors)
FAIL: g++.pt/memtemp46.C (test for excess errors)
FAIL: g++.pt/memtemp47.C (test for excess errors)
FAIL: g++.pt/memtemp5.C (test for excess errors)
FAIL: g++.pt/memtemp53.C (test for excess errors)
FAIL: g++.pt/memtemp63.C (test for excess errors)
FAIL: g++.pt/memtemp67.C (test for excess errors)
FAIL: g++.pt/memtemp69.C (test for excess errors)
FAIL: g++.pt/memtemp7.C (test for excess errors)
FAIL: g++.pt/memtemp73.C (test for excess errors)
FAIL: g++.pt/memtemp9.C (test for excess errors)
FAIL: g++.pt/memtemp93.C (test for excess errors)
FAIL: g++.pt/memtemp96.C (test for excess errors)
FAIL: g++.pt/memtemp97.C (test for excess errors)
FAIL: g++.pt/mi1.C (test for excess errors)
FAIL: g++.pt/nttp1.C (test for excess errors)
FAIL: g++.pt/nttp2.C (test for excess errors)
FAIL: g++.pt/overload1.C (test for excess errors)
FAIL: g++.pt/overload10.C (test for excess errors)
FAIL: g++.pt/overload11.C (test for excess errors)
FAIL: g++.pt/overload12.C (test for excess errors)
FAIL: g++.pt/overload6.C (test for excess errors)
FAIL: g++.pt/overload9.C (test for excess errors)
FAIL: g++.pt/parms1.C (test for excess errors)
FAIL: g++.pt/partial3.C (test for excess errors)
FAIL: g++.pt/partial5.C (test for excess errors)
FAIL: g++.pt/ptrmem1.C (test for excess errors)
FAIL: g++.pt/ptrmem2.C (test for excess errors)
FAIL: g++.pt/ptrmem4.C (test for excess errors)
FAIL: g++.pt/ref3.C (test for excess errors)
FAIL: g++.pt/repo1.C (test for excess errors)
FAIL: g++.pt/repo2.C (test for excess errors)
FAIL: g++.pt/repo3.C (test for excess errors)
FAIL: g++.pt/repo4.C (test for excess errors)
FAIL: g++.pt/sizeof.C (test for excess errors)
FAIL: g++.pt/sizeof2.C (test for excess errors)
FAIL: g++.pt/spec3.C (test for excess errors)
FAIL: g++.pt/spec30.C (test for excess errors)
FAIL: g++.pt/spec33.C (test for excess errors)
FAIL: g++.pt/spec36.C (test for excess errors)
FAIL: g++.pt/spec40.C (test for excess errors)
FAIL: g++.pt/spec8.C (test for excess errors)
FAIL: g++.pt/static11.C (test for excess errors)
FAIL: g++.pt/static8.C (test for excess errors)
FAIL: g++.pt/stmtexpr.C (test for excess errors)
FAIL: g++.pt/stmtexpr2.C (test for excess errors)
FAIL: g++.pt/t16.C (test for excess errors)
FAIL: g++.pt/t39.C (test for excess errors)
FAIL: g++.pt/t42.C (test for excess errors)
FAIL: g++.pt/tiemann2.C (test for excess errors)
FAIL: g++.pt/ttp11.C (test for excess errors)
FAIL: g++.pt/ttp12.C (test for excess errors)
FAIL: g++.pt/ttp13.C (test for excess errors)
FAIL: g++.pt/ttp14.C (test for excess errors)
FAIL: g++.pt/ttp15.C (test for excess errors)
FAIL: g++.pt/ttp16.C (test for excess errors)
FAIL: g++.pt/ttp17.C (test for excess errors)
FAIL: g++.pt/ttp18.C (test for excess errors)
FAIL: g++.pt/ttp19.C (test for excess errors)
FAIL: g++.pt/ttp20.C (test for excess errors)
FAIL: g++.pt/ttp21.C (test for excess errors)
FAIL: g++.pt/ttp22.C (test for excess errors)
FAIL: g++.pt/ttp23.C (test for excess errors)
FAIL: g++.pt/ttp24.C (test for excess errors)
FAIL: g++.pt/ttp25.C (test for excess errors)
FAIL: g++.pt/ttp26.C (test for excess errors)
FAIL: g++.pt/ttp27.C (test for excess errors)
FAIL: g++.pt/ttp28.C (test for excess errors)
FAIL: g++.pt/ttp29.C (test for excess errors)
FAIL: g++.pt/ttp30.C (test for excess errors)
FAIL: g++.pt/ttp31.C (test for excess errors)
FAIL: g++.pt/ttp32.C (test for excess errors)
FAIL: g++.pt/ttp33.C (test for excess errors)
FAIL: g++.pt/ttp34.C (test for excess errors)
FAIL: g++.pt/ttp35.C (test for excess errors)
FAIL: g++.pt/ttp36.C (test for excess errors)
FAIL: g++.pt/ttp37.C (test for excess errors)
FAIL: g++.pt/ttp38.C (test for excess errors)
FAIL: g++.pt/ttp39.C (test for excess errors)
FAIL: g++.pt/ttp40.C (test for excess errors)
FAIL: g++.pt/ttp41.C (test for excess errors)
FAIL: g++.pt/ttp47.C (test for excess errors)
FAIL: g++.pt/ttp48.C (test for excess errors)
FAIL: g++.pt/ttp62.C (test for excess errors)
FAIL: g++.pt/typename12.C (test for excess errors)
FAIL: g++.pt/using1.C (test for excess errors)
FAIL: g++.pt/vaarg.C (test for excess errors)
FAIL: g++.pt/vbase1.C (test for excess errors)
FAIL: g++.pt/virtual1.C (test for excess errors)
FAIL: g++.pt/virtual4.C (test for excess errors)
FAIL: g++.robertl/980310-1.C (test for excess errors)
FAIL: g++.robertl/eb102.C (test for excess errors)
FAIL: g++.robertl/eb104.C (test for excess errors)
FAIL: g++.robertl/eb114.C (test for excess errors)
FAIL: g++.robertl/eb115.C (test for excess errors)
FAIL: g++.robertl/eb116.C (test for excess errors)
FAIL: g++.robertl/eb118.C (test for excess errors)
FAIL: g++.robertl/eb120.C (test for excess errors)
FAIL: g++.robertl/eb126.C (test for excess errors)
FAIL: g++.robertl/eb14.C (test for excess errors)
FAIL: g++.robertl/eb17.C (test for excess errors)
FAIL: g++.robertl/eb21.C (test for excess errors)
FAIL: g++.robertl/eb26.C (test for excess errors)
FAIL: g++.robertl/eb31.C (test for excess errors)
FAIL: g++.robertl/eb41.C (test for excess errors)
FAIL: g++.robertl/eb44.C (test for excess errors)
FAIL: g++.robertl/eb46.C (test for excess errors)
FAIL: g++.robertl/eb50.C (test for excess errors)
FAIL: g++.robertl/eb54.C (test for excess errors)
FAIL: g++.robertl/eb58.C (test for excess errors)
FAIL: g++.robertl/eb59.C (test for excess errors)
FAIL: g++.robertl/eb63.C (test for excess errors)
FAIL: g++.robertl/eb65.C (test for excess errors)
FAIL: g++.robertl/eb66.C (test for excess errors)
FAIL: g++.robertl/eb73.C (test for excess errors)
FAIL: g++.robertl/eb77.C (test for excess errors)
FAIL: g++.robertl/eb84.C (test for excess errors)
FAIL: g++.robertl/eb88.C (test for excess errors)
FAIL: g++.robertl/eb91.C (test for excess errors)
FAIL: g++.robertl/eb95.C (test for excess errors)
FAIL: g++.robertl/eb97.C (test for excess errors)
FAIL: g++.robertl/ebnull-cast.C (test for excess errors)
FAIL: g++.robertl/ebnull-oldcast.C (test for excess errors)
FAIL: g++.robertl/ebnull.C (test for excess errors)
FAIL: g++.robertl/eh990323-1.C (test for excess errors)
FAIL: g++.robertl/eh990323-2.C (test for excess errors)
FAIL: g++.robertl/eh990323-3.C (test for excess errors)
FAIL: g++.robertl/eh990323-4.C (test for excess errors)
FAIL: g++.robertl/eh990323-5.C (test for excess errors)
FAIL: g++.robertl/ice990323-2.C (test for excess errors)

		=== g++ Summary ===

# of expected passes		6542
# of unexpected failures	875
# of expected failures		756
# of unresolved testcases	48
# of untested testcases		47
# of unsupported tests		21
/mmix/powerpc-eabisim/build/gcc/testsuite/../g++ version 3.4 20030301 (experimental)

Host   is i686-pc-linux-gnu

		=== g77 tests ===


Running target powerpc-sim
FAIL: g77.dg/bprob/g77-bprob-1.f compilation,  -g  -fprofile-arcs
UNRESOLVED: g77.dg/bprob/g77-bprob-1.f execution,    -g  -fprofile-arcs
UNRESOLVED: g77.dg/bprob/g77-bprob-1.f compilation,  -g  -fbranch-probabilities
UNRESOLVED: g77.dg/bprob/g77-bprob-1.f execution,    -g  -fbranch-probabilities
FAIL: g77.dg/bprob/g77-bprob-1.f compilation,  -O0  -fprofile-arcs
UNRESOLVED: g77.dg/bprob/g77-bprob-1.f execution,    -O0  -fprofile-arcs
UNRESOLVED: g77.dg/bprob/g77-bprob-1.f compilation,  -O0  -fbranch-probabilities
UNRESOLVED: g77.dg/bprob/g77-bprob-1.f execution,    -O0  -fbranch-probabilities
FAIL: g77.dg/bprob/g77-bprob-1.f compilation,  -O1  -fprofile-arcs
UNRESOLVED: g77.dg/bprob/g77-bprob-1.f execution,    -O1  -fprofile-arcs
UNRESOLVED: g77.dg/bprob/g77-bprob-1.f compilation,  -O1  -fbranch-probabilities
UNRESOLVED: g77.dg/bprob/g77-bprob-1.f execution,    -O1  -fbranch-probabilities
FAIL: g77.dg/bprob/g77-bprob-1.f compilation,  -O2  -fprofile-arcs
UNRESOLVED: g77.dg/bprob/g77-bprob-1.f execution,    -O2  -fprofile-arcs
UNRESOLVED: g77.dg/bprob/g77-bprob-1.f compilation,  -O2  -fbranch-probabilities
UNRESOLVED: g77.dg/bprob/g77-bprob-1.f execution,    -O2  -fbranch-probabilities
FAIL: g77.dg/bprob/g77-bprob-1.f compilation,  -O3  -fprofile-arcs
UNRESOLVED: g77.dg/bprob/g77-bprob-1.f execution,    -O3  -fprofile-arcs
UNRESOLVED: g77.dg/bprob/g77-bprob-1.f compilation,  -O3  -fbranch-probabilities
UNRESOLVED: g77.dg/bprob/g77-bprob-1.f execution,    -O3  -fbranch-probabilities
FAIL: g77.dg/bprob/g77-bprob-1.f compilation,  -O3 -g  -fprofile-arcs
UNRESOLVED: g77.dg/bprob/g77-bprob-1.f execution,    -O3 -g  -fprofile-arcs
UNRESOLVED: g77.dg/bprob/g77-bprob-1.f compilation,  -O3 -g  -fbranch-probabilities
UNRESOLVED: g77.dg/bprob/g77-bprob-1.f execution,    -O3 -g  -fbranch-probabilities
FAIL: g77.dg/bprob/g77-bprob-1.f compilation,  -Os  -fprofile-arcs
UNRESOLVED: g77.dg/bprob/g77-bprob-1.f execution,    -Os  -fprofile-arcs
UNRESOLVED: g77.dg/bprob/g77-bprob-1.f compilation,  -Os  -fbranch-probabilities
UNRESOLVED: g77.dg/bprob/g77-bprob-1.f execution,    -Os  -fbranch-probabilities
FAIL: g77.f-torture/execute/20001201.f execution,  -O0 
FAIL: g77.f-torture/execute/20001201.f execution,  -O1 
FAIL: g77.f-torture/execute/20001201.f execution,  -O2 
FAIL: g77.f-torture/execute/20001201.f execution,  -O3 -fomit-frame-pointer 
FAIL: g77.f-torture/execute/20001201.f execution,  -O3 -g 
FAIL: g77.f-torture/execute/20001201.f execution,  -Os 
FAIL: g77.f-torture/execute/6367.f execution,  -O0 
FAIL: g77.f-torture/execute/6367.f execution,  -O1 
FAIL: g77.f-torture/execute/6367.f execution,  -O2 
FAIL: g77.f-torture/execute/6367.f execution,  -O3 -fomit-frame-pointer 
FAIL: g77.f-torture/execute/6367.f execution,  -O3 -fomit-frame-pointer -funroll-loops 
FAIL: g77.f-torture/execute/6367.f execution,  -O3 -fomit-frame-pointer -funroll-all-loops -finline-functions 
FAIL: g77.f-torture/execute/6367.f execution,  -O3 -g 
FAIL: g77.f-torture/execute/6367.f execution,  -Os 
FAIL: g77.f-torture/execute/io0.f execution,  -O0 
FAIL: g77.f-torture/execute/io0.f execution,  -O1 
FAIL: g77.f-torture/execute/io0.f execution,  -O2 
FAIL: g77.f-torture/execute/io0.f execution,  -O3 -fomit-frame-pointer 
FAIL: g77.f-torture/execute/io0.f execution,  -O3 -g 
FAIL: g77.f-torture/execute/io0.f execution,  -Os 
FAIL: g77.f-torture/execute/io1.f execution,  -O0 
FAIL: g77.f-torture/execute/io1.f execution,  -O1 
FAIL: g77.f-torture/execute/io1.f execution,  -O2 
FAIL: g77.f-torture/execute/io1.f execution,  -O3 -fomit-frame-pointer 
FAIL: g77.f-torture/execute/io1.f execution,  -O3 -g 
FAIL: g77.f-torture/execute/io1.f execution,  -Os 
FAIL: g77.f-torture/execute/u77-test.f compilation,  -O0 
FAIL: g77.f-torture/execute/u77-test.f compilation,  -O1 
FAIL: g77.f-torture/execute/u77-test.f compilation,  -O2 
FAIL: g77.f-torture/execute/u77-test.f compilation,  -O3 -fomit-frame-pointer 
FAIL: g77.f-torture/execute/u77-test.f compilation,  -O3 -fomit-frame-pointer -funroll-loops 
FAIL: g77.f-torture/execute/u77-test.f compilation,  -O3 -fomit-frame-pointer -funroll-all-loops -finline-functions 
FAIL: g77.f-torture/execute/u77-test.f compilation,  -O3 -g 
FAIL: g77.f-torture/execute/u77-test.f compilation,  -Os 

		=== g77 Summary ===

# of expected passes		1485
# of unexpected failures	41
# of expected failures		46
# of unresolved testcases	21
# of untested testcases		48
# of unsupported tests		9
/mmix/powerpc-eabisim/build/gcc/testsuite/../g77 version 3.4 20030301 (experimental)

Host   is i686-pc-linux-gnu

		=== gcc tests ===


Running target powerpc-sim
FAIL: gcc.c-torture/execute/20000419-1.c execution,  -Os 
FAIL: gcc.c-torture/execute/20000703-1.c execution,  -Os 
FAIL: gcc.c-torture/execute/20000706-1.c execution,  -Os 
FAIL: gcc.c-torture/execute/20000706-2.c execution,  -Os 
FAIL: gcc.c-torture/execute/20000706-5.c execution,  -Os 
FAIL: gcc.c-torture/execute/20000707-1.c execution,  -Os 
FAIL: gcc.c-torture/execute/20000717-1.c execution,  -Os 
FAIL: gcc.c-torture/execute/20000717-5.c execution,  -Os 
FAIL: gcc.c-torture/execute/20000917-1.c execution,  -Os 
FAIL: gcc.c-torture/execute/20010518-2.c execution,  -Os 
FAIL: gcc.c-torture/execute/20010915-1.c execution,  -Os 
FAIL: gcc.c-torture/execute/20011113-1.c execution,  -Os 
FAIL: gcc.c-torture/execute/20020206-1.c execution,  -Os 
FAIL: gcc.c-torture/execute/20020215-1.c execution,  -Os 
FAIL: gcc.c-torture/execute/20020402-1.c execution,  -Os 
FAIL: gcc.c-torture/execute/20020619-1.c execution,  -Os 
FAIL: gcc.c-torture/execute/20021011-1.c execution,  -Os 
FAIL: gcc.c-torture/execute/20021118-1.c execution,  -Os 
FAIL: gcc.c-torture/execute/20021118-2.c execution,  -Os 
FAIL: gcc.c-torture/execute/20021219-1.c execution,  -Os 
FAIL: gcc.c-torture/execute/20030105-1.c execution,  -Os 
FAIL: gcc.c-torture/execute/20030221-1.c execution,  -Os 
FAIL: gcc.c-torture/execute/920501-5.c execution,  -Os 
FAIL: gcc.c-torture/execute/920625-1.c execution,  -Os 
FAIL: gcc.c-torture/execute/921013-1.c execution,  -Os 
FAIL: gcc.c-torture/execute/921117-1.c execution,  -Os 
FAIL: gcc.c-torture/execute/931004-11.c execution,  -Os 
FAIL: gcc.c-torture/execute/931004-12.c execution,  -Os 
FAIL: gcc.c-torture/execute/950628-1.c execution,  -Os 
FAIL: gcc.c-torture/execute/960327-1.c execution,  -Os 
FAIL: gcc.c-torture/execute/960419-2.c execution,  -Os 
FAIL: gcc.c-torture/execute/961213-1.c execution,  -Os 
FAIL: gcc.c-torture/execute/980707-1.c execution,  -Os 
FAIL: gcc.c-torture/execute/990525-2.c execution,  -Os 
FAIL: gcc.c-torture/execute/991118-1.c execution,  -Os 
FAIL: gcc.c-torture/execute/bf64-1.c execution,  -Os 
FAIL: gcc.c-torture/execute/built-in-setjmp.c execution,  -Os 
FAIL: gcc.c-torture/execute/loop-5.c execution,  -Os 
FAIL: gcc.c-torture/execute/memcpy-bi.c execution,  -Os 
FAIL: gcc.c-torture/execute/strct-stdarg-1.c execution,  -Os 
FAIL: gcc.c-torture/execute/string-opt-10.c execution,  -Os 
FAIL: gcc.c-torture/execute/string-opt-11.c execution,  -Os 
FAIL: gcc.c-torture/execute/string-opt-12.c execution,  -Os 
FAIL: gcc.c-torture/execute/string-opt-15.c execution,  -Os 
FAIL: gcc.c-torture/execute/string-opt-6.c execution,  -Os 
FAIL: gcc.c-torture/execute/string-opt-7.c execution,  -Os 
FAIL: gcc.c-torture/execute/string-opt-9.c execution,  -Os 
FAIL: gcc.c-torture/execute/struct-ret-1.c execution,  -Os 
FAIL: gcc.c-torture/execute/va-arg-10.c execution,  -Os 
FAIL: gcc.c-torture/execute/va-arg-14.c execution,  -Os 
FAIL: gcc.c-torture/execute/va-arg-22.c execution,  -Os 
FAIL: gcc.c-torture/execute/va-arg-4.c execution,  -Os 
FAIL: gcc.c-torture/execute/ieee/inf-1.c execution,  -O0 
FAIL: gcc.c-torture/execute/ieee/inf-1.c execution,  -O1 
FAIL: gcc.dg/20020103-1.c scan-assembler-not LC
FAIL: gcc.dg/20020118-1.c execution test
FAIL: gcc.dg/altivec-5.c (test for excess errors)
FAIL: gcc.dg/asm-names.c (test for excess errors)
FAIL: gcc.dg/c90-intconst-1.c (test for excess errors)
FAIL: gcc.dg/c99-intconst-1.c (test for excess errors)
FAIL: gcc.dg/duff-2.c (test for excess errors)
FAIL: gcc.misc-tests/bprob-1.c compilation,  -g  -fprofile-arcs
UNRESOLVED: gcc.misc-tests/bprob-1.c execution,    -g  -fprofile-arcs
UNRESOLVED: gcc.misc-tests/bprob-1.c compilation,  -g  -fbranch-probabilities
UNRESOLVED: gcc.misc-tests/bprob-1.c execution,    -g  -fbranch-probabilities
FAIL: gcc.misc-tests/bprob-1.c compilation,  -O0  -fprofile-arcs
UNRESOLVED: gcc.misc-tests/bprob-1.c execution,    -O0  -fprofile-arcs
UNRESOLVED: gcc.misc-tests/bprob-1.c compilation,  -O0  -fbranch-probabilities
UNRESOLVED: gcc.misc-tests/bprob-1.c execution,    -O0  -fbranch-probabilities
FAIL: gcc.misc-tests/bprob-1.c compilation,  -O1  -fprofile-arcs
UNRESOLVED: gcc.misc-tests/bprob-1.c execution,    -O1  -fprofile-arcs
UNRESOLVED: gcc.misc-tests/bprob-1.c compilation,  -O1  -fbranch-probabilities
UNRESOLVED: gcc.misc-tests/bprob-1.c execution,    -O1  -fbranch-probabilities
FAIL: gcc.misc-tests/bprob-1.c compilation,  -O2 -DPERFTIME  -fprofile-arcs
UNRESOLVED: gcc.misc-tests/bprob-1.c execution,    -O2 -DPERFTIME  -fprofile-arcs
UNRESOLVED: gcc.misc-tests/bprob-1.c compilation,  -O2 -DPERFTIME  -fbranch-probabilities
UNRESOLVED: gcc.misc-tests/bprob-1.c execution,    -O2 -DPERFTIME  -fbranch-probabilities
FAIL: gcc.misc-tests/bprob-1.c compilation,  -O3 -DPERFTIME  -fprofile-arcs
UNRESOLVED: gcc.misc-tests/bprob-1.c execution,    -O3 -DPERFTIME  -fprofile-arcs
UNRESOLVED: gcc.misc-tests/bprob-1.c compilation,  -O3 -DPERFTIME  -fbranch-probabilities
UNRESOLVED: gcc.misc-tests/bprob-1.c execution,    -O3 -DPERFTIME  -fbranch-probabilities
FAIL: gcc.misc-tests/bprob-1.c compilation,  -O3 -g -DPERFTIME  -fprofile-arcs
UNRESOLVED: gcc.misc-tests/bprob-1.c execution,    -O3 -g -DPERFTIME  -fprofile-arcs
UNRESOLVED: gcc.misc-tests/bprob-1.c compilation,  -O3 -g -DPERFTIME  -fbranch-probabilities
UNRESOLVED: gcc.misc-tests/bprob-1.c execution,    -O3 -g -DPERFTIME  -fbranch-probabilities
FAIL: gcc.misc-tests/bprob-1.c compilation,  -Os  -fprofile-arcs
UNRESOLVED: gcc.misc-tests/bprob-1.c execution,    -Os  -fprofile-arcs
UNRESOLVED: gcc.misc-tests/bprob-1.c compilation,  -Os  -fbranch-probabilities
UNRESOLVED: gcc.misc-tests/bprob-1.c execution,    -Os  -fbranch-probabilities
FAIL: gcc.misc-tests/bprob-2.c compilation,  -g  -fprofile-arcs
UNRESOLVED: gcc.misc-tests/bprob-2.c execution,    -g  -fprofile-arcs
UNRESOLVED: gcc.misc-tests/bprob-2.c compilation,  -g  -fbranch-probabilities
UNRESOLVED: gcc.misc-tests/bprob-2.c execution,    -g  -fbranch-probabilities
FAIL: gcc.misc-tests/bprob-2.c compilation,  -O0  -fprofile-arcs
UNRESOLVED: gcc.misc-tests/bprob-2.c execution,    -O0  -fprofile-arcs
UNRESOLVED: gcc.misc-tests/bprob-2.c compilation,  -O0  -fbranch-probabilities
UNRESOLVED: gcc.misc-tests/bprob-2.c execution,    -O0  -fbranch-probabilities
FAIL: gcc.misc-tests/bprob-2.c compilation,  -O1  -fprofile-arcs
UNRESOLVED: gcc.misc-tests/bprob-2.c execution,    -O1  -fprofile-arcs
UNRESOLVED: gcc.misc-tests/bprob-2.c compilation,  -O1  -fbranch-probabilities
UNRESOLVED: gcc.misc-tests/bprob-2.c execution,    -O1  -fbranch-probabilities
FAIL: gcc.misc-tests/bprob-2.c compilation,  -O2 -DPERFTIME  -fprofile-arcs
UNRESOLVED: gcc.misc-tests/bprob-2.c execution,    -O2 -DPERFTIME  -fprofile-arcs
UNRESOLVED: gcc.misc-tests/bprob-2.c compilation,  -O2 -DPERFTIME  -fbranch-probabilities
UNRESOLVED: gcc.misc-tests/bprob-2.c execution,    -O2 -DPERFTIME  -fbranch-probabilities
FAIL: gcc.misc-tests/bprob-2.c compilation,  -O3 -DPERFTIME  -fprofile-arcs
UNRESOLVED: gcc.misc-tests/bprob-2.c execution,    -O3 -DPERFTIME  -fprofile-arcs
UNRESOLVED: gcc.misc-tests/bprob-2.c compilation,  -O3 -DPERFTIME  -fbranch-probabilities
UNRESOLVED: gcc.misc-tests/bprob-2.c execution,    -O3 -DPERFTIME  -fbranch-probabilities
FAIL: gcc.misc-tests/bprob-2.c compilation,  -O3 -g -DPERFTIME  -fprofile-arcs
UNRESOLVED: gcc.misc-tests/bprob-2.c execution,    -O3 -g -DPERFTIME  -fprofile-arcs
UNRESOLVED: gcc.misc-tests/bprob-2.c compilation,  -O3 -g -DPERFTIME  -fbranch-probabilities
UNRESOLVED: gcc.misc-tests/bprob-2.c execution,    -O3 -g -DPERFTIME  -fbranch-probabilities
FAIL: gcc.misc-tests/bprob-2.c compilation,  -Os  -fprofile-arcs
UNRESOLVED: gcc.misc-tests/bprob-2.c execution,    -Os  -fprofile-arcs
UNRESOLVED: gcc.misc-tests/bprob-2.c compilation,  -Os  -fbranch-probabilities
UNRESOLVED: gcc.misc-tests/bprob-2.c execution,    -Os  -fbranch-probabilities

		=== gcc Summary ===

# of expected passes		20832
# of unexpected failures	75
# of expected failures		69
# of unresolved testcases	42
# of untested testcases		228
# of unsupported tests		178
/mmix/powerpc-eabisim/build/gcc/xgcc version 3.4 20030301 (experimental)

Host   is i686-pc-linux-gnu

		=== objc tests ===


Running target powerpc-sim

		=== objc Summary ===

# of expected passes		1153
/mmix/powerpc-eabisim/build/gcc/xgcc version 3.4 20030301 (experimental)


Compiler version: 3.4 20030301 (experimental) 
Platform: powerpc-unknown-eabisim
configure flags: --target=powerpc-eabisim --prefix=/mmix/powerpc-eabisim/install --enable-languages=c,c++,objc,f77,ada --disable-nls --with-newlib --with-gnu-as -with-gnu-ld


Index Nav: [Date Index] [Subject Index] [Author Index] [Thread Index]
Message Nav: [Date Prev] [Date Next] [Thread Prev] [Thread Next]