This is the mail archive of the
gcc-testresults@gcc.gnu.org
mailing list for the GCC project.
Results for 3.3 20030228 (prerelease) g++ testsuite on i686-pc-linux-gnu
- From: gcc at integrable-solutions dot net
- To: gcc-testresults at gcc dot gnu dot org
- Date: Fri, 28 Feb 2003 09:39:04 +0100 (CET)
- Subject: Results for 3.3 20030228 (prerelease) g++ testsuite on i686-pc-linux-gnu
Native configuration is i686-pc-linux-gnu
=== g++ tests ===
Running target unix
FAIL: g++.dg/warn/Wunused-2.C (test for warnings, line 5)
=== g++ Summary ===
# of expected passes 7929
# of unexpected failures 1
# of expected failures 92
# of untested testcases 9
# of unsupported tests 3
/home/gcc/build/3.3/gcc/testsuite/../g++ version 3.3 20030228 (prerelease)
Compiler version: 3.3 20030228 (prerelease) g++
Platform: i686-pc-linux-gnu