This is the mail archive of the
gcc-testresults@gcc.gnu.org
mailing list for the GCC project.
Results for 3.2.3 20030218 (prerelease) testsuite on sparc-sun-solaris2.9
- From: Mark Mitchell (pfeifer) <mitchell at dbai dot tuwien dot ac dot at>
- To: gcc-testresults at gcc dot gnu dot org
- Date: Tue, 18 Feb 2003 09:24:50 +0100 (CET)
- Subject: Results for 3.2.3 20030218 (prerelease) testsuite on sparc-sun-solaris2.9
LAST_UPDATED: Tue Feb 18 00:39:27 UTC 2003
Native configuration is sparc-sun-solaris2.9
=== g++ tests ===
Running target unix
=== g++ Summary ===
# of expected passes 7343
# of expected failures 91
# of untested testcases 21
# of unsupported tests 4
/files/mitchell/gcc_auto_build/gcc/sparc-sun-solaris2.9/gcc/testsuite/../g++ version 3.2.3 20030218 (prerelease)
=== g77 tests ===
Running target unix
=== g77 Summary ===
# of expected passes 1458
# of unsupported tests 8
/files/mitchell/gcc_auto_build/gcc/sparc-sun-solaris2.9/gcc/testsuite/../g77 version 3.2.3 20030218 (prerelease)
=== gcc tests ===
Running target unix
WARNING: gcc.dg/20021014-1.c compilation failed to produce executable
FAIL: gcc.dg/vla-init-1.c VLA init (test for errors, line 12)
FAIL: gcc.dg/vla-init-1.c (test for excess errors)
=== gcc Summary ===
# of expected passes 18508
# of unexpected failures 2
# of expected failures 66
# of unsupported tests 112
/files/mitchell/gcc_auto_build/gcc/sparc-sun-solaris2.9/gcc/xgcc version 3.2.3 20030218 (prerelease)
=== objc tests ===
Running target unix
=== objc Summary ===
# of expected passes 1035
# of expected failures 6
/files/mitchell/gcc_auto_build/gcc/sparc-sun-solaris2.9/gcc/xgcc version 3.2.3 20030218 (prerelease)
=== libjava tests ===
Running target unix
ERROR: tcl error sourcing /files/mitchell/gcc_auto_build/gcc/libjava/testsuite/libjava.compile/compile.exp.
ERROR: can't read "x": no such variable
FAIL: FileHandleGcTest execution from source compiled test
FAIL: FileHandleGcTest execution from bytecode->native test
FAIL: FileHandleGcTest -O execution from source compiled test
FAIL: FileHandleGcTest -O execution from bytecode->native test
ERROR: No \`main' given in program Thread_Alive
UNRESOLVED: Thread_Interrupt compilation from source
FAIL: Throw_2 execution from source compiled test
FAIL: Throw_2 execution from bytecode->native test
FAIL: Throw_2 -O execution from source compiled test
FAIL: Throw_2 -O execution from bytecode->native test
=== libjava Summary ===
# of expected passes 1669
# of unexpected failures 8
# of expected failures 6
# of unresolved testcases 1
# of untested testcases 8
=== libstdc++-v3 tests ===
Running target unix
XPASS: 22_locale/collate_members_wchar_t.cc execution test
XPASS: 22_locale/ctype_is_wchar_t.cc execution test
XPASS: 22_locale/money_get_members_wchar_t.cc execution test
XPASS: 22_locale/money_put_members_wchar_t.cc execution test
XPASS: 22_locale/moneypunct_members_wchar_t.cc execution test
XPASS: 22_locale/num_get_members_wchar_t.cc execution test
XPASS: 22_locale/num_put_members_wchar_t.cc execution test
XPASS: 22_locale/numpunct_members_wchar_t.cc execution test
XPASS: 22_locale/time_get_members_wchar_t.cc execution test
XPASS: 22_locale/time_put_members_wchar_t.cc execution test
=== libstdc++-v3 Summary ===
# of expected passes 432
# of unexpected successes 10
# of expected failures 17
Compiler version: 3.2.3 20030218 (prerelease)
Platform: sparc-sun-solaris2.9
configure flags: --host=sparc-sun-solaris2.9 --prefix=/files/mitchell/gcc_auto_build/install/sparc-sun-solaris2.9