This is the mail archive of the
gcc-testresults@gcc.gnu.org
mailing list for the GCC project.
Results for 3.4 20030215 (experimental) testsuite on powerpc-apple-darwin6.0
- From: Andreas Tobler <toa at pop dot agri dot ch>
- To: gcc-results <gcc-testresults at gcc dot gnu dot org>
- Date: Sun, 16 Feb 2003 07:47:54 +0100
- Subject: Results for 3.4 20030215 (experimental) testsuite on powerpc-apple-darwin6.0
<<< text/plain; charset=ISO-8859-1; format=flowed: Unrecognized >>>
LAST_UPDATED:
Native configuration is powerpc-apple-darwin6.0
=== g++ tests ===
Running target unix
FAIL: g++.dg/compat/break/bitfield7 y_tst.o compile
UNRESOLVED: g++.dg/compat/break/bitfield7 x_tst.o-y_tst.o link
UNRESOLVED: g++.dg/compat/break/bitfield7 x_tst.o-y_tst.o execute
FAIL: g++.dg/parse/attr-ctor1.C (test for excess errors)
FAIL: g++.dg/warn/Wunused-2.C (test for warnings, line 5)
FAIL: g++.dg/warn/weak1.C (test for excess errors)
FAIL: g++.dg/special/conpr-3.C execution test
FAIL: g++.ext/attrib5.C (test for excess errors)
FAIL: g++.law/ctors2.C Execution test
FAIL: g++.other/comdat3.C (test for excess errors)
FAIL: g++.other/mangle3.C (test for excess errors)
FAIL: g++.pt/static3.C (test for excess errors)
FAIL: g++.pt/static6.C (test for excess errors)
=== g++ Summary ===
# of expected passes 8120
# of unexpected failures 11
# of expected failures 75
# of unresolved testcases 2
# of untested testcases 23
# of unsupported tests 18
/Volumes/xufs/gcc-cvs/objdir/gcc/testsuite/../g++ version 3.4 20030215 (experimental)
=== gcc tests ===
Running target unix
FAIL: gcc.c-torture/execute/pure-1.c compilation, -O1
UNRESOLVED: gcc.c-torture/execute/pure-1.c execution, -O1
FAIL: gcc.c-torture/execute/pure-1.c compilation, -O2
UNRESOLVED: gcc.c-torture/execute/pure-1.c execution, -O2
FAIL: gcc.c-torture/execute/pure-1.c compilation, -Os
UNRESOLVED: gcc.c-torture/execute/pure-1.c execution, -Os
FAIL: gcc.dg/duff-2.c (test for excess errors)
FAIL: gcc.dg/struct-by-value-1.c (test for excess errors)
WARNING: gcc.dg/struct-by-value-1.c compilation failed to produce executable
FAIL: gcc.dg/uninit-C.c (test for excess errors)
FAIL: gcc.dg/wchar_t-1.c (test for excess errors)
FAIL: gcc.dg/wint_t-1.c (test for excess errors)
FAIL: gcc.dg/format/c99-scanf-3.c vfscanf (test for warnings, line 21)
FAIL: gcc.dg/format/c99-scanf-3.c vfscanf (test for warnings, line 21)
FAIL: gcc.dg/format/ext-6.c vfscanf (test for warnings, line 42)
FAIL: gcc.dg/format/ext-6.c vfscanf (test for warnings, line 42)
UNRESOLVED: weak-1.c
UNRESOLVED: weak-2.c
UNRESOLVED: wkali-1.c
UNRESOLVED: wkali-2.c
UNRESOLVED: gcc.dg/weak
=== gcc Summary ===
# of expected passes 21421
# of unexpected failures 12
# of expected failures 63
# of unresolved testcases 8
# of unsupported tests 167
/Volumes/xufs/gcc-cvs/objdir/gcc/xgcc version 3.4 20030215 (experimental)
=== libjava tests ===
Running target unix
FAIL: calls.c compilation
FAIL: cxxtest.c compilation
FAIL: field.c compilation
FAIL: final_method.c compilation
FAIL: findclass.c compilation
FAIL: invoke.c compilation
FAIL: martin.c compilation
FAIL: noclass.c compilation
FAIL: overload.c compilation
FAIL: register.c compilation
FAIL: simple_int.c compilation
FAIL: throwit.c compilation
FAIL: virtual.c compilation
FAIL: SyncTest output - gij test
FAIL: SyncTest output - bytecode->native test
FAIL: SyncTest output - gij test
FAIL: SyncTest -O output - bytecode->native test
FAIL: Throw_2 execution - source compiled test
FAIL: Throw_2 execution - gij test
FAIL: Throw_2 execution - bytecode->native test
FAIL: Throw_2 -O execution - source compiled test
FAIL: Throw_2 execution - gij test
FAIL: Throw_2 -O execution - bytecode->native test
FAIL: TestEarlyGC compilation from source
FAIL: TestLeak compilation from source
FAIL: TestMultiple compilation from source
FAIL: TestParent compilation from source
FAIL: Mauve configure
=== libjava Summary ===
# of expected passes 2858
# of unexpected failures 28
# of expected failures 16
# of untested testcases 22
=== libstdc++-v3 tests ===
Running target unix
FAIL: 22_locale/codecvt/always_noconv/char/wrapped_locale.cc execution test
FAIL: 22_locale/codecvt/encoding/char/wrapped_locale.cc execution test
FAIL: 22_locale/codecvt/in/char/wrapped_locale.cc execution test
FAIL: 22_locale/codecvt/length/char/wrapped_locale.cc execution test
FAIL: 22_locale/codecvt/max_length/char/wrapped_locale.cc execution test
FAIL: 22_locale/codecvt/out/char/wrapped_locale.cc execution test
FAIL: 22_locale/codecvt/unshift/char/wrapped_locale.cc execution test
FAIL: 22_locale/collate/compare/char/2.cc execution test
FAIL: 22_locale/collate/compare/char/wrapped_env.cc execution test
FAIL: 22_locale/collate/compare/char/wrapped_locale.cc execution test
FAIL: 22_locale/collate/hash/char/wrapped_locale.cc execution test
FAIL: 22_locale/collate/transform/char/2.cc execution test
FAIL: 22_locale/collate/transform/char/wrapped_env.cc execution test
FAIL: 22_locale/collate/transform/char/wrapped_locale.cc execution test
FAIL: 22_locale/collate_byname/1.cc execution test
FAIL: 22_locale/ctype/cons/char/1.cc execution test
FAIL: 22_locale/ctype/cons/char/wrapped_env.cc execution test
FAIL: 22_locale/ctype/cons/char/wrapped_locale.cc execution test
FAIL: 22_locale/ctype/is/char/1.cc execution test
FAIL: 22_locale/ctype/is/char/2.cc execution test
FAIL: 22_locale/ctype/is/char/3.cc execution test
FAIL: 22_locale/ctype/is/char/wrapped_env.cc execution test
FAIL: 22_locale/ctype/is/char/wrapped_locale.cc execution test
FAIL: 22_locale/ctype/narrow/char/wrapped_locale.cc execution test
FAIL: 22_locale/ctype/scan/char/wrapped_locale.cc execution test
FAIL: 22_locale/ctype/to/char/wrapped_locale.cc execution test
FAIL: 22_locale/ctype/widen/char/wrapped_locale.cc execution test
FAIL: 22_locale/locale/cons/7.cc execution test
FAIL: 22_locale/messages/members/char/1.cc execution test
FAIL: 22_locale/messages/members/char/2.cc execution test
FAIL: 22_locale/messages/members/char/wrapped_env.cc execution test
FAIL: 22_locale/messages/members/char/wrapped_locale.cc execution test
FAIL: 22_locale/messages_byname/1.cc execution test
FAIL: 22_locale/money_get/get/char/1.cc execution test
FAIL: 22_locale/money_get/get/char/2.cc execution test
FAIL: 22_locale/money_get/get/char/3.cc execution test
FAIL: 22_locale/money_get/get/char/4.cc execution test
FAIL: 22_locale/money_get/get/char/wrapped_env.cc execution test
FAIL: 22_locale/money_get/get/char/wrapped_locale.cc execution test
FAIL: 22_locale/money_put/put/char/1.cc execution test
FAIL: 22_locale/money_put/put/char/2.cc execution test
FAIL: 22_locale/money_put/put/char/3.cc execution test
FAIL: 22_locale/money_put/put/char/wrapped_env.cc execution test
FAIL: 22_locale/money_put/put/char/wrapped_locale.cc execution test
FAIL: 22_locale/moneypunct/members/char/2.cc execution test
FAIL: 22_locale/moneypunct/members/char/wrapped_env.cc execution test
FAIL: 22_locale/moneypunct/members/char/wrapped_locale.cc execution test
FAIL: 22_locale/moneypunct_byname/1.cc execution test
FAIL: 22_locale/num_get/get/char/1.cc execution test
FAIL: 22_locale/num_get/get/char/3.cc execution test
FAIL: 22_locale/num_get/get/char/5.cc execution test
FAIL: 22_locale/num_get/get/char/6.cc execution test
FAIL: 22_locale/num_get/get/char/wrapped_env.cc execution test
FAIL: 22_locale/num_get/get/char/wrapped_locale.cc execution test
FAIL: 22_locale/num_put/put/char/1.cc execution test
FAIL: 22_locale/num_put/put/char/3.cc execution test
FAIL: 22_locale/num_put/put/char/wrapped_env.cc execution test
FAIL: 22_locale/num_put/put/char/wrapped_locale.cc execution test
FAIL: 22_locale/numpunct/members/char/2.cc execution test
FAIL: 22_locale/numpunct/members/char/wrapped_env.cc execution test
FAIL: 22_locale/numpunct/members/char/wrapped_locale.cc execution test
FAIL: 22_locale/numpunct_byname/1.cc execution test
FAIL: 22_locale/time_get/date_order/char/wrapped_locale.cc execution test
FAIL: 22_locale/time_get/get_date/char/2.cc execution test
FAIL: 22_locale/time_get/get_date/char/wrapped_env.cc execution test
FAIL: 22_locale/time_get/get_date/char/wrapped_locale.cc execution test
FAIL: 22_locale/time_get/get_monthname/char/wrapped_locale.cc execution test
FAIL: 22_locale/time_get/get_time/char/2.cc execution test
FAIL: 22_locale/time_get/get_time/char/wrapped_env.cc execution test
FAIL: 22_locale/time_get/get_time/char/wrapped_locale.cc execution test
FAIL: 22_locale/time_get/get_weekday/char/2.cc execution test
FAIL: 22_locale/time_get/get_weekday/char/wrapped_env.cc execution test
FAIL: 22_locale/time_get/get_weekday/char/wrapped_locale.cc execution test
FAIL: 22_locale/time_get/get_year/char/wrapped_locale.cc execution test
FAIL: 22_locale/time_put/put/char/2.cc execution test
FAIL: 22_locale/time_put/put/char/4.cc execution test
FAIL: 22_locale/time_put/put/char/5.cc execution test
FAIL: 22_locale/time_put/put/char/6.cc execution test
FAIL: 22_locale/time_put/put/char/7.cc execution test
FAIL: 22_locale/time_put/put/char/8.cc execution test
FAIL: 22_locale/time_put/put/char/wrapped_env.cc execution test
FAIL: 22_locale/time_put/put/char/wrapped_locale.cc execution test
FAIL: 25_algorithms/min_max.cc (test for excess errors)
WARNING: 25_algorithms/min_max.cc compilation failed to produce executable
FAIL: 26_numerics/c99_classification_macros_c.cc (test for errors, line 35)
FAIL: 27_io/filebuf_members.cc execution test
FAIL: ext/concept_checks.cc (test for excess errors)
WARNING: ext/concept_checks.cc compilation failed to produce executable
=== libstdc++-v3 Summary ===
# of expected passes 620
# of unexpected failures 86
# of expected failures 2
# of unsupported tests 6
Compiler version: 3.4 20030215 (experimental)
Platform: powerpc-apple-darwin6.0
configure flags: --prefix=/Volumes/reserved1/gcctmp --enable-languages=c,c++,java --enable-libgcj --enable-threads=posix --enable-shared --disable-multilib