This is the mail archive of the
gcc-testresults@gcc.gnu.org
mailing list for the GCC project.
Results for 3.3 20030213 (prerelease) testsuite on m68k-unknown-linux-gnu
- From: Roman Zippel <zippel at linux-m68k dot org>
- To: gcc-testresults at gcc dot gnu dot org
- Date: Sat, 15 Feb 2003 14:24:06 +0100
- Subject: Results for 3.3 20030213 (prerelease) testsuite on m68k-unknown-linux-gnu
LAST_UPDATED: Thu Feb 13 09:03:00 UTC 2003
Native configuration is m68k-unknown-linux-gnu
=== g++ tests ===
Running target unix
FAIL: g++.dg/bprob/g++-bprob-1.C execution, -g -fprofile-arcs
UNRESOLVED: g++.dg/bprob/g++-bprob-1.C compilation, -g -fbranch-probabilities
UNRESOLVED: g++.dg/bprob/g++-bprob-1.C execution, -g -fbranch-probabilities
FAIL: g++.dg/bprob/g++-bprob-1.C execution, -O0 -fprofile-arcs
UNRESOLVED: g++.dg/bprob/g++-bprob-1.C compilation, -O0 -fbranch-probabilities
UNRESOLVED: g++.dg/bprob/g++-bprob-1.C execution, -O0 -fbranch-probabilities
FAIL: g++.dg/bprob/g++-bprob-1.C execution, -O1 -fprofile-arcs
UNRESOLVED: g++.dg/bprob/g++-bprob-1.C compilation, -O1 -fbranch-probabilities
UNRESOLVED: g++.dg/bprob/g++-bprob-1.C execution, -O1 -fbranch-probabilities
FAIL: g++.dg/bprob/g++-bprob-1.C execution, -O2 -fprofile-arcs
UNRESOLVED: g++.dg/bprob/g++-bprob-1.C compilation, -O2 -fbranch-probabilities
UNRESOLVED: g++.dg/bprob/g++-bprob-1.C execution, -O2 -fbranch-probabilities
FAIL: g++.dg/bprob/g++-bprob-1.C execution, -O3 -fprofile-arcs
UNRESOLVED: g++.dg/bprob/g++-bprob-1.C compilation, -O3 -fbranch-probabilities
UNRESOLVED: g++.dg/bprob/g++-bprob-1.C execution, -O3 -fbranch-probabilities
FAIL: g++.dg/bprob/g++-bprob-1.C execution, -O3 -g -fprofile-arcs
UNRESOLVED: g++.dg/bprob/g++-bprob-1.C compilation, -O3 -g -fbranch-probabilities
UNRESOLVED: g++.dg/bprob/g++-bprob-1.C execution, -O3 -g -fbranch-probabilities
FAIL: g++.dg/bprob/g++-bprob-1.C execution, -Os -fprofile-arcs
UNRESOLVED: g++.dg/bprob/g++-bprob-1.C compilation, -Os -fbranch-probabilities
UNRESOLVED: g++.dg/bprob/g++-bprob-1.C execution, -Os -fbranch-probabilities
FAIL: g++.dg/compat/break/bitfield7 y_tst.o compile
UNRESOLVED: g++.dg/compat/break/bitfield7 x_tst.o-y_tst.o link
UNRESOLVED: g++.dg/compat/break/bitfield7 x_tst.o-y_tst.o execute
FAIL: g++.dg/compat/eh/ctor1 x_tst.o-y_tst.o execute
FAIL: g++.dg/compat/eh/ctor2 x_tst.o-y_tst.o execute
FAIL: g++.dg/compat/eh/dtor1 x_tst.o-y_tst.o execute
FAIL: g++.dg/compat/eh/filter1 x_tst.o-y_tst.o execute
FAIL: g++.dg/compat/eh/filter2 x_tst.o-y_tst.o execute
FAIL: g++.dg/compat/eh/new1 x_tst.o-y_tst.o execute
FAIL: g++.dg/compat/eh/nrv1 x_tst.o-y_tst.o execute
FAIL: g++.dg/compat/eh/spec3 x_tst.o-y_tst.o execute
FAIL: g++.dg/compat/eh/template1 x_tst.o-y_tst.o execute
FAIL: g++.dg/compat/eh/unexpected1 x_tst.o-y_tst.o execute
FAIL: g++.dg/compat/init/array5 x_tst.o-y_tst.o execute
FAIL: g++.dg/abi/bitfield4.C execution test
FAIL: g++.dg/abi/empty6.C (test for warnings, line 6)
FAIL: g++.dg/eh/ctor1.C execution test
FAIL: g++.dg/eh/ctor2.C execution test
FAIL: g++.dg/eh/dtor1.C execution test
FAIL: g++.dg/eh/filter1.C execution test
FAIL: g++.dg/eh/filter2.C execution test
FAIL: g++.dg/eh/loop1.C execution test
FAIL: g++.dg/eh/new1.C execution test
FAIL: g++.dg/eh/omit-frame-pointer.C execution test
FAIL: g++.dg/eh/registers1.C execution test
FAIL: g++.dg/eh/spec3.C execution test
FAIL: g++.dg/eh/template1.C execution test
FAIL: g++.dg/eh/unexpected1.C execution test
FAIL: g++.dg/init/array5.C execution test
FAIL: g++.dg/init/ctor1.C execution test
FAIL: g++.dg/warn/Wunused-2.C (test for warnings, line 5)
FAIL: g++.dg/gcov/gcov-1.C execution test
FAIL: 33:is #####:should be 1
FAIL: 39:is #####:should be 1
FAIL: 41:is #####:should be 1
FAIL: 55:is #####:should be 3
FAIL: 58:is #####:should be 9
FAIL: 59:is #####:should be 3
FAIL: 66:is #####:should be 6
FAIL: 73:is #####:should be 81
FAIL: 74:is #####:should be 6
FAIL: 100:is #####:should be 2
FAIL: 102:is #####:should be 1
FAIL: 103:is #####:should be 1
FAIL: 105:is #####:should be 1
FAIL: 113:is #####:should be 15
FAIL: 115:is #####:should be 14
FAIL: 116:is #####:should be 1
FAIL: 118:is #####:should be 1
FAIL: 141:is #####:should be 5
FAIL: 143:is #####:should be 3
FAIL: 145:is #####:should be 3
FAIL: 150:is #####:should be 2
FAIL: 152:is #####:should be 1
FAIL: 154:is #####:should be 1
FAIL: 156:is #####:should be 5
FAIL: 158:is #####:should be 1
FAIL: 160:is #####:should be 5
FAIL: 162:is #####:should be 1
FAIL: 164:is #####:should be 1
FAIL: 165:is #####:should be 5
FAIL: 173:is #####:should be 6
FAIL: 175:is #####:should be 1
FAIL: 177:is #####:should be 6
FAIL: 181:is #####:should be 6
FAIL: 183:is #####:should be 3
FAIL: 185:is #####:should be 6
FAIL: 187:is #####:should be 2
FAIL: 189:is #####:should be 4
FAIL: 192:is #####:should be 4
FAIL: 200:is #####:should be 11
FAIL: 202:is #####:should be 1
FAIL: 204:is #####:should be 11
FAIL: 206:is #####:should be 5
FAIL: 208:is #####:should be 2
FAIL: 210:is #####:should be 1
FAIL: 212:is #####:should be 11
FAIL: 214:is #####:should be 3
FAIL: 215:is #####:should be 11
FAIL: 254:is #####:should be 5
FAIL: 257:is #####:should be 5
FAIL: 261:is #####:should be 1
FAIL: 269:is #####:should be 3
FAIL: 271:is #####:should be 1
FAIL: 272:is #####:should be 2
FAIL: 275:is #####:should be 1
FAIL: 276:is #####:should be 1
FAIL: 279:is #####:should be 4
FAIL: 57: expected branch percentages not found: 25
FAIL: 68: expected branch percentages not found: 30
FAIL: 70: expected branch percentages not found: 32
FAIL: 72: expected branch percentages not found: 27
FAIL: 101: expected branch percentages not found: 50
FAIL: 114: expected branch percentages not found: 7
FAIL: 142: expected branch percentages not found: 40
FAIL: 144: expected branch percentages not found: 0
FAIL: 151: expected branch percentages not found: 50
FAIL: 157: expected branch percentages not found: 20
FAIL: 161: expected branch percentages not found: 20
FAIL: 163: expected branch percentages not found: 0
FAIL: 174: expected branch percentages not found: 17
FAIL: 178: expected branch percentages not found: 0
FAIL: 182: expected branch percentages not found: 50
FAIL: 186: expected branch percentages not found: 33
FAIL: 190: expected branch percentages not found: 0
FAIL: 201: expected branch percentages not found: 27 50 25
FAIL: 205: expected branch percentages not found: 45
FAIL: 207: expected branch percentages not found: 40
FAIL: 209: expected branch percentages not found: 50
FAIL: 213: expected branch percentages not found: 9 10 11
FAIL: 258: expected branch percentages not found: 20 25
FAIL: 270: expected branch percentages not found: 33
FAIL: g++.dg/gcov/gcov-1.C gcov: 56 failures in line counts, 24 in branch percentages, 0 in return percentages
FAIL: g++.dg/gcov/gcov-2.C execution test
FAIL: 10:is #####:should be 1
FAIL: 15:is #####:should be 1
FAIL: 23:is #####:should be 1
FAIL: 24:is #####:should be 1
FAIL: 29:is #####:should be 1
FAIL: g++.dg/gcov/gcov-2.C gcov: 5 failures in line counts, 0 in branch percentages, 0 in return percentages
FAIL: g++.dg/gcov/gcov-3.C execution test
FAIL: 14:is #####:should be 1
FAIL: g++.dg/gcov/gcov-3.C gcov: 1 failures in line counts, 0 in branch percentages, 0 in return percentages
FAIL: g++.abi/cxa_vec.C Execution test
FAIL: g++.brendan/eh1.C Execution test
FAIL: g++.eh/badalloc1.C Execution test
FAIL: g++.eh/catch11.C Execution test
FAIL: g++.eh/catch12.C Execution test
FAIL: g++.eh/catch3.C Execution test
FAIL: g++.eh/catch3p.C Execution test
FAIL: g++.eh/catch4.C Execution test
FAIL: g++.eh/catch4p.C Execution test
FAIL: g++.eh/catch5.C Execution test
FAIL: g++.eh/catch5p.C Execution test
FAIL: g++.eh/catch6.C Execution test
FAIL: g++.eh/catch6p.C Execution test
FAIL: g++.eh/catch7.C Execution test
FAIL: g++.eh/catch7p.C Execution test
FAIL: g++.eh/catch8.C Execution test
FAIL: g++.eh/catch8p.C Execution test
FAIL: g++.eh/catch9.C Execution test
FAIL: g++.eh/catch9p.C Execution test
FAIL: g++.eh/catchptr1.C Execution test
FAIL: g++.eh/cleanup1.C Execution test
FAIL: g++.eh/cleanup2.C Execution test
FAIL: g++.eh/flow1.C Execution test
FAIL: g++.eh/fntry1.C Execution test
FAIL: g++.eh/ia64-1.C Execution test
FAIL: g++.eh/inline2.C Execution test
FAIL: g++.eh/new1.C Execution test
FAIL: g++.eh/new2.C Execution test
FAIL: g++.eh/pdel1.C Execution test
FAIL: g++.eh/pdel2.C Execution test
FAIL: g++.eh/ptr1.C Execution test
FAIL: g++.eh/ptrmem1.C Execution test
FAIL: g++.eh/rethrow1.C Execution test
FAIL: g++.eh/rethrow2.C Execution test
FAIL: g++.eh/rethrow3.C Execution test
FAIL: g++.eh/rethrow4.C Execution test
FAIL: g++.eh/rethrow5.C Execution test
FAIL: g++.eh/rethrow6.C Execution test
FAIL: g++.eh/spec1.C Execution test
FAIL: g++.eh/spec2.C Execution test
FAIL: g++.eh/spec3.C Execution test
FAIL: g++.eh/spec4.C Execution test
FAIL: g++.eh/terminate1.C Execution test
FAIL: g++.eh/terminate2.C Execution test
FAIL: g++.eh/tmpl1.C Execution test
FAIL: g++.eh/unwind1.C Execution test
FAIL: g++.eh/vbase1.C Execution test
FAIL: g++.eh/vbase2.C Execution test
FAIL: g++.eh/vbase4.C Execution test
FAIL: g++.martin/new1.C Execution test
FAIL: g++.mike/dyncast1.C Execution test
FAIL: g++.mike/dyncast2.C Execution test
FAIL: g++.mike/eh10.C Execution test
FAIL: g++.mike/eh12.C Execution test
FAIL: g++.mike/eh14.C Execution test
FAIL: g++.mike/eh16.C Execution test
FAIL: g++.mike/eh17.C Execution test
FAIL: g++.mike/eh18.C Execution test
FAIL: g++.mike/eh2.C Execution test
FAIL: g++.mike/eh21.C Execution test
FAIL: g++.mike/eh23.C Execution test
FAIL: g++.mike/eh24.C Execution test
FAIL: g++.mike/eh25.C Execution test
FAIL: g++.mike/eh26.C Execution test
FAIL: g++.mike/eh27.C Execution test
FAIL: g++.mike/eh28.C Execution test
FAIL: g++.mike/eh29.C Execution test
FAIL: g++.mike/eh3.C Execution test
FAIL: g++.mike/eh31.C Execution test
FAIL: g++.mike/eh33.C Execution test
FAIL: g++.mike/eh34.C Execution test
FAIL: g++.mike/eh35.C Execution test
FAIL: g++.mike/eh36.C Execution test
FAIL: g++.mike/eh37.C Execution test
FAIL: g++.mike/eh38.C Execution test
FAIL: g++.mike/eh39.C Execution test
FAIL: g++.mike/eh40.C Execution test
FAIL: g++.mike/eh41.C Execution test
FAIL: g++.mike/eh42.C Execution test
FAIL: g++.mike/eh44.C Execution test
FAIL: g++.mike/eh47.C Execution test
FAIL: g++.mike/eh48.C Execution test
FAIL: g++.mike/eh49.C Execution test
FAIL: g++.mike/eh5.C Execution test
FAIL: g++.mike/eh50.C Execution test
FAIL: g++.mike/eh51.C Execution test
FAIL: g++.mike/eh55.C Execution test
FAIL: g++.mike/eh6.C Execution test
FAIL: g++.mike/eh8.C Execution test
FAIL: g++.mike/p7912.C Execution test
FAIL: g++.mike/p9706.C Execution test
FAIL: g++.oliva/delete3.C Execution test
FAIL: g++.oliva/new1.C Execution test
FAIL: g++.other/array1.C Execution test
FAIL: g++.other/eh3.C Execution test
FAIL: g++.other/init7.C Execution test
FAIL: g++.other/new7.C Execution test
FAIL: g++.other/singleton.C Execution test
FAIL: g++.other/vbase2.C Execution test
FAIL: g++.pt/fntry1.C Execution test
FAIL: g++.robertl/eb31.C Execution test
FAIL: g++.robertl/eb50.C Execution test
FAIL: g++.robertl/eb66.C Execution test
FAIL: g++.robertl/eb83.C Execution test
FAIL: g++.robertl/eb88.C Execution test
FAIL: g++.robertl/eh990323-1.C Execution test
FAIL: g++.robertl/eh990323-2.C Execution test
FAIL: g++.robertl/eh990323-3.C Execution test
FAIL: g++.robertl/eh990323-4.C Execution test
FAIL: g++.robertl/eh990323-5.C Execution test
FAIL: g++.robertl/ice990323-2.C Execution test
=== g++ Summary ===
# of expected passes 7694
# of unexpected failures 239
# of expected failures 92
# of unresolved testcases 16
# of untested testcases 23
# of unsupported tests 17
/home/roman/src/gcc/gcc-3.3-build/gcc/testsuite/../g++ version 3.3 20030213 (prerelease)
=== g77 tests ===
Running target unix
FAIL: g77.dg/bprob/g77-bprob-1.f execution, -g -fprofile-arcs
UNRESOLVED: g77.dg/bprob/g77-bprob-1.f compilation, -g -fbranch-probabilities
UNRESOLVED: g77.dg/bprob/g77-bprob-1.f execution, -g -fbranch-probabilities
FAIL: g77.dg/bprob/g77-bprob-1.f execution, -O0 -fprofile-arcs
UNRESOLVED: g77.dg/bprob/g77-bprob-1.f compilation, -O0 -fbranch-probabilities
UNRESOLVED: g77.dg/bprob/g77-bprob-1.f execution, -O0 -fbranch-probabilities
FAIL: g77.dg/bprob/g77-bprob-1.f execution, -O1 -fprofile-arcs
UNRESOLVED: g77.dg/bprob/g77-bprob-1.f compilation, -O1 -fbranch-probabilities
UNRESOLVED: g77.dg/bprob/g77-bprob-1.f execution, -O1 -fbranch-probabilities
FAIL: g77.dg/bprob/g77-bprob-1.f execution, -O2 -fprofile-arcs
UNRESOLVED: g77.dg/bprob/g77-bprob-1.f compilation, -O2 -fbranch-probabilities
UNRESOLVED: g77.dg/bprob/g77-bprob-1.f execution, -O2 -fbranch-probabilities
FAIL: g77.dg/bprob/g77-bprob-1.f execution, -O3 -fprofile-arcs
UNRESOLVED: g77.dg/bprob/g77-bprob-1.f compilation, -O3 -fbranch-probabilities
UNRESOLVED: g77.dg/bprob/g77-bprob-1.f execution, -O3 -fbranch-probabilities
FAIL: g77.dg/bprob/g77-bprob-1.f execution, -O3 -g -fprofile-arcs
UNRESOLVED: g77.dg/bprob/g77-bprob-1.f compilation, -O3 -g -fbranch-probabilities
UNRESOLVED: g77.dg/bprob/g77-bprob-1.f execution, -O3 -g -fbranch-probabilities
FAIL: g77.dg/bprob/g77-bprob-1.f execution, -Os -fprofile-arcs
UNRESOLVED: g77.dg/bprob/g77-bprob-1.f compilation, -Os -fbranch-probabilities
UNRESOLVED: g77.dg/bprob/g77-bprob-1.f execution, -Os -fbranch-probabilities
FAIL: g77.dg/gcov/gcov-1.f execution test
FAIL: 16:is #####:should be 1
FAIL: 18:is #####:should be 1
FAIL: 20:is #####:should be 1
FAIL: 32:is #####:should be 18
FAIL: 41:is #####:should be 1
FAIL: 42:is #####:should be 1
FAIL: 44:is #####:should be 1
FAIL: 46:is #####:should be 1
FAIL: 49:is #####:should be 1
FAIL: 55:is #####:should be 1
FAIL: 57:is #####:should be 1
FAIL: 59:is #####:should be 1
FAIL: 62:is #####:should be 1
FAIL: 68:is #####:should be 1
FAIL: 70:is #####:should be 1
FAIL: 72:is #####:should be 1
FAIL: 75:is #####:should be 1
FAIL: 82:is #####:should be 1
FAIL: 84:is #####:should be 1
FAIL: 86:is #####:should be 1
FAIL: 88:is #####:should be 1
FAIL: 91:is #####:should be 1
FAIL: 97:is #####:should be 1
FAIL: 99:is #####:should be 1
FAIL: 101:is #####:should be 1
FAIL: 103:is #####:should be 1
FAIL: 106:is #####:should be 1
FAIL: 118:is #####:should be 2
FAIL: 120:is #####:should be 1
FAIL: 122:is #####:should be 1
FAIL: 124:is #####:should be 1
FAIL: 125:is #####:should be 2
FAIL: 136:is #####:should be 19
FAIL: 138:is #####:should be 1
FAIL: 140:is #####:should be 1
FAIL: 142:is #####:should be 1
FAIL: 143:is #####:should be 2
FAIL: 150:is #####:should be 2
FAIL: 151:is #####:should be 1
FAIL: 153:is #####:should be 1
FAIL: 159:is #####:should be 1
FAIL: 161:is #####:should be 1
FAIL: 165:is #####:should be 2
FAIL: 173:is #####:should be 3
FAIL: 174:is #####:should be 3
FAIL: 175:is #####:should be 3
FAIL: 176:is #####:should be 3
FAIL: 177:is #####:should be 1
FAIL: 178:is #####:should be 1
FAIL: 179:is #####:should be 1
FAIL: 180:is #####:should be 1
FAIL: 181:is #####:should be 1
FAIL: 182:is #####:should be 3
FAIL: 189:is #####:should be 3
FAIL: 191:is #####:should be 3
FAIL: 193:is #####:should be 1
FAIL: 194:is #####:should be 1
FAIL: 195:is #####:should be 1
FAIL: 196:is #####:should be 1
FAIL: 197:is #####:should be 1
FAIL: 198:is #####:should be 3
FAIL: 207:is #####:should be 1
FAIL: 208:is #####:should be 1
FAIL: 210:is #####:should be 1
FAIL: 212:is #####:should be 1
FAIL: 214:is #####:should be 1
FAIL: 216:is #####:should be 1
FAIL: 221:is #####:should be 1
FAIL: 223:is #####:should be 1
FAIL: 225:is #####:should be 1
FAIL: 227:is #####:should be 1
FAIL: 229:is #####:should be 1
FAIL: 231:is #####:should be 1
FAIL: 233:is #####:should be 1
FAIL: 235:is #####:should be 1
FAIL: 246:is #####:should be 3
FAIL: 250:is #####:should be 9
FAIL: 259:is #####:should be 6
FAIL: 267:is #####:should be 81
FAIL: 279:is #####:should be 1
FAIL: 280:is #####:should be 1
FAIL: 282:is #####:should be 1
FAIL: 283:is #####:should be 1
FAIL: 284:is #####:should be 1
FAIL: 285:is #####:should be 1
FAIL: 286:is #####:should be 1
FAIL: 287:is #####:should be 1
FAIL: 293:is #####:should be 1
FAIL: 294:is #####:should be 1
FAIL: 295:is #####:should be 1
FAIL: 296:is #####:should be 1
FAIL: 297:is #####:should be 1
FAIL: 298:is #####:should be 1
FAIL: 299:is #####:should be 1
FAIL: 305:is #####:should be 1
FAIL: 306:is #####:should be 1
FAIL: 307:is #####:should be 1
FAIL: 308:is #####:should be 1
FAIL: 309:is #####:should be 1
FAIL: 310:is #####:should be 1
FAIL: 311:is #####:should be 1
FAIL: 312:is #####:should be 1
FAIL: 313:is #####:should be 1
FAIL: 314:is #####:should be 1
FAIL: 315:is #####:should be 1
FAIL: 316:is #####:should be 1
FAIL: 328:is #####:should be 5
FAIL: 330:is #####:should be 5
FAIL: 332:is #####:should be 3
FAIL: 334:is #####:should be 3
FAIL: 340:is #####:should be 2
FAIL: 342:is #####:should be 1
FAIL: 344:is #####:should be 1
FAIL: 348:is #####:should be 5
FAIL: 353:is #####:should be 5
FAIL: 355:is #####:should be 1
FAIL: 357:is #####:should be 1
FAIL: 367:is #####:should be 6
FAIL: 370:is #####:should be 6
FAIL: 372:is #####:should be 1
FAIL: 375:is #####:should be 6
FAIL: 380:is #####:should be 6
FAIL: 382:is #####:should be 3
FAIL: 385:is #####:should be 6
FAIL: 387:is #####:should be 2
FAIL: 390:is #####:should be 6
FAIL: 403:is #####:should be 11
FAIL: 405:is #####:should be 11
FAIL: 407:is #####:should be 1
FAIL: 410:is #####:should be 11
FAIL: 412:is #####:should be 5
FAIL: 414:is #####:should be 2
FAIL: 416:is #####:should be 1
FAIL: 421:is #####:should be 11
FAIL: 423:is #####:should be 3
FAIL: 50: expected branch percentages not found: 0
FAIL: 63: expected branch percentages not found: 0
FAIL: 76: expected branch percentages not found: 0
FAIL: 92: expected branch percentages not found: 0
FAIL: 107: expected branch percentages not found: 0
FAIL: 119: expected branch percentages not found: 50
FAIL: 123: expected branch percentages not found: 0
FAIL: 135: expected branch percentages not found: 5
FAIL: 141: expected branch percentages not found: 0
FAIL: 154: expected branch percentages not found: 0
FAIL: 162: expected branch percentages not found: 0
FAIL: 192: expected branch percentages not found: 33 50
FAIL: 249: expected branch percentages not found: 25
FAIL: 262: expected branch percentages not found: 40
FAIL: 264: expected branch percentages not found: 23
FAIL: 266: expected branch percentages not found: 27
FAIL: 331: expected branch percentages not found: 40
FAIL: 333: expected branch percentages not found: 0
FAIL: 341: expected branch percentages not found: 50
FAIL: 349: expected branch percentages not found: 20
FAIL: 354: expected branch percentages not found: 20
FAIL: 356: expected branch percentages not found: 0
FAIL: 371: expected branch percentages not found: 17
FAIL: 376: expected branch percentages not found: 0
FAIL: 381: expected branch percentages not found: 50
FAIL: 386: expected branch percentages not found: 33
FAIL: 391: expected branch percentages not found: 0
FAIL: 406: expected branch percentages not found: 27 50 25
FAIL: 411: expected branch percentages not found: 45
FAIL: 413: expected branch percentages not found: 40
FAIL: 415: expected branch percentages not found: 50
FAIL: 422: expected branch percentages not found: 9 10 11
FAIL: 17: expected return percentages not found: 100
FAIL: 19: expected return percentages not found: 100
FAIL: 21: expected return percentages not found: 100
FAIL: 45: expected return percentages not found: 100
FAIL: 47: expected return percentages not found: 100
FAIL: 58: expected return percentages not found: 100
FAIL: 60: expected return percentages not found: 100
FAIL: 71: expected return percentages not found: 100
FAIL: 73: expected return percentages not found: 100
FAIL: 85: expected return percentages not found: 100
FAIL: 87: expected return percentages not found: 100
FAIL: 89: expected return percentages not found: 100
FAIL: 100: expected return percentages not found: 100
FAIL: 102: expected return percentages not found: 100
FAIL: 104: expected return percentages not found: 100
FAIL: 211: expected return percentages not found: 100
FAIL: 213: expected return percentages not found: 100
FAIL: 215: expected return percentages not found: 100
FAIL: 224: expected return percentages not found: 100
FAIL: 226: expected return percentages not found: 100
FAIL: 228: expected return percentages not found: 100
FAIL: 230: expected return percentages not found: 100
FAIL: 232: expected return percentages not found: 100
FAIL: 234: expected return percentages not found: 100
FAIL: g77.dg/gcov/gcov-1.f gcov: 135 failures in line counts, 32 in branch percentages, 24 in return percentages
FAIL: g77.f-torture/execute/20010430.f execution, -O2
FAIL: g77.f-torture/execute/20010430.f execution, -O3 -fomit-frame-pointer
FAIL: g77.f-torture/execute/20010430.f execution, -O3 -fomit-frame-pointer -funroll-loops
FAIL: g77.f-torture/execute/20010430.f execution, -O3 -fomit-frame-pointer -funroll-all-loops -finline-functions
FAIL: g77.f-torture/execute/20010430.f execution, -O3 -g
=== g77 Summary ===
# of expected passes 1616
# of unexpected failures 205
# of unresolved testcases 14
# of unsupported tests 8
/home/roman/src/gcc/gcc-3.3-build/gcc/testsuite/../g77 version 3.3 20030213 (prerelease)
=== gcc tests ===
Running target unix
WARNING: program timed out.
FAIL: gcc.c-torture/compile/20001226-1.c, -O0
WARNING: program timed out.
FAIL: gcc.c-torture/compile/20001226-1.c, -O1
WARNING: program timed out.
FAIL: gcc.c-torture/compile/20001226-1.c, -O2
WARNING: program timed out.
FAIL: gcc.c-torture/compile/20001226-1.c, -O3 -fomit-frame-pointer
WARNING: program timed out.
FAIL: gcc.c-torture/compile/20001226-1.c, -O3 -g
WARNING: program timed out.
FAIL: gcc.c-torture/compile/20001226-1.c, -Os
FAIL: gcc.c-torture/execute/20020418-1.c execution, -O2
FAIL: gcc.c-torture/execute/20020418-1.c execution, -Os
FAIL: gcc.c-torture/execute/loop-2f.c execution, -O0
FAIL: gcc.c-torture/execute/loop-2f.c execution, -O1
FAIL: gcc.c-torture/execute/loop-2f.c execution, -O2
FAIL: gcc.c-torture/execute/loop-2f.c execution, -O3 -fomit-frame-pointer
FAIL: gcc.c-torture/execute/loop-2f.c execution, -O3 -fomit-frame-pointer -funroll-loops
FAIL: gcc.c-torture/execute/loop-2f.c execution, -O3 -fomit-frame-pointer -funroll-all-loops -finline-functions
FAIL: gcc.c-torture/execute/loop-2f.c execution, -O3 -g
FAIL: gcc.c-torture/execute/loop-2f.c execution, -Os
FAIL: gcc.c-torture/execute/loop-2g.c execution, -O0
FAIL: gcc.c-torture/execute/loop-2g.c execution, -O1
FAIL: gcc.c-torture/execute/loop-2g.c execution, -O2
FAIL: gcc.c-torture/execute/loop-2g.c execution, -O3 -fomit-frame-pointer
FAIL: gcc.c-torture/execute/loop-2g.c execution, -O3 -fomit-frame-pointer -funroll-loops
FAIL: gcc.c-torture/execute/loop-2g.c execution, -O3 -fomit-frame-pointer -funroll-all-loops -finline-functions
FAIL: gcc.c-torture/execute/loop-2g.c execution, -O3 -g
FAIL: gcc.c-torture/execute/loop-2g.c execution, -Os
FAIL: gcc.c-torture/execute/string-opt-10.c execution, -O0
FAIL: gcc.c-torture/execute/string-opt-17.c execution, -O1
FAIL: gcc.c-torture/execute/string-opt-17.c execution, -O2
FAIL: gcc.c-torture/execute/string-opt-17.c execution, -O3 -fomit-frame-pointer
FAIL: gcc.c-torture/execute/string-opt-17.c execution, -O3 -g
FAIL: gcc.c-torture/execute/string-opt-17.c execution, -Os
FAIL: gcc.c-torture/execute/string-opt-9.c execution, -O0
FAIL: gcc.dg/cpp/Wunused.c (test for excess errors)
FAIL: gcc.dg/cpp/trad/Wunused.c (test for excess errors)
FAIL: gcc.dg/20020201-1.c execution test
FAIL: gcc.dg/20020312-2.c (test for excess errors)
WARNING: gcc.dg/20020312-2.c compilation failed to produce executable
FAIL: gcc.dg/bitfld-3.c execution test
FAIL: gcc.dg/bitfld-4.c execution test
XPASS: gcc.dg/c99-flex-array-4.c sizeof != offsetof (test for bogus messages, line 24)
WARNING: program timed out.
FAIL: gcc.dg/c99-intconst-1.c (test for excess errors)
FAIL: gcc.dg/duff-2.c (test for excess errors)
FAIL: gcc.dg/pack-test-1.c (test for excess errors)
FAIL: gcc.dg/typespec-1.c unsigned long long int short (test for errors, line 930)
FAIL: gcc.dg/typespec-1.c unsigned long long int int (test for errors, line 931)
FAIL: gcc.dg/typespec-1.c unsigned long long int long (test for errors, line 932)
FAIL: gcc.dg/typespec-1.c unsigned long long int float (test for errors, line 933)
FAIL: gcc.dg/typespec-1.c unsigned long long int double (test for errors, line 934)
FAIL: gcc.dg/typespec-1.c unsigned long long int signed (test for errors, line 935)
FAIL: gcc.dg/typespec-1.c unsigned long long int unsigned (test for errors, line 936)
FAIL: gcc.dg/typespec-1.c unsigned long long int _Bool (test for errors, line 937)
FAIL: gcc.dg/uninit-A.c uninitialized variable warning (test for bogus messages, line 52)
FAIL: gcc.dg/uninit-A.c uninitialized variable warning (test for bogus messages, line 53)
FAIL: gcc.dg/uninit-C.c (test for excess errors)
FAIL: gcc.dg/special/gcsec-1.c (test for excess errors)
WARNING: gcc.dg/special/gcsec-1.c compilation failed to produce executable
FAIL: gcc.dg/weak/typeof-2.c scan-assembler baz3.*baz3.*baz3.*baz3.*baz3.*baz3
FAIL: gcc.misc-tests/bprob-1.c execution, -g -fprofile-arcs
UNRESOLVED: gcc.misc-tests/bprob-1.c compilation, -g -fbranch-probabilities
UNRESOLVED: gcc.misc-tests/bprob-1.c execution, -g -fbranch-probabilities
FAIL: gcc.misc-tests/bprob-1.c execution, -O0 -fprofile-arcs
UNRESOLVED: gcc.misc-tests/bprob-1.c compilation, -O0 -fbranch-probabilities
UNRESOLVED: gcc.misc-tests/bprob-1.c execution, -O0 -fbranch-probabilities
FAIL: gcc.misc-tests/bprob-1.c execution, -O1 -fprofile-arcs
UNRESOLVED: gcc.misc-tests/bprob-1.c compilation, -O1 -fbranch-probabilities
UNRESOLVED: gcc.misc-tests/bprob-1.c execution, -O1 -fbranch-probabilities
FAIL: gcc.misc-tests/bprob-1.c execution, -O2 -DPERFTIME -fprofile-arcs
UNRESOLVED: gcc.misc-tests/bprob-1.c compilation, -O2 -DPERFTIME -fbranch-probabilities
UNRESOLVED: gcc.misc-tests/bprob-1.c execution, -O2 -DPERFTIME -fbranch-probabilities
FAIL: gcc.misc-tests/bprob-1.c execution, -O3 -DPERFTIME -fprofile-arcs
UNRESOLVED: gcc.misc-tests/bprob-1.c compilation, -O3 -DPERFTIME -fbranch-probabilities
UNRESOLVED: gcc.misc-tests/bprob-1.c execution, -O3 -DPERFTIME -fbranch-probabilities
FAIL: gcc.misc-tests/bprob-1.c execution, -O3 -g -DPERFTIME -fprofile-arcs
UNRESOLVED: gcc.misc-tests/bprob-1.c compilation, -O3 -g -DPERFTIME -fbranch-probabilities
UNRESOLVED: gcc.misc-tests/bprob-1.c execution, -O3 -g -DPERFTIME -fbranch-probabilities
FAIL: gcc.misc-tests/bprob-1.c execution, -Os -fprofile-arcs
UNRESOLVED: gcc.misc-tests/bprob-1.c compilation, -Os -fbranch-probabilities
UNRESOLVED: gcc.misc-tests/bprob-1.c execution, -Os -fbranch-probabilities
FAIL: gcc.misc-tests/bprob-2.c execution, -g -fprofile-arcs
UNRESOLVED: gcc.misc-tests/bprob-2.c compilation, -g -fbranch-probabilities
UNRESOLVED: gcc.misc-tests/bprob-2.c execution, -g -fbranch-probabilities
FAIL: gcc.misc-tests/bprob-2.c execution, -O0 -fprofile-arcs
UNRESOLVED: gcc.misc-tests/bprob-2.c compilation, -O0 -fbranch-probabilities
UNRESOLVED: gcc.misc-tests/bprob-2.c execution, -O0 -fbranch-probabilities
FAIL: gcc.misc-tests/bprob-2.c execution, -O1 -fprofile-arcs
UNRESOLVED: gcc.misc-tests/bprob-2.c compilation, -O1 -fbranch-probabilities
UNRESOLVED: gcc.misc-tests/bprob-2.c execution, -O1 -fbranch-probabilities
FAIL: gcc.misc-tests/bprob-2.c execution, -O2 -DPERFTIME -fprofile-arcs
UNRESOLVED: gcc.misc-tests/bprob-2.c compilation, -O2 -DPERFTIME -fbranch-probabilities
UNRESOLVED: gcc.misc-tests/bprob-2.c execution, -O2 -DPERFTIME -fbranch-probabilities
FAIL: gcc.misc-tests/bprob-2.c execution, -O3 -DPERFTIME -fprofile-arcs
UNRESOLVED: gcc.misc-tests/bprob-2.c compilation, -O3 -DPERFTIME -fbranch-probabilities
UNRESOLVED: gcc.misc-tests/bprob-2.c execution, -O3 -DPERFTIME -fbranch-probabilities
FAIL: gcc.misc-tests/bprob-2.c execution, -O3 -g -DPERFTIME -fprofile-arcs
UNRESOLVED: gcc.misc-tests/bprob-2.c compilation, -O3 -g -DPERFTIME -fbranch-probabilities
UNRESOLVED: gcc.misc-tests/bprob-2.c execution, -O3 -g -DPERFTIME -fbranch-probabilities
FAIL: gcc.misc-tests/bprob-2.c execution, -Os -fprofile-arcs
UNRESOLVED: gcc.misc-tests/bprob-2.c compilation, -Os -fbranch-probabilities
UNRESOLVED: gcc.misc-tests/bprob-2.c execution, -Os -fbranch-probabilities
FAIL: gcc.misc-tests/gcov-1.c execution test
FAIL: 14:is #####:should be 11
FAIL: 15:is #####:should be 10
FAIL: 17:is #####:should be 1
FAIL: gcc.misc-tests/gcov-1.c gcov: 3 failures in line counts, 0 in branch percentages, 0 in return percentages
FAIL: gcc.misc-tests/gcov-2.c execution test
FAIL: 14:is #####:should be 11
FAIL: 15:is #####:should be 10
FAIL: 17:is #####:should be 1
FAIL: gcc.misc-tests/gcov-2.c gcov: 3 failures in line counts, 0 in branch percentages, 0 in return percentages
FAIL: gcc.misc-tests/gcov-3.c execution test
FAIL: 37:is #####:should be 1
FAIL: 42:is #####:should be 1
FAIL: gcc.misc-tests/gcov-3.c gcov: 2 failures in line counts, 0 in branch percentages, 0 in return percentages
FAIL: gcc.misc-tests/gcov-4.c execution test
FAIL: 31:is #####:should be 1
FAIL: 37:is #####:should be 1
FAIL: 39:is #####:should be 1
FAIL: 53:is #####:should be 3
FAIL: 55:is #####:should be 9
FAIL: 56:is #####:should be 3
FAIL: 63:is #####:should be 6
FAIL: 67:is #####:should be 81
FAIL: 68:is #####:should be 6
FAIL: 93:is #####:should be 2
FAIL: 94:is #####:should be 1
FAIL: 95:is #####:should be 1
FAIL: 97:is #####:should be 1
FAIL: 104:is #####:should be 15
FAIL: 105:is #####:should be 14
FAIL: 106:is #####:should be 1
FAIL: 108:is #####:should be 1
FAIL: 130:is #####:should be 5
FAIL: 131:is #####:should be 3
FAIL: 132:is #####:should be 3
FAIL: 136:is #####:should be 2
FAIL: 137:is #####:should be 1
FAIL: 139:is #####:should be 1
FAIL: 140:is #####:should be 5
FAIL: 141:is #####:should be 1
FAIL: 142:is #####:should be 5
FAIL: 143:is #####:should be 1
FAIL: 144:is #####:should be 1
FAIL: 145:is #####:should be 5
FAIL: 152:is #####:should be 6
FAIL: 153:is #####:should be 1
FAIL: 154:is #####:should be 6
FAIL: 156:is #####:should be 6
FAIL: 157:is #####:should be 3
FAIL: 158:is #####:should be 6
FAIL: 159:is #####:should be 2
FAIL: 160:is #####:should be 4
FAIL: 162:is #####:should be 4
FAIL: 169:is #####:should be 11
FAIL: 170:is #####:should be 1
FAIL: 171:is #####:should be 11
FAIL: 172:is #####:should be 5
FAIL: 173:is #####:should be 2
FAIL: 174:is #####:should be 1
FAIL: 175:is #####:should be 11
FAIL: 176:is #####:should be 3
FAIL: 177:is #####:should be 11
FAIL: 216:is #####:should be 5
FAIL: 218:is #####:should be 5
FAIL: 221:is #####:should be 1
FAIL: 228:is #####:should be 3
FAIL: 229:is #####:should be 1
FAIL: 230:is #####:should be 2
FAIL: 233:is #####:should be 1
FAIL: 234:is #####:should be 1
FAIL: 237:is #####:should be 4
FAIL: gcc.misc-tests/gcov-4.c gcov: 56 failures in line counts, 0 in branch percentages, 0 in return percentages
FAIL: gcc.misc-tests/gcov-4b.c execution test
FAIL: 24: expected branch percentages not found: 25
FAIL: 35: expected branch percentages not found: 30
FAIL: 37: expected branch percentages not found: 32
FAIL: 39: expected branch percentages not found: 27
FAIL: 67: expected branch percentages not found: 50
FAIL: 79: expected branch percentages not found: 7
FAIL: 106: expected branch percentages not found: 40
FAIL: 108: expected branch percentages not found: 0
FAIL: 114: expected branch percentages not found: 50
FAIL: 119: expected branch percentages not found: 20
FAIL: 122: expected branch percentages not found: 20
FAIL: 132: expected branch percentages not found: 0
FAIL: 133: expected branch percentages not found: 17
FAIL: 136: expected branch percentages not found: 0
FAIL: 139: expected branch percentages not found: 50
FAIL: 142: expected branch percentages not found: 33
FAIL: 145: expected branch percentages not found: 0
FAIL: 155: expected branch percentages not found: 27 50 25
FAIL: 158: expected branch percentages not found: 45
FAIL: 160: expected branch percentages not found: 40
FAIL: 162: expected branch percentages not found: 50
FAIL: 165: expected branch percentages not found: 9 10 11
FAIL: 209: expected branch percentages not found: 20 25
FAIL: 220: expected branch percentages not found: 33
FAIL: gcc.misc-tests/gcov-4b.c gcov: 0 failures in line counts, 24 in branch percentages, 0 in return percentages
FAIL: gcc.misc-tests/gcov-5b.c execution test
FAIL: gcc.misc-tests/gcov-6.c execution test
FAIL: 15:is #####:should be 5
FAIL: 18:is #####:should be 1
FAIL: 20:is #####:should be 4
FAIL: 29:is #####:should be 1
FAIL: 33:is #####:should be 4
FAIL: 16: expected branch percentages not found: 20
FAIL: 19: expected return percentages not found: 0
FAIL: 30: expected return percentages not found: 100
FAIL: 34: expected return percentages not found: 75
FAIL: gcc.misc-tests/gcov-6.c gcov: 5 failures in line counts, 1 in branch percentages, 3 in return percentages
FAIL: gcc.misc-tests/gcov-7.c execution test
FAIL: 17:is #####:should be 3
FAIL: 21:is #####:should be 1
FAIL: 25:is #####:should be 2
FAIL: 30:is #####:should be 3
FAIL: 34:is #####:should be 1
FAIL: 38:is #####:should be 2
FAIL: 40:is #####:should be 1
FAIL: 43:is #####:should be 1
FAIL: 75:is #####:should be 2
FAIL: 78:is #####:should be 3
FAIL: 80:is #####:should be 1
FAIL: 20: expected branch percentages not found: 33
FAIL: 33: expected branch percentages not found: 33
FAIL: 74: expected branch percentages not found: 33
FAIL: 39: expected return percentages not found: 50
FAIL: 41: expected return percentages not found: 100
FAIL: 79: expected return percentages not found: 33
FAIL: 81: expected return percentages not found: 0
FAIL: gcc.misc-tests/gcov-7.c gcov: 11 failures in line counts, 3 in branch percentages, 4 in return percentages
FAIL: gcc.misc-tests/gcov-8.c execution test
FAIL: 20: expected branch percentages not found: 1
FAIL: 28: expected branch percentages not found: 0
FAIL: 30: expected branch percentages not found: 1
FAIL: 47: expected branch percentages not found: 0
FAIL: gcc.misc-tests/gcov-8.c gcov: 0 failures in line counts, 4 in branch percentages, 0 in return percentages
=== gcc Summary ===
# of expected passes 20509
# of unexpected failures 203
# of unexpected successes 1
# of expected failures 68
# of unresolved testcases 28
# of unsupported tests 158
/home/roman/src/gcc/gcc-3.3-build/gcc/xgcc version 3.3 20030213 (prerelease)
=== objc tests ===
Running target unix
FAIL: objc/execute/bf-21.m execution, -O0
FAIL: objc/execute/bf-21.m execution, -O1
FAIL: objc/execute/bf-21.m execution, -O2
FAIL: objc/execute/bf-21.m execution, -O3 -fomit-frame-pointer
FAIL: objc/execute/bf-21.m execution, -O3 -g
FAIL: objc/execute/bf-21.m execution, -Os
=== objc Summary ===
# of expected passes 1147
# of unexpected failures 6
/home/roman/src/gcc/gcc-3.3-build/gcc/xgcc version 3.3 20030213 (prerelease)
=== libjava tests ===
Running target unix
FAIL: OperatorBenchmark compilation from source
FAIL: PR1343 compilation from bytecode
FAIL: PR1343 -O compilation from bytecode
FAIL: noclass run
FAIL: throwit run
FAIL: ArrayStore execution - source compiled test
FAIL: ArrayStore execution - bytecode->native test
FAIL: ArrayStore -O execution - source compiled test
FAIL: ArrayStore -O execution - bytecode->native test
FAIL: ArrayStore2 execution - source compiled test
FAIL: ArrayStore2 execution - bytecode->native test
FAIL: ArrayStore2 -O execution - source compiled test
FAIL: ArrayStore2 -O execution - bytecode->native test
FAIL: Array_3 execution - source compiled test
FAIL: Array_3 execution - bytecode->native test
FAIL: Array_3 -O execution - source compiled test
FAIL: Array_3 -O execution - bytecode->native test
FAIL: Divide_1 execution - source compiled test
FAIL: Divide_1 execution - bytecode->native test
FAIL: Divide_1 -O execution - source compiled test
FAIL: Divide_1 -O execution - bytecode->native test
FAIL: Final execution - source compiled test
FAIL: Final execution - bytecode->native test
FAIL: Final -O execution - source compiled test
FAIL: Final -O execution - bytecode->native test
FAIL: G19990302_02 execution - source compiled test
FAIL: G19990302_02 execution - bytecode->native test
FAIL: G19990302_02 -O execution - source compiled test
FAIL: G19990302_02 -O execution - bytecode->native test
FAIL: G19990303_01 execution - source compiled test
FAIL: G19990303_01 execution - bytecode->native test
FAIL: G19990303_01 -O execution - source compiled test
FAIL: G19990303_01 -O execution - bytecode->native test
FAIL: G19990303_02 execution - source compiled test
FAIL: G19990303_02 execution - bytecode->native test
FAIL: G19990303_02 -O execution - source compiled test
FAIL: G19990303_02 -O execution - bytecode->native test
FAIL: G19990304_01 execution - source compiled test
FAIL: G19990304_01 execution - bytecode->native test
FAIL: G19990304_01 -O execution - source compiled test
FAIL: G19990304_01 -O execution - bytecode->native test
FAIL: InterfaceDispatch execution - source compiled test
FAIL: InterfaceDispatch execution - bytecode->native test
FAIL: InterfaceDispatch -O execution - source compiled test
FAIL: InterfaceDispatch -O execution - bytecode->native test
FAIL: Invoke_1 execution - source compiled test
FAIL: Invoke_1 execution - bytecode->native test
FAIL: Invoke_1 -O execution - source compiled test
FAIL: Invoke_1 -O execution - bytecode->native test
FAIL: PR141 execution - source compiled test
FAIL: PR141 execution - bytecode->native test
FAIL: PR141 -O execution - source compiled test
FAIL: PR141 -O execution - bytecode->native test
FAIL: PR218 execution - source compiled test
FAIL: PR218 execution - bytecode->native test
FAIL: PR218 -O execution - source compiled test
FAIL: PR218 -O execution - bytecode->native test
FAIL: StringBuffer_1 execution - source compiled test
FAIL: StringBuffer_1 execution - bytecode->native test
FAIL: StringBuffer_1 -O execution - source compiled test
FAIL: StringBuffer_1 -O execution - bytecode->native test
WARNING: program timed out.
FAIL: SyncTest execution - bytecode->native test
WARNING: program timed out.
FAIL: SyncTest -O execution - bytecode->native test
FAIL: TestProxy execution - source compiled test
FAIL: TestProxy execution - bytecode->native test
FAIL: TestProxy -O execution - source compiled test
FAIL: TestProxy -O execution - bytecode->native test
FAIL: Thread_Alive execution - source compiled test
FAIL: Thread_Alive execution - bytecode->native test
FAIL: Thread_Alive -O execution - source compiled test
FAIL: Thread_Alive -O execution - bytecode->native test
FAIL: Thread_Interrupt execution - source compiled test
FAIL: Thread_Interrupt execution - bytecode->native test
FAIL: Thread_Interrupt -O execution - source compiled test
FAIL: Thread_Interrupt -O execution - bytecode->native test
FAIL: Thread_Wait_2 execution - source compiled test
FAIL: Thread_Wait_2 execution - bytecode->native test
FAIL: Thread_Wait_2 -O execution - source compiled test
FAIL: Thread_Wait_2 -O execution - bytecode->native test
FAIL: Thread_Wait_Interrupt execution - source compiled test
FAIL: Thread_Wait_Interrupt execution - bytecode->native test
FAIL: Thread_Wait_Interrupt -O execution - source compiled test
FAIL: Thread_Wait_Interrupt -O execution - bytecode->native test
FAIL: Throw_1 execution - source compiled test
FAIL: Throw_1 execution - bytecode->native test
FAIL: Throw_1 -O execution - source compiled test
FAIL: Throw_1 -O execution - bytecode->native test
FAIL: Throw_2 execution - source compiled test
FAIL: Throw_2 execution - bytecode->native test
FAIL: Throw_2 -O execution - source compiled test
FAIL: Throw_2 -O execution - bytecode->native test
FAIL: initexc execution - source compiled test
FAIL: initexc execution - bytecode->native test
FAIL: initexc -O execution - source compiled test
FAIL: initexc -O execution - bytecode->native test
FAIL: instinit2 execution - source compiled test
FAIL: instinit2 execution - bytecode->native test
FAIL: instinit2 -O execution - source compiled test
FAIL: instinit2 -O execution - bytecode->native test
FAIL: invokethrow execution - source compiled test
FAIL: invokethrow execution - bytecode->native test
FAIL: invokethrow -O execution - source compiled test
FAIL: invokethrow -O execution - bytecode->native test
FAIL: pr184 execution - source compiled test
FAIL: pr184 execution - bytecode->native test
FAIL: pr184 -O execution - source compiled test
FAIL: pr184 -O execution - bytecode->native test
FAIL: pr83 execution - source compiled test
FAIL: pr83 execution - bytecode->native test
FAIL: pr83 -O execution - source compiled test
FAIL: pr83 -O execution - bytecode->native test
FAIL: /home/roman/src/gcc/gcc-3.3-build/m68k-unknown-linux-gnu/libjava/testsuite/TestEarlyGC.exe execution - /home/roman/src/gcc/gcc-3.3-build/m68k-unknown-linux-gnu/libjava/testsuite/TestEarlyGC.exe
FAIL: /home/roman/src/gcc/gcc-3.3-build/m68k-unknown-linux-gnu/libjava/testsuite/TestLeak.exe execution - /home/roman/src/gcc/gcc-3.3-build/m68k-unknown-linux-gnu/libjava/testsuite/TestLeak.exe
FAIL: /home/roman/src/gcc/gcc-3.3-build/m68k-unknown-linux-gnu/libjava/testsuite/TestMultiple.exe execution - /home/roman/src/gcc/gcc-3.3-build/m68k-unknown-linux-gnu/libjava/testsuite/TestMultiple.exe
FAIL: /home/roman/src/gcc/gcc-3.3-build/m68k-unknown-linux-gnu/libjava/testsuite/TestParent.exe execution - /home/roman/src/gcc/gcc-3.3-build/m68k-unknown-linux-gnu/libjava/testsuite/TestParent.exe
=== libjava Summary ===
# of expected passes 2176
# of unexpected failures 115
# of expected failures 12
# of untested testcases 124
=== libstdc++-v3 tests ===
Running target unix
FAIL: 19_diagnostics/stdexceptions.cc execution test
FAIL: 20_util/allocator_members.cc execution test
FAIL: 21_strings/append.cc execution test
FAIL: 21_strings/ctor_copy_dtor.cc execution test
FAIL: 21_strings/element_access.cc execution test
FAIL: 21_strings/insert.cc execution test
FAIL: 21_strings/substr.cc execution test
XPASS: 22_locale/ctype_is_wchar_t.cc execution test
WARNING: program timed out.
FAIL: 22_locale/ctype_scan_wchar_t.cc (test for excess errors)
WARNING: 22_locale/ctype_scan_wchar_t.cc compilation failed to produce executable
WARNING: program timed out.
FAIL: 22_locale/money_get_members_char.cc (test for excess errors)
WARNING: 22_locale/money_get_members_char.cc compilation failed to produce executable
WARNING: program timed out.
FAIL: 22_locale/money_get_members_wchar_t.cc (test for excess errors)
WARNING: 22_locale/money_get_members_wchar_t.cc compilation failed to produce executable
FAIL: 23_containers/bitset_ctor.cc execution test
FAIL: 23_containers/bitset_members.cc execution test
WARNING: program timed out.
FAIL: 23_containers/deque_ctor.cc (test for excess errors)
WARNING: 23_containers/deque_ctor.cc compilation failed to produce executable
FAIL: 23_containers/list_modifiers.cc execution test
FAIL: 23_containers/vector_capacity.cc execution test
FAIL: 23_containers/vector_ctor.cc execution test
FAIL: 23_containers/vector_element_access.cc execution test
FAIL: 23_containers/vector_resize.cc execution test
FAIL: 26_numerics/c99_classification_macros_c.cc (test for excess errors)
WARNING: program timed out.
FAIL: 26_numerics/complex_inserters_extractors.cc (test for excess errors)
WARNING: 26_numerics/complex_inserters_extractors.cc compilation failed to produce executable
FAIL: 27_io/ios_base_storage.cc execution test
FAIL: 27_io/ios_init.cc execution test
FAIL: 27_io/ios_members.cc execution test
WARNING: program timed out.
FAIL: thread/pthread4.cc execution test
WARNING: program timed out.
FAIL: thread/pthread5.cc execution test
WARNING: program timed out.
FAIL: thread/pthread6.cc execution test
=== libstdc++-v3 Summary ===
# of expected passes 415
# of unexpected failures 26
# of unexpected successes 1
# of expected failures 24
Compiler version: 3.3 20030213 (prerelease)
Platform: m68k-unknown-linux-gnu
configure flags: --host=m68k-unknown-linux-gnu --prefix=/usr/local/egcs
Counting all warnings,
there are 35 warnings in stage3 of this bootstrap.
Number of warnings per file:
6 gcc/config/m68k/m68k.md
3 gcc/tlink.c
3 gcc/reload1.c
3 gcc/libgcc2.c
3 gcc/config/m68k/m68k.c
3 /usr/share/bison/bison.simple
2 gcc/f/sta.c
1 gcc/reload.c
1 gcc/regmove.c
1 gcc/ra-rewrite.c
1 gcc/ra-colorize.c
1 gcc/java/jvspec.c
1 gcc/gcc.c
1 gcc/function.c
1 gcc/flow.c
1 gcc/expmed.c
1 gcc/emit-rtl.c
1 gcc/combine.c
1 gcc/collect2.c
Number of warning types:
8 comparison between signed and unsigned
6 \`???' might be used uninitialized in this function
4 source missing a mode?
4 comparison of unsigned expression < 0 is always false
3 label \`???' defined but not used
2 string length \`???' is greater than the length \`???' ISO C89 compilers are required to support
2 operand 1 missing mode?
2 dereferencing type-punned pointer will break strict-aliasing rules
1 unused variable \`???'
1 signed and unsigned type in conditional expression
1 function declaration isn't a prototype
1 \`???' defined but not used