This is the mail archive of the gcc-testresults@gcc.gnu.org mailing list for the GCC project.


Index Nav: [Date Index] [Subject Index] [Author Index] [Thread Index]
Message Nav: [Date Prev] [Date Next] [Thread Prev] [Thread Next]
Other format: [Raw text]

Results for 3.2.2 testsuite on i686-pc-linux-gnu


LAST_UPDATED: 
Native configuration is i686-pc-linux-gnu

		=== g77 tests ===


Running target unix

		=== g77 Summary ===

# of expected passes		1474
/free/shop/build-gcc-3.2.2-i686-pc-linux-gnu/gcc/testsuite/../g77 version 3.2.2

		=== gcc tests ===


Running target unix
FAIL: gcc.dg/format/ext-3.c bad %^# (test for warnings, line 215)
FAIL: gcc.dg/format/ext-3.c (test for excess errors)
FAIL: gcc.dg/format/ext-3.c bad %^# (test for warnings, line 215)
FAIL: gcc.dg/format/ext-3.c (test for excess errors)
UNRESOLVED: weak-1.c
UNRESOLVED: weak-2.c
UNRESOLVED: wkali-1.c
UNRESOLVED: wkali-2.c

		=== gcc Summary ===

# of expected passes		18648
# of unexpected failures	4
# of expected failures		68
# of unresolved testcases	4
# of unsupported tests		44
/free/shop/build-gcc-3.2.2-i686-pc-linux-gnu/gcc/xgcc version 3.2.2

		=== g++ tests ===


Running target unix
FAIL: g++.pt/instantiate4.C (test for excess errors)
FAIL: g++.pt/instantiate6.C (test for excess errors)
FAIL: g++.pt/repo1.C (test for excess errors)
FAIL: g++.pt/repo2.C (test for excess errors)
FAIL: g++.pt/repo3.C (test for excess errors)
FAIL: g++.pt/repo4.C (test for excess errors)

		=== g++ Summary ===

# of expected passes		7362
# of unexpected failures	6
# of expected failures		89
# of untested testcases		9
# of unsupported tests		3
/free/shop/build-gcc-3.2.2-i686-pc-linux-gnu/gcc/testsuite/../g++ version 3.2.2

		=== objc tests ===


Running target unix

		=== objc Summary ===

# of expected passes		1035
# of expected failures		6
/free/shop/build-gcc-3.2.2-i686-pc-linux-gnu/gcc/xgcc version 3.2.2

		=== libjava tests ===


Running target unix

		=== libjava Summary ===

# of expected passes		2061
# of expected failures		18
# of untested testcases		14
		=== libstdc++-v3 tests ===


Running target unix
XPASS: 22_locale/ctype_is_wchar_t.cc execution test
FAIL: 26_numerics/c99_classification_macros_c.cc (test for excess errors)

		=== libstdc++-v3 Summary ===

# of expected passes		432
# of unexpected failures	1
# of unexpected successes	1
# of expected failures		25

Compiler version: 3.2.2 
Platform: i686-pc-linux-gnu
configure flags: --host=i686-pc-linux-gnu --prefix=/export/shop/stow/gcc-3.2.2/i686-pc-linux-gnu --infodir=/export/shop/stow/gcc-3.2.2/info --mandir=/export/shop/stow/gcc-3.2.2/man --datadir=/export/shop/stow/gcc-3.2.2/share --enable-threads=posix --enable-long-long --enable-namespaces --enable-multilib --with-as=/export/shop/stow/binutils-2.13.1/i686-pc-linux-gnu/bin/as --with-ld=/export/shop/stow/binutils-2.13.1/i686-pc-linux-gnu/bin/ld --enable-nls --with-included-gettext


Index Nav: [Date Index] [Subject Index] [Author Index] [Thread Index]
Message Nav: [Date Prev] [Date Next] [Thread Prev] [Thread Next]