This is the mail archive of the gcc-testresults@gcc.gnu.org mailing list for the GCC project.


Index Nav: [Date Index] [Subject Index] [Author Index] [Thread Index]
Message Nav: [Date Prev] [Date Next] [Thread Prev] [Thread Next]
Other format: [Raw text]

Results for 3.3 20030207 (prerelease) testsuite on alpha-unknown-freebsd5.0


Using make with objdir configuration on beast (see key)

Bootstrap failed in libjava; thus partial report
LAST_UPDATED: Fri Feb  7 21:53:28 GMT 2003

Native configuration is alpha-unknown-freebsd5.0

		=== libstdc++-v3 tests ===


Running target unix
FAIL: 18_support/numeric_limits.cc execution test

		=== libstdc++-v3 Summary ===

# of expected passes		417
# of unexpected failures	1
# of expected failures		17
		=== g++ tests ===


Running target unix/-pthread
FAIL: g++.dg/warn/Wunused-2.C  (test for warnings, line 5)
FAIL: g++.dg/tls/init-2.C (test for excess errors)
FAIL: g++.eh/badalloc1.C  Execution test
FAIL: g++.law/profile1.C (test for excess errors)
FAIL: g++.pt/repo3.C (test for excess errors)

		=== g++ Summary ===

# of expected passes		7881
# of unexpected failures	5
# of expected failures		93
# of untested testcases		22
# of unsupported tests		16
/j/ljrittle/gcc-build-beast-0207/gcc/testsuite/../g++ version 3.3 20030207 (prerelease)

		=== g77 tests ===


Running target unix/-pthread

		=== g77 Summary ===

# of expected passes		1644
# of unsupported tests		8
/j/ljrittle/gcc-build-beast-0207/gcc/testsuite/../g77 version 3.3 20030207 (prerelease)

		=== gcc tests ===


Running target unix/-pthread
FAIL: gcc.c-torture/compile/simd-5.c,  -O2  
FAIL: gcc.c-torture/compile/simd-5.c,  -O3 -fomit-frame-pointer  
FAIL: gcc.c-torture/compile/simd-5.c,  -O3 -g  
FAIL: gcc.c-torture/compile/simd-5.c,  -Os  
FAIL: gcc.c-torture/execute/20000605-1.c execution,  -O2 
FAIL: gcc.c-torture/execute/20000605-1.c execution,  -Os 
FAIL: gcc.c-torture/execute/simd-2.c compilation,  -O3 -fomit-frame-pointer 
UNRESOLVED: gcc.c-torture/execute/simd-2.c execution,  -O3 -fomit-frame-pointer 
FAIL: gcc.c-torture/execute/simd-2.c compilation,  -O3 -g 
UNRESOLVED: gcc.c-torture/execute/simd-2.c execution,  -O3 -g 
FAIL: gcc.dg/cpp/Wunused.c (test for excess errors)
FAIL: gcc.dg/cpp/trad/Wunused.c (test for excess errors)
FAIL: gcc.dg/20020607-2.c (test for excess errors)
WARNING: gcc.dg/20020607-2.c compilation failed to produce executable
FAIL: gcc.dg/20021014-1.c (test for excess errors)
WARNING: gcc.dg/20021014-1.c compilation failed to produce executable
FAIL: gcc.dg/duff-2.c (test for excess errors)
FAIL: gcc.dg/fastmath-1.c (test for excess errors)
WARNING: gcc.dg/fastmath-1.c compilation failed to produce executable
FAIL: gcc.dg/fnegate-1.c (test for excess errors)
WARNING: gcc.dg/fnegate-1.c compilation failed to produce executable
FAIL: gcc.dg/nest.c (test for excess errors)
WARNING: gcc.dg/nest.c compilation failed to produce executable

		=== gcc Summary ===

# of expected passes		20641
# of unexpected failures	16
# of expected failures		78
# of unresolved testcases	2
# of unsupported tests		149
/j/ljrittle/gcc-build-beast-0207/gcc/xgcc version 3.3 20030207 (prerelease)

		=== objc tests ===


Running target unix/-pthread

		=== objc Summary ===

# of expected passes		1153
/j/ljrittle/gcc-build-beast-0207/gcc/xgcc version 3.3 20030207 (prerelease)


Compiler version: 3.3 20030207 (prerelease) 
Platform: alpha-unknown-freebsd5.0
configure flags: --host=alpha-unknown-freebsd5.0 --prefix=/home/ljrittle/tmp-beast/install-beast --with-gnu-as --with-as=/usr/bin/as --with-gnu-ld --with-ld=/usr/bin/ld
BOOT_CFLAGS=-g -O2
Key: gmake is GNU make
     make is BSD make as shipped on alpha-unknown-freebsd5.0
     srcdir means in-source configuration was done within the gcc source tree
     objdir means out-source configuration was done within a fresh directory
ref4 (3.3) and ref5 (mainline) attempt to build gcc twice daily;
once for srcdir configuration and once for objdir configuration;
odd number days use GNU make; even days use BSD make; missing
reports infer breakage; partial reports are made when bootstap
completes in gcc but fails in a support library.
beast (3.3) builds gcc once daily using gmake with objdir conf.
See http://people.freebsd.org/~ljrittle/daily-gcc-bootstrap-reports
for all related transcript logs and log.sent files (not staged
until after all daily bootstraps for a machine complete).


Index Nav: [Date Index] [Subject Index] [Author Index] [Thread Index]
Message Nav: [Date Prev] [Date Next] [Thread Prev] [Thread Next]