This is the mail archive of the gcc-testresults@gcc.gnu.org mailing list for the GCC project.


Index Nav: [Date Index] [Subject Index] [Author Index] [Thread Index]
Message Nav: [Date Prev] [Date Next] [Thread Prev] [Thread Next]
Other format: [Raw text]

Results for 3.2.2 testsuite on i686-pc-linux-gnu


Mandrake 9.0 on Athlon:
Kernel: 2.4.19-16mdk with patch for CONFIG_2GB=y

BOOT_CFLAGS="-march=athlon -O2 -fomit-frame-pointer"
configure flags: --prefix=/usr/local/gcc-3.2.2 --host=athlon-pc-linux-gnu --enable-languages=c,c++,objc,f77,java,ada

---------------------------------------------------------------

Native configuration is i686-pc-linux-gnu


		=== libjava tests ===


Running target unix

		=== libjava Summary ===

# of expected passes		2061
# of expected failures		18
# of untested testcases		14
		=== libstdc++-v3 tests ===


Running target unix
XPASS: 22_locale/collate_byname.cc execution test
XPASS: 22_locale/collate_members_char.cc execution test
XPASS: 22_locale/collate_members_wchar_t.cc execution test
XPASS: 22_locale/ctype_is_char.cc execution test
XPASS: 22_locale/ctype_is_wchar_t.cc execution test
XPASS: 22_locale/members.cc execution test
XPASS: 22_locale/money_get_members_char.cc execution test
XPASS: 22_locale/money_get_members_wchar_t.cc execution test
XPASS: 22_locale/money_put_members_char.cc execution test
XPASS: 22_locale/money_put_members_wchar_t.cc execution test
XPASS: 22_locale/moneypunct_byname.cc execution test
XPASS: 22_locale/moneypunct_members_char.cc execution test
XPASS: 22_locale/moneypunct_members_wchar_t.cc execution test
XPASS: 22_locale/num_get_members_char.cc execution test
XPASS: 22_locale/num_get_members_wchar_t.cc execution test
XPASS: 22_locale/num_put_members_char.cc execution test
XPASS: 22_locale/num_put_members_wchar_t.cc execution test
XPASS: 22_locale/numpunct_byname.cc execution test
XPASS: 22_locale/numpunct_members_char.cc execution test
XPASS: 22_locale/numpunct_members_wchar_t.cc execution test
XPASS: 22_locale/time_get_members_char.cc execution test
XPASS: 22_locale/time_get_members_wchar_t.cc execution test
XPASS: 22_locale/time_put_members_char.cc execution test
XPASS: 22_locale/time_put_members_wchar_t.cc execution test
FAIL: 26_numerics/c99_classification_macros_c.cc (test for excess errors)

		=== libstdc++-v3 Summary ===

# of expected passes		432
# of unexpected failures	1
# of unexpected successes	24
# of expected failures		2
		=== g77 tests ===


Running target unix

		=== g77 Summary ===

# of expected passes		1474
/home/gcc/builds/athlon-pc-linux-gnu_gcc-3.2.2_builtwith_installed/gcc/testsuite/../g77 version 3.2.2

		=== gcc tests ===


Running target unix
XPASS: gcc.c-torture/execute/loop-2e.c execution,  -Os
FAIL: gcc.dg/special/gcsec-1.c (test for excess errors)
WARNING: gcc.dg/special/gcsec-1.c compilation failed to produce executable

		=== gcc Summary ===

# of expected passes		18657
# of unexpected failures	1
# of unexpected successes	1
# of expected failures		67
# of unsupported tests		44
/home/gcc/builds/athlon-pc-linux-gnu_gcc-3.2.2_builtwith_installed/gcc/xgcc version 3.2.2

		=== g++ tests ===


Running target unix
FAIL: g++.law/weak.C (test for excess errors)

		=== g++ Summary ===

# of expected passes		7367
# of unexpected failures	1
# of expected failures		89
# of untested testcases		9
# of unsupported tests		3
/home/gcc/builds/athlon-pc-linux-gnu_gcc-3.2.2_builtwith_installed/gcc/testsuite/../g++ version 3.2.2

		=== objc tests ===


Running target unix

		=== objc Summary ===

# of expected passes		1035
# of expected failures		6
/home/gcc/builds/athlon-pc-linux-gnu_gcc-3.2.2_builtwith_installed/gcc/xgcc version 3.2.2


Compiler version: 3.2.2
Platform: i686-pc-linux-gnu
configure flags: --prefix=/usr/local/gcc-3.2.2 --host=athlon-pc-linux-gnu --enable-languages=c,c++,objc,f77,java,ada


Index Nav: [Date Index] [Subject Index] [Author Index] [Thread Index]
Message Nav: [Date Prev] [Date Next] [Thread Prev] [Thread Next]