This is the mail archive of the gcc-testresults@gcc.gnu.org mailing list for the GCC project.


Index Nav: [Date Index] [Subject Index] [Author Index] [Thread Index]
Message Nav: [Date Prev] [Date Next] [Thread Prev] [Thread Next]
Other format: [Raw text]

Results for 3.5-tree-ssa20030202(experimental) testsuite on powerpc-unknown-linux-gnu


LAST_UPDATED: 
Native configuration is powerpc-unknown-linux-gnu

		=== g77 tests ===


Running target unix
FAIL: g77.f-torture/execute/u77-test.f execution,  -O0 
FAIL: g77.f-torture/execute/u77-test.f execution,  -O1 
FAIL: g77.f-torture/execute/u77-test.f execution,  -O2 
FAIL: g77.f-torture/execute/u77-test.f execution,  -O3 -fomit-frame-pointer 
FAIL: g77.f-torture/execute/u77-test.f execution,  -O3 -fomit-frame-pointer -funroll-loops 
FAIL: g77.f-torture/execute/u77-test.f execution,  -O3 -fomit-frame-pointer -funroll-all-loops -finline-functions 
FAIL: g77.f-torture/execute/u77-test.f execution,  -O3 -g 
FAIL: g77.f-torture/execute/u77-test.f execution,  -Os 

		=== g77 Summary ===

# of expected passes		1636
# of unexpected failures	8
# of unsupported tests		8
/home/toon/gcc-g95/obj/gcc/testsuite/../g77 version 3.5-tree-ssa 20030202 (experimental)

		=== g95 tests ===


Running target unix
FAIL: g95.f95-torture/execute/character_select_1.f90 compilation,  -O0 
FAIL: g95.f95-torture/execute/character_select_1.f90 compilation,  -O1 
FAIL: g95.f95-torture/execute/character_select_1.f90 compilation,  -O2 
FAIL: g95.f95-torture/execute/character_select_1.f90 compilation,  -O2 -fomit-frame-pointer -finline-functions 
FAIL: g95.f95-torture/execute/character_select_1.f90 compilation,  -O2 -fomit-frame-pointer -finline-functions -funroll-loops 
FAIL: g95.f95-torture/execute/character_select_1.f90 compilation,  -O2 -fomit-frame-pointer -finline-functions -funroll-all-loops 
FAIL: g95.f95-torture/execute/character_select_1.f90 compilation,  -O3 -g 
FAIL: g95.f95-torture/execute/character_select_1.f90 compilation,  -Os 
FAIL: g95.f95-torture/execute/intrinsic_present.f90 execution,  -O0 

		=== g95 Summary ===

# of expected passes		935
# of unexpected failures	9
# of untested testcases		8
/home/toon/gcc-g95/obj/gcc/testsuite/../g95 version 3.5-tree-ssa 20030202 (experimental)

		=== gcc tests ===


Running target unix
FAIL: gcc.c-torture/compile/20001226-1.c,  -O2 -ftree-dce  
FAIL: gcc.c-torture/compile/20001226-1.c,  -O3 -fomit-frame-pointer -ftree-dce  
FAIL: gcc.c-torture/compile/20001226-1.c,  -O3 -g -ftree-dce  
FAIL: gcc.c-torture/compile/20001226-1.c,  -Os -ftree-dce  
FAIL: gcc.c-torture/execute/20000603-1.c execution,  -O3 -fomit-frame-pointer -ftree-dce 
FAIL: gcc.c-torture/execute/20000603-1.c execution,  -O3 -g -ftree-dce 
FAIL: gcc.c-torture/execute/20020412-1.c execution,  -O1 -ftree-dce 
FAIL: gcc.c-torture/execute/20020412-1.c execution,  -O2 -ftree-dce 
FAIL: gcc.c-torture/execute/20020412-1.c execution,  -O3 -fomit-frame-pointer -ftree-dce 
FAIL: gcc.c-torture/execute/20020412-1.c execution,  -O3 -fomit-frame-pointer -funroll-loops -ftree-dce 
FAIL: gcc.c-torture/execute/20020412-1.c execution,  -O3 -fomit-frame-pointer -funroll-all-loops -finline-functions -ftree-dce 
FAIL: gcc.c-torture/execute/20020412-1.c execution,  -O3 -g -ftree-dce 
FAIL: gcc.c-torture/execute/20020412-1.c execution,  -Os -ftree-dce 
FAIL: gcc.c-torture/execute/20030125-1.c execution,  -O1 -ftree-dce 
FAIL: gcc.c-torture/execute/20030125-1.c execution,  -O2 -ftree-dce 
FAIL: gcc.c-torture/execute/20030125-1.c execution,  -O3 -fomit-frame-pointer -ftree-dce 
FAIL: gcc.c-torture/execute/20030125-1.c execution,  -O3 -g -ftree-dce 
FAIL: gcc.c-torture/execute/20030125-1.c execution,  -Os -ftree-dce 
FAIL: gcc.dg/20020103-1.c scan-assembler-not LC
FAIL: gcc.dg/20020118-1.c execution test
FAIL: gcc.dg/20020304-1.c (test for excess errors)
FAIL: gcc.dg/Wswitch-2.c enum e4 (test for warnings, line 20)
FAIL: gcc.dg/Wswitch-2.c enum e1 (test for warnings, line 29)
FAIL: gcc.dg/Wswitch-default.c  (test for warnings, line 14)
FAIL: gcc.dg/Wswitch-default.c  (test for warnings, line 22)
FAIL: gcc.dg/Wswitch-default.c  (test for warnings, line 31)
FAIL: gcc.dg/Wswitch-default.c  (test for warnings, line 41)
FAIL: gcc.dg/Wswitch-default.c  (test for warnings, line 53)
FAIL: gcc.dg/Wswitch-default.c (test for excess errors)
FAIL: gcc.dg/Wswitch-enum.c enum e1 (test for warnings, line 23)
FAIL: gcc.dg/Wswitch-enum.c enum e2 (test for warnings, line 23)
FAIL: gcc.dg/Wswitch-enum.c enum e1 (test for warnings, line 28)
FAIL: gcc.dg/Wswitch-enum.c enum e2 (test for warnings, line 28)
FAIL: gcc.dg/Wswitch-enum.c enum e2 (test for warnings, line 32)
FAIL: gcc.dg/Wswitch-enum.c enum e2 (test for warnings, line 37)
FAIL: gcc.dg/Wswitch-enum.c excess 3 (test for warnings, line 54)
FAIL: gcc.dg/Wswitch-enum.c excess 3 (test for warnings, line 61)
FAIL: gcc.dg/Wswitch.c enum e1 (test for warnings, line 23)
FAIL: gcc.dg/Wswitch.c enum e2 (test for warnings, line 23)
FAIL: gcc.dg/Wswitch.c enum e2 (test for warnings, line 32)
FAIL: gcc.dg/Wswitch.c excess 3 (test for warnings, line 54)
FAIL: gcc.dg/Wunreachable-1.c  (test for warnings, line 21)
FAIL: gcc.dg/altivec-5.c (test for excess errors)
FAIL: gcc.dg/c99-intconst-1.c (test for excess errors)
FAIL: gcc.dg/doloop-1.c scan-assembler bdnz
FAIL: gcc.dg/noreturn-1.c detect noreturn candidate (test for warnings, line 31)
FAIL: gcc.dg/noreturn-1.c detect return from noreturn (test for warnings, line 38)
FAIL: gcc.dg/noreturn-1.c detect return from tail call (test for warnings, line 59)
FAIL: gcc.dg/noreturn-1.c (test for excess errors)
FAIL: gcc.dg/noreturn-4.c warn for main (test for warnings, line 10)
FAIL: gcc.dg/noreturn-4.c (test for excess errors)
FAIL: gcc.dg/old-style-asm-1.c scan-assembler L2
XPASS: gcc.dg/uninit-4.c uninitialized variable warning (test for bogus messages, line 26)
XPASS: gcc.dg/uninit-5.c uninitialized variable warning (test for bogus messages, line 13)
XPASS: gcc.dg/uninit-5.c uninitialized variable warning (test for bogus messages, line 27)
FAIL: gcc.dg/warn-1.c  (test for warnings, line 8)
FAIL: gcc.dg/warn-1.c  (test for warnings, line 15)
FAIL: gcc.dg/warn-1.c (test for excess errors)
FAIL: 165: expected branch percentages not found: 11
FAIL: gcc.misc-tests/gcov-4b.c gcov: 0 failures in line counts, 1 in branch percentages, 0 in return percentages

		=== gcc Summary ===

# of expected passes		21208
# of unexpected failures	57
# of unexpected successes	3
# of expected failures		59
# of unsupported tests		160
/home/toon/gcc-g95/obj/gcc/xgcc version 3.5-tree-ssa 20030202 (experimental)


Compiler version: 3.5-tree-ssa20030202(experimental) 
Platform: powerpc-unknown-linux-gnu
configure flags: --prefix=/home/toon/gcc-g95/install --disable-nls --disable-multilib --enable-languages=f77,f95 --with-libbanshee


Index Nav: [Date Index] [Subject Index] [Author Index] [Thread Index]
Message Nav: [Date Prev] [Date Next] [Thread Prev] [Thread Next]