This is the mail archive of the gcc-testresults@gcc.gnu.org mailing list for the GCC project.


Index Nav: [Date Index] [Subject Index] [Author Index] [Thread Index]
Message Nav: [Date Prev] [Date Next] [Thread Prev] [Thread Next]
Other format: [Raw text]

Results for 3.4 20030205 (experimental) testsuite on i486-suse-linux-gnu


LAST_UPDATED: Wed Feb  5 23:18:15 UTC 2003

Native configuration is i486-suse-linux-gnu

		=== g++ tests ===


Running target unix
FAIL: g++.dg/warn/Wunused-2.C  (test for warnings, line 5)
FAIL: pch/system-1.C -g assembly comparison
FAIL: pch/system-1.C -O2 -g assembly comparison
XPASS: g++.other/init5.C  Execution test

		=== g++ Summary ===

# of expected passes		8280
# of unexpected failures	3
# of unexpected successes	1
# of expected failures		69
# of untested testcases		9
# of unsupported tests		3
/local/gccbuild/gcc/testsuite/../g++ version 3.4 20030205 (experimental)

		=== g77 tests ===


Running target unix

		=== g77 Summary ===

# of expected passes		1644
# of unsupported tests		8
/local/gccbuild/gcc/testsuite/../g77 version 3.4 20030205 (experimental)

		=== gcc tests ===


Running target unix
FAIL: gcc.dg/duff-2.c (test for excess errors)
FAIL: gcc.dg/uninit-C.c (test for excess errors)
FAIL: gcc.dg/pch/inline-1.c (test for excess errors)

		=== gcc Summary ===

# of expected passes		21456
# of unexpected failures	3
# of expected failures		64
# of untested testcases		1
# of unsupported tests		80
/local/gccbuild/gcc/xgcc version 3.4 20030205 (experimental)

		=== objc tests ===


Running target unix

		=== objc Summary ===

# of expected passes		1153
/local/gccbuild/gcc/xgcc version 3.4 20030205 (experimental)

		=== libstdc++-v3 tests ===


Running target unix
FAIL: 24_iterators/iterator.cc execution test

		=== libstdc++-v3 Summary ===

# of expected passes		969
# of unexpected failures	1
# of expected failures		3

Compiler version: 3.4 20030205 (experimental) 
Platform: i486-suse-linux-gnu
configure flags: --enable-threads=posix --prefix=/opt/Pkg/Linux/i686/gcc34 --enable-languages=c,c++,f77,objc --disable-libgcj --with-gxx-include-dir=/opt/Pkg/Linux/i686/gcc34/include/g++ --with-system-zlib --enable-shared --enable-__cxa_atexit i486-suse-linux


Index Nav: [Date Index] [Subject Index] [Author Index] [Thread Index]
Message Nav: [Date Prev] [Date Next] [Thread Prev] [Thread Next]