This is the mail archive of the gcc-testresults@gcc.gnu.org mailing list for the GCC project.


Index Nav: [Date Index] [Subject Index] [Author Index] [Thread Index]
Message Nav: [Date Prev] [Date Next] [Thread Prev] [Thread Next]
Other format: [Raw text]

Results for 3.2.2 testsuite on i386-pc-linux-gnu


LAST_UPDATED: 
Native configuration is i386-pc-linux-gnu

		=== g++ tests ===


Running target unix

		=== g++ Summary ===

# of expected passes		7368
# of expected failures		89
# of untested testcases		9
# of unsupported tests		3
/home/rmurray/debian/gcc-3.2-3.2.2ds8/build/gcc/testsuite/../g++ version 3.2.2

		=== g77 tests ===


Running target unix

		=== g77 Summary ===

# of expected passes		1458
# of unsupported tests		8
/home/rmurray/debian/gcc-3.2-3.2.2ds8/build/gcc/testsuite/../g77 version 3.2.2

		=== gcc tests ===


Running target unix

		=== gcc Summary ===

# of expected passes		18661
# of expected failures		68
# of unsupported tests		43
/home/rmurray/debian/gcc-3.2-3.2.2ds8/build/gcc/xgcc version 3.2.2

		=== objc tests ===


Running target unix

		=== objc Summary ===

# of expected passes		1035
# of expected failures		6
/home/rmurray/debian/gcc-3.2-3.2.2ds8/build/gcc/xgcc version 3.2.2

		=== libjava tests ===


Running target unix

		=== libjava Summary ===

# of expected passes		2061
# of expected failures		18
# of untested testcases		14
		=== libstdc++-v3 tests ===


Running target unix
XPASS: 22_locale/ctype_is_wchar_t.cc execution test
FAIL: 26_numerics/c99_classification_macros_c.cc (test for excess errors)

		=== libstdc++-v3 Summary ===

# of expected passes		432
# of unexpected failures	1
# of unexpected successes	1
# of expected failures		25

Compiler version: 3.2.2 
Platform: i386-pc-linux-gnu
configure flags: --host=i386-linux -v --enable-languages=c,c++,java,f77,proto,pascal,objc,ada --prefix=/usr --mandir=/usr/share/man --infodir=/usr/share/info --with-gxx-include-dir=/usr/include/c++/3.2 --enable-shared --with-system-zlib --enable-nls --without-included-gettext --disable-__cxa_atexit --enable-java-gc=boehm --enable-objc-gc
BOOT_CFLAGS=-O2 

Patches that Debian applied in this version:

gcc-names:
  versioned gcc names

gcc-version:
  Add "(Debian)" to the gcc version string

fastjar-doc:
  Add fastjar(1) and grepjar(1) documentation

libstdc++-incdir:
  Propagate gxx_include_dir to the libstdc++ subdirectory.

libstdc++-codecvt:
  libstdc++-v3/include/bits/codecvt_specializations.h: add missing qualifiers

libstdc++-pic:
  Build and install libstdc++_pic.a library.

libstdc++-doclink:
  link local libstdc++ documentation to local source-level documentation 

gcj-debian-policy:
  add /usr/share/java/repository to the classpath.

gcj-names:
  versioned gcj info names

gcj-without-rpath:
  don't define runtime link path for java binaries and libraries

gcj-manpage:
  Fix typo in gcj documentation.

gij-classpath:
  Add -cp and -classpath options for gij(1).

backport-java-6865:
  2002-06-09  Tom Tromey  <tromey@redhat.com>
  
  	* parse.y (method_header): Give error message in all cases.
  	Fixes PR java/6865.

libffi-install:
  Allows libffi to be installed

deb-protoize:
  build protoize/unprotoize by default

libobjc:
  Find header file for Boehm garbage collector.

g77-names:
  versioned g77 names

ada-missing-lib:
  Diable usage auf addr2line library (currently not packaged for Debian)

ada-link-lib:
  - Install the shared Ada libraries as '.so.1', not '.so' to conform
  to the Debian policy.
  - Don't include a runtime link path (-rpath), when linking binaries.

ada-gcc-name:
  use gcc-3.2 instead of gcc and gnatXXX-3.15 instead of gnatXXX
  as the command names.

gpc-3.x:
  The gpc patch from the gpc tarball.

gpc-names:
  versioned gpc names

gpc-update:

gpc-testsuite:
  Log the gpc test results

libgpc-shared:
  build shared libgpc (pascal runtime library)

reporting:
  <compiler> --help gives hint to /usr/share/doc/debian/bug-reporting.txt

autoreconf:
  autoreconf several directories for proper mipsen libtool support

Counting all warnings,
there are 313 warnings in stage3 of this bootstrap.

Number of warnings per file:
    223	SYSCALLS.c
     23	gcc/combine.c
     16	gcc/p/lang-specs.h
     10	gcc/regclass.c
      4	gcc/p/gpc.c
      4	gcc/gcc.c
      4	gcc/fold-const.c
      4	./intdoc.texi
      2	gcc/objc/lang-specs.h
      2	gcc/function.c
      2	gcc/expr.c
      2	gcc/emit-rtl.c
      2	gcc/crtstuff.c
      2	gcc/cp/lang-specs.h
      2	gcc/ada/a-except.adb
      1	multilib.h
      1	gcc/sched-deps.c
      1	gcc/reload.c
      1	gcc/profile.c
      1	gcc/p/gpc-decl.c
      1	gcc/java/jvspec.c
      1	gcc/cp/init.c
      1	gcc/cp/class.c
      1	gcc/config/i386/i386.c
      1	gcc/calls.c
      1	gcc/ada/adaint.c

Number of warning types:
    225	function declaration isn't a prototype
     37	comparison between signed and unsigned
     15	string length `???' is greater than the length `???' ISO C89 compilers are required to support
     14	traditional C rejects string concatenation
      6	signed and unsigned type in conditional expression
      4	unused variable `???'
      4	`???' defined but not used
      2	unlikely character ) in @var.
      2	unlikely character ( in @var.
      2	`???' might be used uninitialized in this function
      1	unused parameter `???'
      1	pointer targets in passing arg ??? of `???' differ in signedness


Index Nav: [Date Index] [Subject Index] [Author Index] [Thread Index]
Message Nav: [Date Prev] [Date Next] [Thread Prev] [Thread Next]