This is the mail archive of the
gcc-testresults@gcc.gnu.org
mailing list for the GCC project.
Results for 3.4 20030204 (experimental) testsuite on alphaev6-unknown-linux-gnu
- From: Brad Lucier <lucier at popov dot math dot purdue dot edu>
- To: gcc-testresults at gcc dot gnu dot org
- Date: Mon, 3 Feb 2003 22:46:41 -0500
- Subject: Results for 3.4 20030204 (experimental) testsuite on alphaev6-unknown-linux-gnu
LAST_UPDATED: Tue Feb 4 00:42:47 UTC 2003
Native configuration is alphaev6-unknown-linux-gnu
=== libjava tests ===
Running target unix
FAIL: PR1343 compilation from bytecode
FAIL: PR1343 -O compilation from bytecode
WARNING: program timed out.
FAIL: SyncTest execution - gij test
WARNING: program timed out.
FAIL: SyncTest execution - bytecode->native test
WARNING: program timed out.
FAIL: SyncTest execution - gij test
WARNING: program timed out.
FAIL: SyncTest -O execution - bytecode->native test
FAIL: Thread_Interrupt output - source compiled test
FAIL: Thread_Interrupt output - gij test
FAIL: Thread_Interrupt output - bytecode->native test
FAIL: Thread_Interrupt -O output - source compiled test
FAIL: Thread_Interrupt -O output - bytecode->native test
FAIL: initexc execution - gij test
FAIL: initexc execution - gij test
=== libjava Summary ===
# of expected passes 2906
# of unexpected failures 13
# of expected failures 16
# of untested testcases 18
=== libstdc++-v3 tests ===
Running target unix
FAIL: 22_locale/collate/transform/char/2.cc execution test
FAIL: 22_locale/collate/transform/char/wrapped_env.cc execution test
FAIL: 22_locale/collate/transform/char/wrapped_locale.cc execution test
FAIL: 22_locale/collate/transform/wchar_t/2.cc execution test
FAIL: 22_locale/collate/transform/wchar_t/wrapped_env.cc execution test
FAIL: 22_locale/collate/transform/wchar_t/wrapped_locale.cc execution test
FAIL: 22_locale/collate_byname/1.cc execution test
FAIL: 26_numerics/fabs_inline.cc (test for excess errors)
WARNING: 26_numerics/fabs_inline.cc compilation failed to produce executable
FAIL: 26_numerics/valarray_name_lookup.cc (test for excess errors)
=== libstdc++-v3 Summary ===
# of expected passes 960
# of unexpected failures 9
# of expected failures 3
=== g77 tests ===
Running target unix
FAIL: g77.dg/f77-edit-s-out.f (test for excess errors)
WARNING: g77.dg/f77-edit-s-out.f compilation failed to produce executable
FAIL: g77.dg/f77-edit-slash-out.f (test for excess errors)
WARNING: g77.dg/f77-edit-slash-out.f compilation failed to produce executable
FAIL: g77.dg/f77-edit-t-in.f (test for excess errors)
WARNING: g77.dg/f77-edit-t-in.f compilation failed to produce executable
FAIL: g77.dg/fbackslash.f (test for excess errors)
WARNING: g77.dg/fbackslash.f compilation failed to produce executable
FAIL: g77.dg/fcase-preserve.f (test for excess errors)
WARNING: g77.dg/fcase-preserve.f compilation failed to produce executable
FAIL: g77.f-torture/noncompile/check0.f
=== g77 Summary ===
# of expected passes 1631
# of unexpected failures 6
# of unsupported tests 8
/export/home/lucier/programs/gcc/objdir/gcc/testsuite/../g77 version 3.4 20030204 (experimental)
=== gcc tests ===
Running target unix
FAIL: gcc.c-torture/compile/20000606-1.c, -O0
WARNING: program timed out.
FAIL: gcc.c-torture/compile/20001226-1.c, -O3 -g
FAIL: gcc.c-torture/compile/labels-3.c, -O0
FAIL: gcc.c-torture/compile/labels-3.c, -O1
FAIL: gcc.c-torture/compile/labels-3.c, -O2
FAIL: gcc.c-torture/compile/labels-3.c, -O3 -fomit-frame-pointer
FAIL: gcc.c-torture/compile/labels-3.c, -O3 -g
FAIL: gcc.c-torture/compile/labels-3.c, -Os
FAIL: gcc.c-torture/execute/20030125-1.c execution, -O1
FAIL: gcc.c-torture/execute/20030125-1.c execution, -O2
FAIL: gcc.c-torture/execute/20030125-1.c execution, -O3 -fomit-frame-pointer
FAIL: gcc.c-torture/execute/20030125-1.c execution, -O3 -g
FAIL: gcc.c-torture/execute/20030125-1.c execution, -Os
FAIL: gcc.c-torture/execute/builtin-bitops-1.c compilation, -O0
UNRESOLVED: gcc.c-torture/execute/builtin-bitops-1.c execution, -O0
FAIL: gcc.c-torture/execute/builtin-bitops-1.c compilation, -O1
UNRESOLVED: gcc.c-torture/execute/builtin-bitops-1.c execution, -O1
FAIL: gcc.c-torture/execute/builtin-bitops-1.c compilation, -O2
UNRESOLVED: gcc.c-torture/execute/builtin-bitops-1.c execution, -O2
FAIL: gcc.c-torture/execute/builtin-bitops-1.c compilation, -O3 -fomit-frame-pointer
UNRESOLVED: gcc.c-torture/execute/builtin-bitops-1.c execution, -O3 -fomit-frame-pointer
FAIL: gcc.c-torture/execute/builtin-bitops-1.c compilation, -O3 -fomit-frame-pointer -funroll-loops
UNRESOLVED: gcc.c-torture/execute/builtin-bitops-1.c execution, -O3 -fomit-frame-pointer -funroll-loops
FAIL: gcc.c-torture/execute/builtin-bitops-1.c compilation, -O3 -fomit-frame-pointer -funroll-all-loops -finline-functions
UNRESOLVED: gcc.c-torture/execute/builtin-bitops-1.c execution, -O3 -fomit-frame-pointer -funroll-all-loops -finline-functions
FAIL: gcc.c-torture/execute/builtin-bitops-1.c compilation, -O3 -g
UNRESOLVED: gcc.c-torture/execute/builtin-bitops-1.c execution, -O3 -g
FAIL: gcc.c-torture/execute/builtin-bitops-1.c compilation, -Os
UNRESOLVED: gcc.c-torture/execute/builtin-bitops-1.c execution, -Os
FAIL: gcc.dg/duff-2.c (test for excess errors)
FAIL: gcc.dg/format/ext-3.c bad %_0 (test for warnings, line 213)
FAIL: gcc.dg/format/ext-3.c bad %^# (test for warnings, line 215)
FAIL: gcc.dg/format/ext-3.c (test for excess errors)
FAIL: gcc.dg/pch/inline-1.c (test for excess errors)
=== gcc Summary ===
# of expected passes 21610
# of unexpected failures 26
# of expected failures 73
# of unresolved testcases 8
# of untested testcases 1
# of unsupported tests 169
/export/home/lucier/programs/gcc/objdir/gcc/xgcc version 3.4 20030204 (experimental)
=== g++ tests ===
Running target unix
FAIL: g++.dg/warn/Wunused-2.C (test for warnings, line 5)
FAIL: pch/system-1.C -g assembly comparison
FAIL: pch/system-1.C -O2 -g assembly comparison
FAIL: g++.oliva/template1.C instantiated from here (test for errors, line 15)
=== g++ Summary ===
# of expected passes 8216
# of unexpected failures 4
# of expected failures 69
# of untested testcases 22
# of unsupported tests 17
/export/home/lucier/programs/gcc/objdir/gcc/testsuite/../g++ version 3.4 20030204 (experimental)
=== objc tests ===
Running target unix
=== objc Summary ===
# of expected passes 1153
/export/home/lucier/programs/gcc/objdir/gcc/xgcc version 3.4 20030204 (experimental)
Compiler version: 3.4 20030204 (experimental)
Platform: alphaev6-unknown-linux-gnu
configure flags: --prefix=/usr/local/gcc-3.4 --disable-checking
Counting all warnings,
there are 13 warnings in stage3 of this bootstrap.
Number of warnings per file:
6 gcc/crtstuff.c
2 lib/bison.simple
2 gcc/f/sta.c
1 insn-conditions.c
1 gcc/java/jvspec.c
1 gcc/gcc.c
Number of warning types:
6 passing arg ??? of \`???' discards qualifiers from pointer target type
3 string length \`???' is greater than the length \`???' ISO C89 compilers are required to support
2 dereferencing type-punned pointer will break strict-aliasing rules
2 comparison between signed and unsigned