This is the mail archive of the
gcc-testresults@gcc.gnu.org
mailing list for the GCC project.
Results for 3.3 20030202 (prerelease) testsuite on sparc-sun-solaris2.8
- From: Robert Schiele <schiele at pi3 dot informatik dot uni-mannheim dot de>
- To: gcc-testresults at gcc dot gnu dot org
- Date: Mon, 3 Feb 2003 08:57:48 +0100 (MET)
- Subject: Results for 3.3 20030202 (prerelease) testsuite on sparc-sun-solaris2.8
LAST_UPDATED: Sun Feb 2 23:21:37 UTC 2003
Native configuration is sparc-sun-solaris2.8
=== g++ tests ===
Running target unix
FAIL: g++.dg/compat/break/bitfield7 y_tst.o compile
UNRESOLVED: g++.dg/compat/break/bitfield7 x_tst.o-y_tst.o link
UNRESOLVED: g++.dg/compat/break/bitfield7 x_tst.o-y_tst.o execute
FAIL: g++.dg/opt/vtgc1.C scan-assembler-dem .vtable_inherit[ ]*vtable for Multivv3.*0
FAIL: g++.dg/opt/vtgc1.C scan-assembler-dem .vtable_inherit[ ]*VTT for Multivv3.*0
FAIL: g++.dg/opt/vtgc1.C scan-assembler-dem .vtable_inherit[ ]*vtable for Multiss2.*vtable for Base2
FAIL: g++.dg/opt/vtgc1.C scan-assembler-dem .vtable_inherit[ ]*vtable for Multivs1.*vtable for Base2
FAIL: g++.dg/opt/vtgc1.C scan-assembler-dem .vtable_inherit[ ]*VTT for Multivs1.*vtable for Base2
FAIL: g++.dg/opt/vtgc1.C scan-assembler-dem .vtable_inherit[ ]*vtable for Multisv0.*vtable for Side0
FAIL: g++.dg/opt/vtgc1.C scan-assembler-dem .vtable_inherit[ ]*VTT for Multisv0.*vtable for Side0
FAIL: g++.dg/opt/vtgc1.C scan-assembler-dem .vtable_inherit[ ]*vtable for Side0.*0
FAIL: g++.dg/opt/vtgc1.C scan-assembler-dem .vtable_inherit[ ]*vtable for VbasedA.*0
FAIL: g++.dg/opt/vtgc1.C scan-assembler-dem .vtable_inherit[ ]*VTT for VbasedA.*0
FAIL: g++.dg/opt/vtgc1.C scan-assembler-dem .vtable_inherit[ ]*vtable for Base2.*vtable for Base1
FAIL: g++.dg/opt/vtgc1.C scan-assembler-dem .vtable_inherit[ ]*vtable for Base1.*vtable for Base0
FAIL: g++.dg/opt/vtgc1.C scan-assembler-dem .vtable_inherit[ ]*vtable for Base0.*0
FAIL: g++.dg/warn/Wunused-2.C (test for warnings, line 5)
=== g++ Summary ===
# of expected passes 7846
# of unexpected failures 15
# of expected failures 94
# of unresolved testcases 2
# of untested testcases 21
# of unsupported tests 15
/export/gccbuild/gcc/testsuite/../g++ version 3.3 20030202 (prerelease)
=== g77 tests ===
Running target unix
=== g77 Summary ===
# of expected passes 1644
# of unsupported tests 8
/export/gccbuild/gcc/testsuite/../g77 version 3.3 20030202 (prerelease)
=== gcc tests ===
Running target unix
WARNING: program timed out.
FAIL: gcc.c-torture/compile/20001226-1.c, -O3 -g
WARNING: gcc.dg/20021014-1.c compilation failed to produce executable
FAIL: gcc.dg/duff-2.c (test for excess errors)
=== gcc Summary ===
# of expected passes 20623
# of unexpected failures 2
# of expected failures 67
# of unsupported tests 153
/export/gccbuild/gcc/xgcc version 3.3 20030202 (prerelease)
=== objc tests ===
Running target unix
=== objc Summary ===
# of expected passes 1153
/export/gccbuild/gcc/xgcc version 3.3 20030202 (prerelease)
=== libstdc++-v3 tests ===
Running target unix
WARNING: program timed out.
FAIL: thread/pthread4.cc execution test
=== libstdc++-v3 Summary ===
# of expected passes 414
# of unexpected failures 1
# of expected failures 18
Compiler version: 3.3 20030202 (prerelease)
Platform: sparc-sun-solaris2.8
configure flags: --host=sparc-sun-solaris2.8 --enable-threads=posix --prefix=/opt/Pkg/SunOS/gcc33 --enable-languages=c,c++,f77,objc --disable-libgcj --with-gxx-include-dir=/opt/Pkg/SunOS/gcc33/include/g++ --with-system-zlib --enable-shared