This is the mail archive of the gcc-testresults@gcc.gnu.org mailing list for the GCC project.


Index Nav: [Date Index] [Subject Index] [Author Index] [Thread Index]
Message Nav: [Date Prev] [Date Next] [Thread Prev] [Thread Next]
Other format: [Raw text]

Results for 3.4 20021231 (experimental) testsuite on i686-pc-linux-gnu


Native configuration is i686-pc-linux-gnu

		=== g77 tests ===


Running target unix

		=== g77 Summary ===

# of expected passes		1654
/home/gates/pinskia/src/gnu/gcc/src/objdir.linux/gcc/testsuite/../g77 version 3.4 20021231 (experimental)

		=== gcc tests ===


Running target unix
FAIL: gcc.c-torture/execute/20020201-1.c execution,  -O3 -g 
FAIL: gcc.c-torture/execute/builtin-constant.c execution,  -O1 
FAIL: gcc.c-torture/execute/builtin-constant.c execution,  -O2 
FAIL: gcc.c-torture/execute/builtin-constant.c execution,  -O3 -fomit-frame-pointer 
FAIL: gcc.c-torture/execute/builtin-constant.c execution,  -O3 -g 
FAIL: gcc.c-torture/execute/builtin-constant.c execution,  -Os 
FAIL: gcc.dg/duff-2.c (test for excess errors)

		=== gcc Summary ===

# of expected passes		21300
# of unexpected failures	7
# of expected failures		64
# of unsupported tests		76
/home/gates/pinskia/src/gnu/gcc/src/objdir.linux/gcc/xgcc version 3.4 20021231 (experimental)

		=== g++ tests ===


Running target unix
FAIL: g++.dg/warn/Wunused-2.C  (test for warnings, line 5)
FAIL: g++.dg/tls/init-2.C (test for excess errors)
XPASS: g++.bugs/900404_04.C , (test for errors, line 15)
XPASS: g++.jason/access8.C cannot convert to inh (test for errors, line 28)
XPASS: g++.jason/ambig3.C - late parsing (test for bogus messages, line 12)
XPASS: g++.jason/ambig3.C - late parsing (test for bogus messages, line 14)
XPASS: g++.other/access6.C - private - (test for bogus messages, line 9)
XPASS: g++.other/access6.C - redeclared - (test for bogus messages, line 11)
XPASS: g++.other/access6.C - private - (test for bogus messages, line 14)
XPASS: g++.other/decl1.C (test for excess errors)
XPASS: g++.other/decl5.C ::Q not a member of B (test for errors, line 34)
XPASS: g++.other/init5.C  Execution test
XPASS: g++.pt/typename12.C (test for excess errors)
XPASS: g++.pt/typename12.C  Execution test

		=== g++ Summary ===

# of expected passes		8112
# of unexpected failures	2
# of unexpected successes	12
# of expected failures		71
# of untested testcases		9
# of unsupported tests		3
/home/gates/pinskia/src/gnu/gcc/src/objdir.linux/gcc/testsuite/../g++ version 3.4 20021231 (experimental)

		=== objc tests ===


Running target unix

		=== objc Summary ===

# of expected passes		1153
/home/gates/pinskia/src/gnu/gcc/src/objdir.linux/gcc/xgcc version 3.4 20021231 (experimental)

		=== libjava tests ===


Running target unix
FAIL: PR1343 compilation from bytecode
FAIL: PR1343 -O compilation from bytecode
WARNING: program timed out.
FAIL: SyncTest execution - gij test
WARNING: program timed out.
FAIL: SyncTest execution - gij test
FAIL: pr8823 compilation from bytecode
FAIL: pr8823 -O compilation from bytecode
FAIL: Mauve build

		=== libjava Summary ===

# of expected passes		2904
# of unexpected failures	7
# of expected failures		14
# of untested testcases		14
		=== libstdc++-v3 tests ===


Running target unix
XPASS: 22_locale/ctype_is_wchar_t.cc execution test
FAIL: 26_numerics/c99_classification_macros_c.cc (test for excess errors)

		=== libstdc++-v3 Summary ===

# of expected passes		419
# of unexpected failures	1
# of unexpected successes	1
# of expected failures		26

Compiler version: 3.4 20021231 (experimental) 
Platform: i686-pc-linux-gnu


Index Nav: [Date Index] [Subject Index] [Author Index] [Thread Index]
Message Nav: [Date Prev] [Date Next] [Thread Prev] [Thread Next]