This is the mail archive of the gcc-testresults@gcc.gnu.org mailing list for the GCC project.


Index Nav: [Date Index] [Subject Index] [Author Index] [Thread Index]
Message Nav: [Date Prev] [Date Next] [Thread Prev] [Thread Next]
Other format: [Raw text]

Results for 3.420021230(experimental) testsuite on i686-pc-linux-gnu


The configure/build/test log and libstdc++-v3 regression plots can be
found at http://www.devphil.com/build/

Host was specified as athlon_mp-pc-linux-gnu.

This particular run used standard (previously installed) binutils.

- The Autocrasher (Phil's Builder Bot, version 1.1)



Native configuration is i686-pc-linux-gnu

		=== libstdc++-v3 tests ===


Running target unix
XPASS: 22_locale/collate_byname.cc execution test
XPASS: 22_locale/collate_members_char.cc execution test
XPASS: 22_locale/collate_members_wchar_t.cc execution test
XPASS: 22_locale/ctype_is_char.cc execution test
XPASS: 22_locale/ctype_is_wchar_t.cc execution test
XPASS: 22_locale/members.cc execution test
XPASS: 22_locale/money_get_members_char.cc execution test
XPASS: 22_locale/money_get_members_wchar_t.cc execution test
XPASS: 22_locale/money_put_members_char.cc execution test
XPASS: 22_locale/money_put_members_wchar_t.cc execution test
XPASS: 22_locale/moneypunct_byname.cc execution test
XPASS: 22_locale/moneypunct_members_char.cc execution test
XPASS: 22_locale/moneypunct_members_wchar_t.cc execution test
XPASS: 22_locale/num_get_members_char.cc execution test
XPASS: 22_locale/num_get_members_wchar_t.cc execution test
XPASS: 22_locale/num_put_members_char.cc execution test
XPASS: 22_locale/num_put_members_wchar_t.cc execution test
XPASS: 22_locale/numpunct_byname.cc execution test
XPASS: 22_locale/numpunct_members_char.cc execution test
XPASS: 22_locale/numpunct_members_wchar_t.cc execution test
XPASS: 22_locale/time_get_members_char.cc execution test
XPASS: 22_locale/time_get_members_wchar_t.cc execution test
XPASS: 22_locale/time_put_members_char.cc execution test
XPASS: 22_locale/time_put_members_wchar_t.cc execution test
FAIL: 26_numerics/c99_classification_macros_c.cc (test for excess errors)

		=== libstdc++-v3 Summary ===

# of expected passes		419
# of unexpected failures	1
# of unexpected successes	24
# of expected failures		3
		=== g++ tests ===


Running target unix
FAIL: g++.dg/warn/Wunused-2.C  (test for warnings, line 5)
FAIL: g++.dg/tls/diag-1.C (test for excess errors)
FAIL: g++.dg/tls/diag-2.C  (test for errors, line 3)
FAIL: g++.dg/tls/diag-2.C  (test for errors, line 4)
FAIL: g++.dg/tls/diag-2.C  (test for errors, line 12)
FAIL: g++.dg/tls/diag-2.C (test for excess errors)
FAIL: g++.dg/tls/init-2.C (test for excess errors)
XPASS: g++.bugs/900404_04.C , (test for errors, line 15)
XPASS: g++.jason/access8.C cannot convert to inh (test for errors, line 28)
XPASS: g++.jason/ambig3.C - late parsing (test for bogus messages, line 12)
XPASS: g++.jason/ambig3.C - late parsing (test for bogus messages, line 14)
XPASS: g++.other/access6.C - private - (test for bogus messages, line 9)
XPASS: g++.other/access6.C - redeclared - (test for bogus messages, line 11)
XPASS: g++.other/access6.C - private - (test for bogus messages, line 14)
XPASS: g++.other/decl1.C (test for excess errors)
XPASS: g++.other/decl5.C ::Q not a member of B (test for errors, line 34)
XPASS: g++.other/init5.C  Execution test
XPASS: g++.pt/typename12.C (test for excess errors)
XPASS: g++.pt/typename12.C  Execution test

		=== g++ Summary ===

# of expected passes		8101
# of unexpected failures	7
# of unexpected successes	12
# of expected failures		71
# of untested testcases		9
# of unsupported tests		3
/home/pme/build/build-2002-12-30-trunk/gcc/testsuite/../g++ version 3.4 20021230 (experimental)


Compiler version: 3.420021230(experimental) 
Platform: i686-pc-linux-gnu


Index Nav: [Date Index] [Subject Index] [Author Index] [Thread Index]
Message Nav: [Date Prev] [Date Next] [Thread Prev] [Thread Next]